{"version":"1.0","provider_name":"","provider_url":"https:\/\/futbolhoy.co","author_name":"Laura Hern\u00e1ndez","author_url":"https:\/\/futbolhoy.co\/index.php\/author\/laura-hernandez\/","title":"Doble rugido del \u201cTigre\u201d en Francia -","type":"rich","width":600,"height":338,"html":"<blockquote class=\"wp-embedded-content\" data-secret=\"NFdTyixOhB\"><a href=\"https:\/\/futbolhoy.co\/index.php\/2018\/01\/31\/doble-rugido-del-tigre-en-francia\/\">Doble rugido del \u201cTigre\u201d en Francia<\/a><\/blockquote><iframe sandbox=\"allow-scripts\" security=\"restricted\" src=\"https:\/\/futbolhoy.co\/index.php\/2018\/01\/31\/doble-rugido-del-tigre-en-francia\/embed\/#?secret=NFdTyixOhB\" width=\"600\" height=\"338\" title=\"\u00abDoble rugido del \u201cTigre\u201d en Francia\u00bb \u2014 \" data-secret=\"NFdTyixOhB\" frameborder=\"0\" marginwidth=\"0\" marginheight=\"0\" scrolling=\"no\" class=\"wp-embedded-content\"><\/iframe><script>\n\/*! This file is auto-generated *\/\n!function(d,l){\"use strict\";l.querySelector&&d.addEventListener&&\"undefined\"!=typeof URL&&(d.wp=d.wp||{},d.wp.receiveEmbedMessage||(d.wp.receiveEmbedMessage=function(e){var t=e.data;if((t||t.secret||t.message||t.value)&&!\/[^a-zA-Z0-9]\/.test(t.secret)){for(var s,r,n,a=l.querySelectorAll('iframe[data-secret=\"'+t.secret+'\"]'),o=l.querySelectorAll('blockquote[data-secret=\"'+t.secret+'\"]'),c=new RegExp(\"^https?:$\",\"i\"),i=0;i<o.length;i++)o[i].style.display=\"none\";for(i=0;i<a.length;i++)s=a[i],e.source===s.contentWindow&&(s.removeAttribute(\"style\"),\"height\"===t.message?(1e3<(r=parseInt(t.value,10))?r=1e3:~~r<200&&(r=200),s.height=r):\"link\"===t.message&&(r=new URL(s.getAttribute(\"src\")),n=new URL(t.value),c.test(n.protocol))&&n.host===r.host&&l.activeElement===s&&(d.top.location.href=t.value))}},d.addEventListener(\"message\",d.wp.receiveEmbedMessage,!1),l.addEventListener(\"DOMContentLoaded\",function(){for(var e,t,s=l.querySelectorAll(\"iframe.wp-embedded-content\"),r=0;r<s.length;r++)(t=(e=s[r]).getAttribute(\"data-secret\"))||(t=Math.random().toString(36).substring(2,12),e.src+=\"#?secret=\"+t,e.setAttribute(\"data-secret\",t)),e.contentWindow.postMessage({message:\"ready\",secret:t},\"*\")},!1)))}(window,document);\n\/\/# sourceURL=https:\/\/futbolhoy.co\/wp-includes\/js\/wp-embed.min.js\n<\/script>\n","thumbnail_url":"https:\/\/futbolhoy.co\/wp-content\/uploads\/2018\/01\/DU54t10WAAAJSTU.jpg","thumbnail_width":1200,"thumbnail_height":799,"description":"Con doblete del colombiano Radamel Falcao Garc\u00eda, M\u00f3naco derrot\u00f3 2-0 al Montpellier y se clasific\u00f3 para la final de la Copa de la Liga francesa, en la que se enfrentar\u00e1 al Par\u00eds Saint Germain. El primer tanto naci\u00f3 en una jugada del lateral Djibil Sidib\u00e9 por la derecha, Falcao super\u00f3 al arquero rival de un [&hellip;]"}

Laura Hernández

Con doblete del colombiano Radamel Falcao García, Mónaco derrotó 2-0 al Montpellier y se clasificó para la final de la Copa de la Liga francesa, en la que se enfrentará al París Saint Germain. El primer tanto nació en una jugada del lateral Djibil Sidibé por la derecha, Falcao superó al arquero rival de un [&hellip;]
