{"version":"1.0","provider_name":"","provider_url":"https:\/\/futbolhoy.co","title":"Colombia practic\u00f3 con el grupo completo -","type":"rich","width":600,"height":338,"html":"<blockquote class=\"wp-embedded-content\" data-secret=\"ZGVscehDxK\"><a href=\"https:\/\/futbolhoy.co\/index.php\/2018\/03\/21\/colombia-practico-con-el-grupo-completo\/\">Colombia practic\u00f3 con el grupo completo<\/a><\/blockquote><iframe sandbox=\"allow-scripts\" security=\"restricted\" src=\"https:\/\/futbolhoy.co\/index.php\/2018\/03\/21\/colombia-practico-con-el-grupo-completo\/embed\/#?secret=ZGVscehDxK\" width=\"600\" height=\"338\" title=\"\u00abColombia practic\u00f3 con el grupo completo\u00bb \u2014 \" data-secret=\"ZGVscehDxK\" frameborder=\"0\" marginwidth=\"0\" marginheight=\"0\" scrolling=\"no\" class=\"wp-embedded-content\"><\/iframe><script type=\"text\/javascript\">\n\/* <![CDATA[ *\/\n\/*! This file is auto-generated *\/\n!function(d,l){\"use strict\";l.querySelector&&d.addEventListener&&\"undefined\"!=typeof URL&&(d.wp=d.wp||{},d.wp.receiveEmbedMessage||(d.wp.receiveEmbedMessage=function(e){var t=e.data;if((t||t.secret||t.message||t.value)&&!\/[^a-zA-Z0-9]\/.test(t.secret)){for(var s,r,n,a=l.querySelectorAll('iframe[data-secret=\"'+t.secret+'\"]'),o=l.querySelectorAll('blockquote[data-secret=\"'+t.secret+'\"]'),c=new RegExp(\"^https?:$\",\"i\"),i=0;i<o.length;i++)o[i].style.display=\"none\";for(i=0;i<a.length;i++)s=a[i],e.source===s.contentWindow&&(s.removeAttribute(\"style\"),\"height\"===t.message?(1e3<(r=parseInt(t.value,10))?r=1e3:~~r<200&&(r=200),s.height=r):\"link\"===t.message&&(r=new URL(s.getAttribute(\"src\")),n=new URL(t.value),c.test(n.protocol))&&n.host===r.host&&l.activeElement===s&&(d.top.location.href=t.value))}},d.addEventListener(\"message\",d.wp.receiveEmbedMessage,!1),l.addEventListener(\"DOMContentLoaded\",function(){for(var e,t,s=l.querySelectorAll(\"iframe.wp-embedded-content\"),r=0;r<s.length;r++)(t=(e=s[r]).getAttribute(\"data-secret\"))||(t=Math.random().toString(36).substring(2,12),e.src+=\"#?secret=\"+t,e.setAttribute(\"data-secret\",t)),e.contentWindow.postMessage({message:\"ready\",secret:t},\"*\")},!1)))}(window,document);\n\/* ]]> *\/\n<\/script>\n","thumbnail_url":"https:\/\/futbolhoy.co\/wp-content\/uploads\/2018\/03\/Martes_afuera.jpg","thumbnail_width":890,"thumbnail_height":534,"description":"El volante del Espanyol de Barcelona, Carlos S\u00e1nchez, se recuper\u00f3 de un problema muscular y entren\u00f3 con normalidad con el resto de sus compa\u00f1eros en la tercera pr\u00e1ctica de Colombia en Chantilly, por lo que podr\u00e1 ser tenido en cuenta para el partido del viernes contra Francia. Al grupo, adem\u00e1s, se sumaron Yimmi Char\u00e1 y [&hellip;]"}

Colombia practicó con el grupo completo -

<blockquote class="wp-embedded-content" data-secret="ZGVscehDxK"><a href="https://futbolhoy.co/index.php/2018/03/21/colombia-practico-con-el-grupo-completo/">Colombia practicó con el grupo completo</a></blockquote><iframe sandbox="allow-scripts" security="restricted" src="https://futbolhoy.co/index.php/2018/03/21/colombia-practico-con-el-grupo-completo/embed/#?secret=ZGVscehDxK" width="600" height="338" title="«Colombia practicó con el grupo completo» — " data-secret="ZGVscehDxK" frameborder="0" marginwidth="0" marginheight="0" scrolling="no" class="wp-embedded-content"></iframe><script type="text/javascript">
/* <![CDATA[ */
/*! This file is auto-generated */
!function(d,l){"use strict";l.querySelector&&d.addEventListener&&"undefined"!=typeof URL&&(d.wp=d.wp||{},d.wp.receiveEmbedMessage||(d.wp.receiveEmbedMessage=function(e){var t=e.data;if((t||t.secret||t.message||t.value)&&!/[^a-zA-Z0-9]/.test(t.secret)){for(var s,r,n,a=l.querySelectorAll('iframe[data-secret="'+t.secret+'"]'),o=l.querySelectorAll('blockquote[data-secret="'+t.secret+'"]'),c=new RegExp("^https?:$","i"),i=0;i<o.length;i++)o[i].style.display="none";for(i=0;i<a.length;i++)s=a[i],e.source===s.contentWindow&&(s.removeAttribute("style"),"height"===t.message?(1e3<(r=parseInt(t.value,10))?r=1e3:~~r<200&&(r=200),s.height=r):"link"===t.message&&(r=new URL(s.getAttribute("src")),n=new URL(t.value),c.test(n.protocol))&&n.host===r.host&&l.activeElement===s&&(d.top.location.href=t.value))}},d.addEventListener("message",d.wp.receiveEmbedMessage,!1),l.addEventListener("DOMContentLoaded",function(){for(var e,t,s=l.querySelectorAll("iframe.wp-embedded-content"),r=0;r<s.length;r++)(t=(e=s[r]).getAttribute("data-secret"))||(t=Math.random().toString(36).substring(2,12),e.src+="#?secret="+t,e.setAttribute("data-secret",t)),e.contentWindow.postMessage({message:"ready",secret:t},"*")},!1)))}(window,document);
/* ]]> */
</script>

El volante del Espanyol de Barcelona, Carlos Sánchez, se recuperó de un problema muscular y entrenó con normalidad con el resto de sus compañeros en la tercera práctica de Colombia en Chantilly, por lo que podrá ser tenido en cuenta para el partido del viernes contra Francia. Al grupo, además, se sumaron Yimmi Chará y [&hellip;]
