{"version":"1.0","provider_name":"","provider_url":"https:\/\/futbolhoy.co","title":"Wenger deja el banquillo del Arsenal -","type":"rich","width":600,"height":338,"html":"<blockquote class=\"wp-embedded-content\" data-secret=\"sRrJP7x1lI\"><a href=\"https:\/\/futbolhoy.co\/index.php\/2018\/04\/20\/wenger-deja-el-banquillo-del-arsenal\/\">Wenger deja el banquillo del Arsenal<\/a><\/blockquote><iframe sandbox=\"allow-scripts\" security=\"restricted\" src=\"https:\/\/futbolhoy.co\/index.php\/2018\/04\/20\/wenger-deja-el-banquillo-del-arsenal\/embed\/#?secret=sRrJP7x1lI\" width=\"600\" height=\"338\" title=\"\u00abWenger deja el banquillo del Arsenal\u00bb \u2014 \" data-secret=\"sRrJP7x1lI\" frameborder=\"0\" marginwidth=\"0\" marginheight=\"0\" scrolling=\"no\" class=\"wp-embedded-content\"><\/iframe><script type=\"text\/javascript\">\n\/* <![CDATA[ *\/\n\/*! This file is auto-generated *\/\n!function(d,l){\"use strict\";l.querySelector&&d.addEventListener&&\"undefined\"!=typeof URL&&(d.wp=d.wp||{},d.wp.receiveEmbedMessage||(d.wp.receiveEmbedMessage=function(e){var t=e.data;if((t||t.secret||t.message||t.value)&&!\/[^a-zA-Z0-9]\/.test(t.secret)){for(var s,r,n,a=l.querySelectorAll('iframe[data-secret=\"'+t.secret+'\"]'),o=l.querySelectorAll('blockquote[data-secret=\"'+t.secret+'\"]'),c=new RegExp(\"^https?:$\",\"i\"),i=0;i<o.length;i++)o[i].style.display=\"none\";for(i=0;i<a.length;i++)s=a[i],e.source===s.contentWindow&&(s.removeAttribute(\"style\"),\"height\"===t.message?(1e3<(r=parseInt(t.value,10))?r=1e3:~~r<200&&(r=200),s.height=r):\"link\"===t.message&&(r=new URL(s.getAttribute(\"src\")),n=new URL(t.value),c.test(n.protocol))&&n.host===r.host&&l.activeElement===s&&(d.top.location.href=t.value))}},d.addEventListener(\"message\",d.wp.receiveEmbedMessage,!1),l.addEventListener(\"DOMContentLoaded\",function(){for(var e,t,s=l.querySelectorAll(\"iframe.wp-embedded-content\"),r=0;r<s.length;r++)(t=(e=s[r]).getAttribute(\"data-secret\"))||(t=Math.random().toString(36).substring(2,12),e.src+=\"#?secret=\"+t,e.setAttribute(\"data-secret\",t)),e.contentWindow.postMessage({message:\"ready\",secret:t},\"*\")},!1)))}(window,document);\n\/* ]]> *\/\n<\/script>\n","thumbnail_url":"https:\/\/futbolhoy.co\/wp-content\/uploads\/2018\/04\/Wenge.jpg","thumbnail_width":1200,"thumbnail_height":828,"description":"El franc\u00e9s\u00a0Arsene Wenger, de 68 a\u00f1os,\u00a0dejar\u00e1 al final de la temporada el cargo de director t\u00e9cnico del Arsenal de Inglaterra, donde milita el arquero colombiano\u00a0David Ospina, luego de 22 a\u00f1os al frente del equipo, donde alcanz\u00f3 tres t\u00edtulos de Liga Premier, siete de la FA Cup y siete de la\u00a0Community Shield\u00a0(Supercopa de Inglaterra) Bajo las [&hellip;]"}

El francés Arsene Wenger, de 68 años, dejará al final de la temporada el cargo de director técnico del Arsenal de Inglaterra, donde milita el arquero colombiano David Ospina, luego de 22 años al frente del equipo, donde alcanzó tres títulos de Liga Premier, siete de la FA Cup y siete de la Community Shield (Supercopa de Inglaterra) Bajo las [&hellip;]
