{"version":"1.0","provider_name":"","provider_url":"https:\/\/futbolhoy.co","title":"Cali quiere adelantarse como local ante Nacional -","type":"rich","width":600,"height":338,"html":"<blockquote class=\"wp-embedded-content\" data-secret=\"p7siAa7CnD\"><a href=\"https:\/\/futbolhoy.co\/index.php\/2018\/05\/12\/cali-quiere-adelantarse-como-local-ante-nacional\/\">Cali quiere adelantarse como local ante Nacional<\/a><\/blockquote><iframe sandbox=\"allow-scripts\" security=\"restricted\" src=\"https:\/\/futbolhoy.co\/index.php\/2018\/05\/12\/cali-quiere-adelantarse-como-local-ante-nacional\/embed\/#?secret=p7siAa7CnD\" width=\"600\" height=\"338\" title=\"\u00abCali quiere adelantarse como local ante Nacional\u00bb \u2014 \" data-secret=\"p7siAa7CnD\" frameborder=\"0\" marginwidth=\"0\" marginheight=\"0\" scrolling=\"no\" class=\"wp-embedded-content\"><\/iframe><script type=\"text\/javascript\">\n\/* <![CDATA[ *\/\n\/*! This file is auto-generated *\/\n!function(d,l){\"use strict\";l.querySelector&&d.addEventListener&&\"undefined\"!=typeof URL&&(d.wp=d.wp||{},d.wp.receiveEmbedMessage||(d.wp.receiveEmbedMessage=function(e){var t=e.data;if((t||t.secret||t.message||t.value)&&!\/[^a-zA-Z0-9]\/.test(t.secret)){for(var s,r,n,a=l.querySelectorAll('iframe[data-secret=\"'+t.secret+'\"]'),o=l.querySelectorAll('blockquote[data-secret=\"'+t.secret+'\"]'),c=new RegExp(\"^https?:$\",\"i\"),i=0;i<o.length;i++)o[i].style.display=\"none\";for(i=0;i<a.length;i++)s=a[i],e.source===s.contentWindow&&(s.removeAttribute(\"style\"),\"height\"===t.message?(1e3<(r=parseInt(t.value,10))?r=1e3:~~r<200&&(r=200),s.height=r):\"link\"===t.message&&(r=new URL(s.getAttribute(\"src\")),n=new URL(t.value),c.test(n.protocol))&&n.host===r.host&&l.activeElement===s&&(d.top.location.href=t.value))}},d.addEventListener(\"message\",d.wp.receiveEmbedMessage,!1),l.addEventListener(\"DOMContentLoaded\",function(){for(var e,t,s=l.querySelectorAll(\"iframe.wp-embedded-content\"),r=0;r<s.length;r++)(t=(e=s[r]).getAttribute(\"data-secret\"))||(t=Math.random().toString(36).substring(2,12),e.src+=\"#?secret=\"+t,e.setAttribute(\"data-secret\",t)),e.contentWindow.postMessage({message:\"ready\",secret:t},\"*\")},!1)))}(window,document);\n\/* ]]> *\/\n<\/script>\n","thumbnail_url":"https:\/\/futbolhoy.co\/wp-content\/uploads\/2018\/05\/DcyrQuxWkAAXnLf.jpg","thumbnail_width":1200,"thumbnail_height":797,"description":"Cali, que dirige el uruguayo\u00a0Gerardo Pelusso\u00a0y que est\u00e1 clasificado a la segunda ronda de Copa Suramericana, buscar\u00e1 romper este s\u00e1bado la supremac\u00eda del\u00a0Atl\u00e9tico Nacional, que termin\u00f3 l\u00edder de la fase regular. Los \u201cazucareros\u201d no podr\u00e1n contar, por lesi\u00f3n, con los volantes\u00a0Andr\u00e9s Roa\u00a0y\u00a0Kevin Balanta, mientras que\u00a0Abel Aguilar\u00a0regresa luego de cumplir una fecha de sanci\u00f3n. Entretanto, los [&hellip;]"}

Cali, que dirige el uruguayo Gerardo Pelusso y que está clasificado a la segunda ronda de Copa Suramericana, buscará romper este sábado la supremacía del Atlético Nacional, que terminó líder de la fase regular. Los “azucareros” no podrán contar, por lesión, con los volantes Andrés Roa y Kevin Balanta, mientras que Abel Aguilar regresa luego de cumplir una fecha de sanción. Entretanto, los [&hellip;]
