{"version":"1.0","provider_name":"","provider_url":"https:\/\/futbolhoy.co","title":"Dimayor ratific\u00f3 sanci\u00f3n al Once Caldas -","type":"rich","width":600,"height":338,"html":"<blockquote class=\"wp-embedded-content\" data-secret=\"DAoXLLJ8Rw\"><a href=\"https:\/\/futbolhoy.co\/index.php\/2018\/11\/28\/dimayor-ratifico-sancion-al-once-caldas\/\">Dimayor ratific\u00f3 sanci\u00f3n al Once Caldas<\/a><\/blockquote><iframe sandbox=\"allow-scripts\" security=\"restricted\" src=\"https:\/\/futbolhoy.co\/index.php\/2018\/11\/28\/dimayor-ratifico-sancion-al-once-caldas\/embed\/#?secret=DAoXLLJ8Rw\" width=\"600\" height=\"338\" title=\"\u00abDimayor ratific\u00f3 sanci\u00f3n al Once Caldas\u00bb \u2014 \" data-secret=\"DAoXLLJ8Rw\" frameborder=\"0\" marginwidth=\"0\" marginheight=\"0\" scrolling=\"no\" class=\"wp-embedded-content\"><\/iframe><script type=\"text\/javascript\">\n\/* <![CDATA[ *\/\n\/*! This file is auto-generated *\/\n!function(d,l){\"use strict\";l.querySelector&&d.addEventListener&&\"undefined\"!=typeof URL&&(d.wp=d.wp||{},d.wp.receiveEmbedMessage||(d.wp.receiveEmbedMessage=function(e){var t=e.data;if((t||t.secret||t.message||t.value)&&!\/[^a-zA-Z0-9]\/.test(t.secret)){for(var s,r,n,a=l.querySelectorAll('iframe[data-secret=\"'+t.secret+'\"]'),o=l.querySelectorAll('blockquote[data-secret=\"'+t.secret+'\"]'),c=new RegExp(\"^https?:$\",\"i\"),i=0;i<o.length;i++)o[i].style.display=\"none\";for(i=0;i<a.length;i++)s=a[i],e.source===s.contentWindow&&(s.removeAttribute(\"style\"),\"height\"===t.message?(1e3<(r=parseInt(t.value,10))?r=1e3:~~r<200&&(r=200),s.height=r):\"link\"===t.message&&(r=new URL(s.getAttribute(\"src\")),n=new URL(t.value),c.test(n.protocol))&&n.host===r.host&&l.activeElement===s&&(d.top.location.href=t.value))}},d.addEventListener(\"message\",d.wp.receiveEmbedMessage,!1),l.addEventListener(\"DOMContentLoaded\",function(){for(var e,t,s=l.querySelectorAll(\"iframe.wp-embedded-content\"),r=0;r<s.length;r++)(t=(e=s[r]).getAttribute(\"data-secret\"))||(t=Math.random().toString(36).substring(2,12),e.src+=\"#?secret=\"+t,e.setAttribute(\"data-secret\",t)),e.contentWindow.postMessage({message:\"ready\",secret:t},\"*\")},!1)))}(window,document);\n\/* ]]> *\/\n<\/script>\n","thumbnail_url":"https:\/\/futbolhoy.co\/wp-content\/uploads\/2018\/10\/DojUWGNXsAEVS8d.jpg","thumbnail_width":1200,"thumbnail_height":800,"description":"La Dimayor confirm\u00f3 la sanci\u00f3n de tres fechas al estadio Palogrande de Manizales para el Once Caldas por el mal comportamiento del p\u00fablico en el partido contra el Rionegro por la vuelta de los cuartos de final de la Liga \u00c1guila II. Adem\u00e1s, determin\u00f3 que la tribuna sur del estadio de Palmaseca para el Deportivo [&hellip;]"}

Dimayor ratificó sanción al Once Caldas -

<blockquote class="wp-embedded-content" data-secret="DAoXLLJ8Rw"><a href="https://futbolhoy.co/index.php/2018/11/28/dimayor-ratifico-sancion-al-once-caldas/">Dimayor ratificó sanción al Once Caldas</a></blockquote><iframe sandbox="allow-scripts" security="restricted" src="https://futbolhoy.co/index.php/2018/11/28/dimayor-ratifico-sancion-al-once-caldas/embed/#?secret=DAoXLLJ8Rw" width="600" height="338" title="«Dimayor ratificó sanción al Once Caldas» — " data-secret="DAoXLLJ8Rw" frameborder="0" marginwidth="0" marginheight="0" scrolling="no" class="wp-embedded-content"></iframe><script type="text/javascript">
/* <![CDATA[ */
/*! This file is auto-generated */
!function(d,l){"use strict";l.querySelector&&d.addEventListener&&"undefined"!=typeof URL&&(d.wp=d.wp||{},d.wp.receiveEmbedMessage||(d.wp.receiveEmbedMessage=function(e){var t=e.data;if((t||t.secret||t.message||t.value)&&!/[^a-zA-Z0-9]/.test(t.secret)){for(var s,r,n,a=l.querySelectorAll('iframe[data-secret="'+t.secret+'"]'),o=l.querySelectorAll('blockquote[data-secret="'+t.secret+'"]'),c=new RegExp("^https?:$","i"),i=0;i<o.length;i++)o[i].style.display="none";for(i=0;i<a.length;i++)s=a[i],e.source===s.contentWindow&&(s.removeAttribute("style"),"height"===t.message?(1e3<(r=parseInt(t.value,10))?r=1e3:~~r<200&&(r=200),s.height=r):"link"===t.message&&(r=new URL(s.getAttribute("src")),n=new URL(t.value),c.test(n.protocol))&&n.host===r.host&&l.activeElement===s&&(d.top.location.href=t.value))}},d.addEventListener("message",d.wp.receiveEmbedMessage,!1),l.addEventListener("DOMContentLoaded",function(){for(var e,t,s=l.querySelectorAll("iframe.wp-embedded-content"),r=0;r<s.length;r++)(t=(e=s[r]).getAttribute("data-secret"))||(t=Math.random().toString(36).substring(2,12),e.src+="#?secret="+t,e.setAttribute("data-secret",t)),e.contentWindow.postMessage({message:"ready",secret:t},"*")},!1)))}(window,document);
/* ]]> */
</script>

La Dimayor confirmó la sanción de tres fechas al estadio Palogrande de Manizales para el Once Caldas por el mal comportamiento del público en el partido contra el Rionegro por la vuelta de los cuartos de final de la Liga Águila II. Además, determinó que la tribuna sur del estadio de Palmaseca para el Deportivo [&hellip;]
