{"version":"1.0","provider_name":"","provider_url":"https:\/\/futbolhoy.co","title":"Queiroz en Libertad para negociar con Colombia -","type":"rich","width":600,"height":338,"html":"<blockquote class=\"wp-embedded-content\" data-secret=\"vPoKLJVBzT\"><a href=\"https:\/\/futbolhoy.co\/index.php\/2019\/01\/28\/queiroz-en-libertad-para-negociar-con-colombia\/\">Queiroz en Libertad para negociar con Colombia<\/a><\/blockquote><iframe sandbox=\"allow-scripts\" security=\"restricted\" src=\"https:\/\/futbolhoy.co\/index.php\/2019\/01\/28\/queiroz-en-libertad-para-negociar-con-colombia\/embed\/#?secret=vPoKLJVBzT\" width=\"600\" height=\"338\" title=\"\u00abQueiroz en Libertad para negociar con Colombia\u00bb \u2014 \" data-secret=\"vPoKLJVBzT\" frameborder=\"0\" marginwidth=\"0\" marginheight=\"0\" scrolling=\"no\" class=\"wp-embedded-content\"><\/iframe><script type=\"text\/javascript\">\n\/* <![CDATA[ *\/\n\/*! This file is auto-generated *\/\n!function(d,l){\"use strict\";l.querySelector&&d.addEventListener&&\"undefined\"!=typeof URL&&(d.wp=d.wp||{},d.wp.receiveEmbedMessage||(d.wp.receiveEmbedMessage=function(e){var t=e.data;if((t||t.secret||t.message||t.value)&&!\/[^a-zA-Z0-9]\/.test(t.secret)){for(var s,r,n,a=l.querySelectorAll('iframe[data-secret=\"'+t.secret+'\"]'),o=l.querySelectorAll('blockquote[data-secret=\"'+t.secret+'\"]'),c=new RegExp(\"^https?:$\",\"i\"),i=0;i<o.length;i++)o[i].style.display=\"none\";for(i=0;i<a.length;i++)s=a[i],e.source===s.contentWindow&&(s.removeAttribute(\"style\"),\"height\"===t.message?(1e3<(r=parseInt(t.value,10))?r=1e3:~~r<200&&(r=200),s.height=r):\"link\"===t.message&&(r=new URL(s.getAttribute(\"src\")),n=new URL(t.value),c.test(n.protocol))&&n.host===r.host&&l.activeElement===s&&(d.top.location.href=t.value))}},d.addEventListener(\"message\",d.wp.receiveEmbedMessage,!1),l.addEventListener(\"DOMContentLoaded\",function(){for(var e,t,s=l.querySelectorAll(\"iframe.wp-embedded-content\"),r=0;r<s.length;r++)(t=(e=s[r]).getAttribute(\"data-secret\"))||(t=Math.random().toString(36).substring(2,12),e.src+=\"#?secret=\"+t,e.setAttribute(\"data-secret\",t)),e.contentWindow.postMessage({message:\"ready\",secret:t},\"*\")},!1)))}(window,document);\n\/* ]]> *\/\n<\/script>\n","thumbnail_url":"https:\/\/futbolhoy.co\/wp-content\/uploads\/2019\/01\/Dgh8D93WsAEhkqQ.jpg","thumbnail_width":1200,"thumbnail_height":1200,"description":"El t\u00e9cnico portugu\u00e9s, Carlos Queiroz, qued\u00f3 en libertad para negociar con Colombia su vinculaci\u00f3n como seleccionador nacional, tras la eliminaci\u00f3n de la Copa de f\u00fatbol de Asia. Ir\u00e1n, dirigida por Queiroz, cay\u00f3 en semifinales 3-0 ante Jap\u00f3n y qued\u00f3 al margen del torneo. El entrenador en la rueda de prensa, tras el juego, dijo:\u00a0\u201cEste es [&hellip;]"}

El técnico portugués, Carlos Queiroz, quedó en libertad para negociar con Colombia su vinculación como seleccionador nacional, tras la eliminación de la Copa de fútbol de Asia. Irán, dirigida por Queiroz, cayó en semifinales 3-0 ante Japón y quedó al margen del torneo. El entrenador en la rueda de prensa, tras el juego, dijo: “Este es [&hellip;]
