{"version":"1.0","provider_name":"","provider_url":"https:\/\/futbolhoy.co","title":"Benedetti llegar\u00e1 al 'nido' -","type":"rich","width":600,"height":338,"html":"<blockquote class=\"wp-embedded-content\" data-secret=\"BOoUXSMJJH\"><a href=\"https:\/\/futbolhoy.co\/index.php\/2019\/01\/29\/benedetti-llegara-al-nido\/\">Benedetti llegar\u00e1 al 'nido'<\/a><\/blockquote><iframe sandbox=\"allow-scripts\" security=\"restricted\" src=\"https:\/\/futbolhoy.co\/index.php\/2019\/01\/29\/benedetti-llegara-al-nido\/embed\/#?secret=BOoUXSMJJH\" width=\"600\" height=\"338\" title=\"\u00abBenedetti llegar\u00e1 al &#039;nido&#039;\u00bb \u2014 \" data-secret=\"BOoUXSMJJH\" frameborder=\"0\" marginwidth=\"0\" marginheight=\"0\" scrolling=\"no\" class=\"wp-embedded-content\"><\/iframe><script type=\"text\/javascript\">\n\/* <![CDATA[ *\/\n\/*! This file is auto-generated *\/\n!function(d,l){\"use strict\";l.querySelector&&d.addEventListener&&\"undefined\"!=typeof URL&&(d.wp=d.wp||{},d.wp.receiveEmbedMessage||(d.wp.receiveEmbedMessage=function(e){var t=e.data;if((t||t.secret||t.message||t.value)&&!\/[^a-zA-Z0-9]\/.test(t.secret)){for(var s,r,n,a=l.querySelectorAll('iframe[data-secret=\"'+t.secret+'\"]'),o=l.querySelectorAll('blockquote[data-secret=\"'+t.secret+'\"]'),c=new RegExp(\"^https?:$\",\"i\"),i=0;i<o.length;i++)o[i].style.display=\"none\";for(i=0;i<a.length;i++)s=a[i],e.source===s.contentWindow&&(s.removeAttribute(\"style\"),\"height\"===t.message?(1e3<(r=parseInt(t.value,10))?r=1e3:~~r<200&&(r=200),s.height=r):\"link\"===t.message&&(r=new URL(s.getAttribute(\"src\")),n=new URL(t.value),c.test(n.protocol))&&n.host===r.host&&l.activeElement===s&&(d.top.location.href=t.value))}},d.addEventListener(\"message\",d.wp.receiveEmbedMessage,!1),l.addEventListener(\"DOMContentLoaded\",function(){for(var e,t,s=l.querySelectorAll(\"iframe.wp-embedded-content\"),r=0;r<s.length;r++)(t=(e=s[r]).getAttribute(\"data-secret\"))||(t=Math.random().toString(36).substring(2,12),e.src+=\"#?secret=\"+t,e.setAttribute(\"data-secret\",t)),e.contentWindow.postMessage({message:\"ready\",secret:t},\"*\")},!1)))}(window,document);\n\/* ]]> *\/\n<\/script>\n","thumbnail_url":"https:\/\/futbolhoy.co\/wp-content\/uploads\/2019\/01\/IMG_20190129_121932.jpg","thumbnail_width":1024,"thumbnail_height":600,"description":"El volante creativo colombiano\u00a0Nicol\u00e1s Benedetti\u00a0tendr\u00eda su futuro en las\u00a0\u00c1guilas del Am\u00e9rica\u00a0en M\u00e9xico, club al cual llegar\u00eda en venta, aunque el\u00a0Deportivo Cali\u00a0se reservar\u00e1 el 30 % de sus derechos deportivos. Benedetti tuvo adelantadas conversaciones para llegar a la\u00a0MLS\u00a0al\u00a0Minnesota United\u00a0y tambi\u00e9n se especul\u00f3 con el inter\u00e9s de\u00a0Independiente de Avellaneda. El jugador colombiano, de 21 a\u00f1os, fue el [&hellip;]"}

Benedetti llegará al 'nido' -

<blockquote class="wp-embedded-content" data-secret="BOoUXSMJJH"><a href="https://futbolhoy.co/index.php/2019/01/29/benedetti-llegara-al-nido/">Benedetti llegará al 'nido'</a></blockquote><iframe sandbox="allow-scripts" security="restricted" src="https://futbolhoy.co/index.php/2019/01/29/benedetti-llegara-al-nido/embed/#?secret=BOoUXSMJJH" width="600" height="338" title="«Benedetti llegará al &#039;nido&#039;» — " data-secret="BOoUXSMJJH" frameborder="0" marginwidth="0" marginheight="0" scrolling="no" class="wp-embedded-content"></iframe><script type="text/javascript">
/* <![CDATA[ */
/*! This file is auto-generated */
!function(d,l){"use strict";l.querySelector&&d.addEventListener&&"undefined"!=typeof URL&&(d.wp=d.wp||{},d.wp.receiveEmbedMessage||(d.wp.receiveEmbedMessage=function(e){var t=e.data;if((t||t.secret||t.message||t.value)&&!/[^a-zA-Z0-9]/.test(t.secret)){for(var s,r,n,a=l.querySelectorAll('iframe[data-secret="'+t.secret+'"]'),o=l.querySelectorAll('blockquote[data-secret="'+t.secret+'"]'),c=new RegExp("^https?:$","i"),i=0;i<o.length;i++)o[i].style.display="none";for(i=0;i<a.length;i++)s=a[i],e.source===s.contentWindow&&(s.removeAttribute("style"),"height"===t.message?(1e3<(r=parseInt(t.value,10))?r=1e3:~~r<200&&(r=200),s.height=r):"link"===t.message&&(r=new URL(s.getAttribute("src")),n=new URL(t.value),c.test(n.protocol))&&n.host===r.host&&l.activeElement===s&&(d.top.location.href=t.value))}},d.addEventListener("message",d.wp.receiveEmbedMessage,!1),l.addEventListener("DOMContentLoaded",function(){for(var e,t,s=l.querySelectorAll("iframe.wp-embedded-content"),r=0;r<s.length;r++)(t=(e=s[r]).getAttribute("data-secret"))||(t=Math.random().toString(36).substring(2,12),e.src+="#?secret="+t,e.setAttribute("data-secret",t)),e.contentWindow.postMessage({message:"ready",secret:t},"*")},!1)))}(window,document);
/* ]]> */
</script>

El volante creativo colombiano Nicolás Benedetti tendría su futuro en las Águilas del América en México, club al cual llegaría en venta, aunque el Deportivo Cali se reservará el 30 % de sus derechos deportivos. Benedetti tuvo adelantadas conversaciones para llegar a la MLS al Minnesota United y también se especuló con el interés de Independiente de Avellaneda. El jugador colombiano, de 21 años, fue el [&hellip;]
