{"version":"1.0","provider_name":"","provider_url":"https:\/\/futbolhoy.co","title":"Neymar 10 semanas fuera -","type":"rich","width":600,"height":338,"html":"<blockquote class=\"wp-embedded-content\" data-secret=\"HGYddAATTR\"><a href=\"https:\/\/futbolhoy.co\/index.php\/2019\/01\/30\/neymar-10-semanas-fuera\/\">Neymar 10 semanas fuera<\/a><\/blockquote><iframe sandbox=\"allow-scripts\" security=\"restricted\" src=\"https:\/\/futbolhoy.co\/index.php\/2019\/01\/30\/neymar-10-semanas-fuera\/embed\/#?secret=HGYddAATTR\" width=\"600\" height=\"338\" title=\"\u00abNeymar 10 semanas fuera\u00bb \u2014 \" data-secret=\"HGYddAATTR\" frameborder=\"0\" marginwidth=\"0\" marginheight=\"0\" scrolling=\"no\" class=\"wp-embedded-content\"><\/iframe><script type=\"text\/javascript\">\n\/* <![CDATA[ *\/\n\/*! This file is auto-generated *\/\n!function(d,l){\"use strict\";l.querySelector&&d.addEventListener&&\"undefined\"!=typeof URL&&(d.wp=d.wp||{},d.wp.receiveEmbedMessage||(d.wp.receiveEmbedMessage=function(e){var t=e.data;if((t||t.secret||t.message||t.value)&&!\/[^a-zA-Z0-9]\/.test(t.secret)){for(var s,r,n,a=l.querySelectorAll('iframe[data-secret=\"'+t.secret+'\"]'),o=l.querySelectorAll('blockquote[data-secret=\"'+t.secret+'\"]'),c=new RegExp(\"^https?:$\",\"i\"),i=0;i<o.length;i++)o[i].style.display=\"none\";for(i=0;i<a.length;i++)s=a[i],e.source===s.contentWindow&&(s.removeAttribute(\"style\"),\"height\"===t.message?(1e3<(r=parseInt(t.value,10))?r=1e3:~~r<200&&(r=200),s.height=r):\"link\"===t.message&&(r=new URL(s.getAttribute(\"src\")),n=new URL(t.value),c.test(n.protocol))&&n.host===r.host&&l.activeElement===s&&(d.top.location.href=t.value))}},d.addEventListener(\"message\",d.wp.receiveEmbedMessage,!1),l.addEventListener(\"DOMContentLoaded\",function(){for(var e,t,s=l.querySelectorAll(\"iframe.wp-embedded-content\"),r=0;r<s.length;r++)(t=(e=s[r]).getAttribute(\"data-secret\"))||(t=Math.random().toString(36).substring(2,12),e.src+=\"#?secret=\"+t,e.setAttribute(\"data-secret\",t)),e.contentWindow.postMessage({message:\"ready\",secret:t},\"*\")},!1)))}(window,document);\n\/* ]]> *\/\n<\/script>\n","thumbnail_url":"https:\/\/futbolhoy.co\/wp-content\/uploads\/2019\/01\/DxSYiWVWoAEBtAe.jpg","thumbnail_width":1200,"thumbnail_height":994,"description":"El delantero brasile\u00f1o\u00a0Neymar, del\u00a0Par\u00eds Saint-Germain, estar\u00e1 diez semanas ausente de las canchas por la lesi\u00f3n que sufri\u00f3 en el quinto metatarsiano del pie derecho, pero no ser\u00e1 operado. Neymar adelantar\u00e1 un tratamiento conservador de reposo en un problema que ya lo hizo perderse la segunda parte de la pasada temporada con el\u00a0PSG. \"Hay consenso para [&hellip;]"}

El delantero brasileño Neymar, del París Saint-Germain, estará diez semanas ausente de las canchas por la lesión que sufrió en el quinto metatarsiano del pie derecho, pero no será operado. Neymar adelantará un tratamiento conservador de reposo en un problema que ya lo hizo perderse la segunda parte de la pasada temporada con el PSG. "Hay consenso para [&hellip;]
