{"version":"1.0","provider_name":"","provider_url":"https:\/\/futbolhoy.co","title":"Nacional confirm\u00f3 paso de Cuesta al Genk belga -","type":"rich","width":600,"height":338,"html":"<blockquote class=\"wp-embedded-content\" data-secret=\"SoTcbQb98c\"><a href=\"https:\/\/futbolhoy.co\/index.php\/2019\/07\/02\/nacional-confirmo-paso-de-cuesta-al-genk-belga\/\">Nacional confirm\u00f3 paso de Cuesta al Genk belga<\/a><\/blockquote><iframe sandbox=\"allow-scripts\" security=\"restricted\" src=\"https:\/\/futbolhoy.co\/index.php\/2019\/07\/02\/nacional-confirmo-paso-de-cuesta-al-genk-belga\/embed\/#?secret=SoTcbQb98c\" width=\"600\" height=\"338\" title=\"\u00abNacional confirm\u00f3 paso de Cuesta al Genk belga\u00bb \u2014 \" data-secret=\"SoTcbQb98c\" frameborder=\"0\" marginwidth=\"0\" marginheight=\"0\" scrolling=\"no\" class=\"wp-embedded-content\"><\/iframe><script type=\"text\/javascript\">\n\/* <![CDATA[ *\/\n\/*! This file is auto-generated *\/\n!function(d,l){\"use strict\";l.querySelector&&d.addEventListener&&\"undefined\"!=typeof URL&&(d.wp=d.wp||{},d.wp.receiveEmbedMessage||(d.wp.receiveEmbedMessage=function(e){var t=e.data;if((t||t.secret||t.message||t.value)&&!\/[^a-zA-Z0-9]\/.test(t.secret)){for(var s,r,n,a=l.querySelectorAll('iframe[data-secret=\"'+t.secret+'\"]'),o=l.querySelectorAll('blockquote[data-secret=\"'+t.secret+'\"]'),c=new RegExp(\"^https?:$\",\"i\"),i=0;i<o.length;i++)o[i].style.display=\"none\";for(i=0;i<a.length;i++)s=a[i],e.source===s.contentWindow&&(s.removeAttribute(\"style\"),\"height\"===t.message?(1e3<(r=parseInt(t.value,10))?r=1e3:~~r<200&&(r=200),s.height=r):\"link\"===t.message&&(r=new URL(s.getAttribute(\"src\")),n=new URL(t.value),c.test(n.protocol))&&n.host===r.host&&l.activeElement===s&&(d.top.location.href=t.value))}},d.addEventListener(\"message\",d.wp.receiveEmbedMessage,!1),l.addEventListener(\"DOMContentLoaded\",function(){for(var e,t,s=l.querySelectorAll(\"iframe.wp-embedded-content\"),r=0;r<s.length;r++)(t=(e=s[r]).getAttribute(\"data-secret\"))||(t=Math.random().toString(36).substring(2,12),e.src+=\"#?secret=\"+t,e.setAttribute(\"data-secret\",t)),e.contentWindow.postMessage({message:\"ready\",secret:t},\"*\")},!1)))}(window,document);\n\/* ]]> *\/\n<\/script>\n","thumbnail_url":"https:\/\/futbolhoy.co\/wp-content\/uploads\/2019\/07\/CECF.jpg","thumbnail_width":1200,"thumbnail_height":675,"description":"El defensa juvenil Carlos Cuesta, quien jug\u00f3 el Mundial sub-20 de Polonia 2019 con Colombia, fue traspasado al Genk de B\u00e9lgica por Atl\u00e9tico Nacional. El central, que desde 2016 ha jugado 72 partidos oficiales con el equipo antioque\u00f1o, tendr\u00e1 su primera experiencia internacional en el Genk, vigente campe\u00f3n de B\u00e9lgica. Cuesta logr\u00f3 cinco t\u00edtulos con [&hellip;]"}

Nacional confirmó paso de Cuesta al Genk belga -

<blockquote class="wp-embedded-content" data-secret="SoTcbQb98c"><a href="https://futbolhoy.co/index.php/2019/07/02/nacional-confirmo-paso-de-cuesta-al-genk-belga/">Nacional confirmó paso de Cuesta al Genk belga</a></blockquote><iframe sandbox="allow-scripts" security="restricted" src="https://futbolhoy.co/index.php/2019/07/02/nacional-confirmo-paso-de-cuesta-al-genk-belga/embed/#?secret=SoTcbQb98c" width="600" height="338" title="«Nacional confirmó paso de Cuesta al Genk belga» — " data-secret="SoTcbQb98c" frameborder="0" marginwidth="0" marginheight="0" scrolling="no" class="wp-embedded-content"></iframe><script type="text/javascript">
/* <![CDATA[ */
/*! This file is auto-generated */
!function(d,l){"use strict";l.querySelector&&d.addEventListener&&"undefined"!=typeof URL&&(d.wp=d.wp||{},d.wp.receiveEmbedMessage||(d.wp.receiveEmbedMessage=function(e){var t=e.data;if((t||t.secret||t.message||t.value)&&!/[^a-zA-Z0-9]/.test(t.secret)){for(var s,r,n,a=l.querySelectorAll('iframe[data-secret="'+t.secret+'"]'),o=l.querySelectorAll('blockquote[data-secret="'+t.secret+'"]'),c=new RegExp("^https?:$","i"),i=0;i<o.length;i++)o[i].style.display="none";for(i=0;i<a.length;i++)s=a[i],e.source===s.contentWindow&&(s.removeAttribute("style"),"height"===t.message?(1e3<(r=parseInt(t.value,10))?r=1e3:~~r<200&&(r=200),s.height=r):"link"===t.message&&(r=new URL(s.getAttribute("src")),n=new URL(t.value),c.test(n.protocol))&&n.host===r.host&&l.activeElement===s&&(d.top.location.href=t.value))}},d.addEventListener("message",d.wp.receiveEmbedMessage,!1),l.addEventListener("DOMContentLoaded",function(){for(var e,t,s=l.querySelectorAll("iframe.wp-embedded-content"),r=0;r<s.length;r++)(t=(e=s[r]).getAttribute("data-secret"))||(t=Math.random().toString(36).substring(2,12),e.src+="#?secret="+t,e.setAttribute("data-secret",t)),e.contentWindow.postMessage({message:"ready",secret:t},"*")},!1)))}(window,document);
/* ]]> */
</script>

El defensa juvenil Carlos Cuesta, quien jugó el Mundial sub-20 de Polonia 2019 con Colombia, fue traspasado al Genk de Bélgica por Atlético Nacional. El central, que desde 2016 ha jugado 72 partidos oficiales con el equipo antioqueño, tendrá su primera experiencia internacional en el Genk, vigente campeón de Bélgica. Cuesta logró cinco títulos con [&hellip;]
