{"version":"1.0","provider_name":"","provider_url":"https:\/\/futbolhoy.co","title":"Medell\u00edn y Tolima, primeros colombianos en Libertadores -","type":"rich","width":600,"height":338,"html":"<blockquote class=\"wp-embedded-content\" data-secret=\"99KEBh6EyI\"><a href=\"https:\/\/futbolhoy.co\/index.php\/2020\/02\/04\/medellin-y-tolima-primeros-colombianos-en-libertadores\/\">Medell\u00edn y Tolima, primeros colombianos en Libertadores<\/a><\/blockquote><iframe sandbox=\"allow-scripts\" security=\"restricted\" src=\"https:\/\/futbolhoy.co\/index.php\/2020\/02\/04\/medellin-y-tolima-primeros-colombianos-en-libertadores\/embed\/#?secret=99KEBh6EyI\" width=\"600\" height=\"338\" title=\"\u00abMedell\u00edn y Tolima, primeros colombianos en Libertadores\u00bb \u2014 \" data-secret=\"99KEBh6EyI\" frameborder=\"0\" marginwidth=\"0\" marginheight=\"0\" scrolling=\"no\" class=\"wp-embedded-content\"><\/iframe><script type=\"text\/javascript\">\n\/* <![CDATA[ *\/\n\/*! This file is auto-generated *\/\n!function(d,l){\"use strict\";l.querySelector&&d.addEventListener&&\"undefined\"!=typeof URL&&(d.wp=d.wp||{},d.wp.receiveEmbedMessage||(d.wp.receiveEmbedMessage=function(e){var t=e.data;if((t||t.secret||t.message||t.value)&&!\/[^a-zA-Z0-9]\/.test(t.secret)){for(var s,r,n,a=l.querySelectorAll('iframe[data-secret=\"'+t.secret+'\"]'),o=l.querySelectorAll('blockquote[data-secret=\"'+t.secret+'\"]'),c=new RegExp(\"^https?:$\",\"i\"),i=0;i<o.length;i++)o[i].style.display=\"none\";for(i=0;i<a.length;i++)s=a[i],e.source===s.contentWindow&&(s.removeAttribute(\"style\"),\"height\"===t.message?(1e3<(r=parseInt(t.value,10))?r=1e3:~~r<200&&(r=200),s.height=r):\"link\"===t.message&&(r=new URL(s.getAttribute(\"src\")),n=new URL(t.value),c.test(n.protocol))&&n.host===r.host&&l.activeElement===s&&(d.top.location.href=t.value))}},d.addEventListener(\"message\",d.wp.receiveEmbedMessage,!1),l.addEventListener(\"DOMContentLoaded\",function(){for(var e,t,s=l.querySelectorAll(\"iframe.wp-embedded-content\"),r=0;r<s.length;r++)(t=(e=s[r]).getAttribute(\"data-secret\"))||(t=Math.random().toString(36).substring(2,12),e.src+=\"#?secret=\"+t,e.setAttribute(\"data-secret\",t)),e.contentWindow.postMessage({message:\"ready\",secret:t},\"*\")},!1)))}(window,document);\n\/* ]]> *\/\n<\/script>\n","thumbnail_url":"https:\/\/futbolhoy.co\/wp-content\/uploads\/2020\/02\/Medallo.jpg","thumbnail_width":922,"thumbnail_height":611,"description":"Independiente Medell\u00edn y Deportes Tolima ser\u00e1n los primeros equipos colombianos en debutar este martes en la Copa Libertadores de 2020. El equipo antioque\u00f1o, que dirige el paraguayo Aldo Bobadilla, en su primer juego recibir\u00e1 al Deportivo T\u00e1chira de Venezuela. Medell\u00edn, que disputar\u00e1 la segunda ronda del torneo tras ganar la Copa Colombia del 2019, tiene [&hellip;]"}

Medellín y Tolima, primeros colombianos en Libertadores -

<blockquote class="wp-embedded-content" data-secret="99KEBh6EyI"><a href="https://futbolhoy.co/index.php/2020/02/04/medellin-y-tolima-primeros-colombianos-en-libertadores/">Medellín y Tolima, primeros colombianos en Libertadores</a></blockquote><iframe sandbox="allow-scripts" security="restricted" src="https://futbolhoy.co/index.php/2020/02/04/medellin-y-tolima-primeros-colombianos-en-libertadores/embed/#?secret=99KEBh6EyI" width="600" height="338" title="«Medellín y Tolima, primeros colombianos en Libertadores» — " data-secret="99KEBh6EyI" frameborder="0" marginwidth="0" marginheight="0" scrolling="no" class="wp-embedded-content"></iframe><script type="text/javascript">
/* <![CDATA[ */
/*! This file is auto-generated */
!function(d,l){"use strict";l.querySelector&&d.addEventListener&&"undefined"!=typeof URL&&(d.wp=d.wp||{},d.wp.receiveEmbedMessage||(d.wp.receiveEmbedMessage=function(e){var t=e.data;if((t||t.secret||t.message||t.value)&&!/[^a-zA-Z0-9]/.test(t.secret)){for(var s,r,n,a=l.querySelectorAll('iframe[data-secret="'+t.secret+'"]'),o=l.querySelectorAll('blockquote[data-secret="'+t.secret+'"]'),c=new RegExp("^https?:$","i"),i=0;i<o.length;i++)o[i].style.display="none";for(i=0;i<a.length;i++)s=a[i],e.source===s.contentWindow&&(s.removeAttribute("style"),"height"===t.message?(1e3<(r=parseInt(t.value,10))?r=1e3:~~r<200&&(r=200),s.height=r):"link"===t.message&&(r=new URL(s.getAttribute("src")),n=new URL(t.value),c.test(n.protocol))&&n.host===r.host&&l.activeElement===s&&(d.top.location.href=t.value))}},d.addEventListener("message",d.wp.receiveEmbedMessage,!1),l.addEventListener("DOMContentLoaded",function(){for(var e,t,s=l.querySelectorAll("iframe.wp-embedded-content"),r=0;r<s.length;r++)(t=(e=s[r]).getAttribute("data-secret"))||(t=Math.random().toString(36).substring(2,12),e.src+="#?secret="+t,e.setAttribute("data-secret",t)),e.contentWindow.postMessage({message:"ready",secret:t},"*")},!1)))}(window,document);
/* ]]> */
</script>

Independiente Medellín y Deportes Tolima serán los primeros equipos colombianos en debutar este martes en la Copa Libertadores de 2020. El equipo antioqueño, que dirige el paraguayo Aldo Bobadilla, en su primer juego recibirá al Deportivo Táchira de Venezuela. Medellín, que disputará la segunda ronda del torneo tras ganar la Copa Colombia del 2019, tiene [&hellip;]
