{"version":"1.0","provider_name":"","provider_url":"https:\/\/futbolhoy.co","title":"Fabra \u2018en su salsa\u2019 con Boca Juniors -","type":"rich","width":600,"height":338,"html":"<blockquote class=\"wp-embedded-content\" data-secret=\"zytE8YNgT9\"><a href=\"https:\/\/futbolhoy.co\/index.php\/2020\/02\/18\/fabra-en-su-salsa-con-boca-juniors\/\">Fabra \u2018en su salsa\u2019 con Boca Juniors<\/a><\/blockquote><iframe sandbox=\"allow-scripts\" security=\"restricted\" src=\"https:\/\/futbolhoy.co\/index.php\/2020\/02\/18\/fabra-en-su-salsa-con-boca-juniors\/embed\/#?secret=zytE8YNgT9\" width=\"600\" height=\"338\" title=\"\u00abFabra \u2018en su salsa\u2019 con Boca Juniors\u00bb \u2014 \" data-secret=\"zytE8YNgT9\" frameborder=\"0\" marginwidth=\"0\" marginheight=\"0\" scrolling=\"no\" class=\"wp-embedded-content\"><\/iframe><script type=\"text\/javascript\">\n\/* <![CDATA[ *\/\n\/*! This file is auto-generated *\/\n!function(d,l){\"use strict\";l.querySelector&&d.addEventListener&&\"undefined\"!=typeof URL&&(d.wp=d.wp||{},d.wp.receiveEmbedMessage||(d.wp.receiveEmbedMessage=function(e){var t=e.data;if((t||t.secret||t.message||t.value)&&!\/[^a-zA-Z0-9]\/.test(t.secret)){for(var s,r,n,a=l.querySelectorAll('iframe[data-secret=\"'+t.secret+'\"]'),o=l.querySelectorAll('blockquote[data-secret=\"'+t.secret+'\"]'),c=new RegExp(\"^https?:$\",\"i\"),i=0;i<o.length;i++)o[i].style.display=\"none\";for(i=0;i<a.length;i++)s=a[i],e.source===s.contentWindow&&(s.removeAttribute(\"style\"),\"height\"===t.message?(1e3<(r=parseInt(t.value,10))?r=1e3:~~r<200&&(r=200),s.height=r):\"link\"===t.message&&(r=new URL(s.getAttribute(\"src\")),n=new URL(t.value),c.test(n.protocol))&&n.host===r.host&&l.activeElement===s&&(d.top.location.href=t.value))}},d.addEventListener(\"message\",d.wp.receiveEmbedMessage,!1),l.addEventListener(\"DOMContentLoaded\",function(){for(var e,t,s=l.querySelectorAll(\"iframe.wp-embedded-content\"),r=0;r<s.length;r++)(t=(e=s[r]).getAttribute(\"data-secret\"))||(t=Math.random().toString(36).substring(2,12),e.src+=\"#?secret=\"+t,e.setAttribute(\"data-secret\",t)),e.contentWindow.postMessage({message:\"ready\",secret:t},\"*\")},!1)))}(window,document);\n\/* ]]> *\/\n<\/script>\n","thumbnail_url":"https:\/\/futbolhoy.co\/wp-content\/uploads\/2020\/02\/Fabra.jpg","thumbnail_width":825,"thumbnail_height":554,"description":"Frank Fabra, lateral izquierdo colombiano de Boca Juniors, se mostr\u00f3 muy satisfecho con su desempe\u00f1o esta temporada con el club argentino, bajo las \u00f3rdenes del t\u00e9cnico Miguel \u00c1ngel Russo. Fabra, de 28 a\u00f1os, ha disputado 4 partidos este a\u00f1o en la Superliga Argentina y se ha consolidado en la formaci\u00f3n titular del equipo \u2018xeneize\u2019 junto [&hellip;]"}

Frank Fabra, lateral izquierdo colombiano de Boca Juniors, se mostró muy satisfecho con su desempeño esta temporada con el club argentino, bajo las órdenes del técnico Miguel Ángel Russo. Fabra, de 28 años, ha disputado 4 partidos este año en la Superliga Argentina y se ha consolidado en la formación titular del equipo ‘xeneize’ junto [&hellip;]
