{"version":"1.0","provider_name":"","provider_url":"https:\/\/futbolhoy.co","title":"Espanyol en aislamiento por casos de Covid-19 -","type":"rich","width":600,"height":338,"html":"<blockquote class=\"wp-embedded-content\" data-secret=\"Q0SVvjbWC6\"><a href=\"https:\/\/futbolhoy.co\/index.php\/2020\/03\/17\/espanyol-en-aislamiento-por-casos-de-covid-19\/\">Espanyol en aislamiento por casos de Covid-19<\/a><\/blockquote><iframe sandbox=\"allow-scripts\" security=\"restricted\" src=\"https:\/\/futbolhoy.co\/index.php\/2020\/03\/17\/espanyol-en-aislamiento-por-casos-de-covid-19\/embed\/#?secret=Q0SVvjbWC6\" width=\"600\" height=\"338\" title=\"\u00abEspanyol en aislamiento por casos de Covid-19\u00bb \u2014 \" data-secret=\"Q0SVvjbWC6\" frameborder=\"0\" marginwidth=\"0\" marginheight=\"0\" scrolling=\"no\" class=\"wp-embedded-content\"><\/iframe><script type=\"text\/javascript\">\n\/* <![CDATA[ *\/\n\/*! This file is auto-generated *\/\n!function(d,l){\"use strict\";l.querySelector&&d.addEventListener&&\"undefined\"!=typeof URL&&(d.wp=d.wp||{},d.wp.receiveEmbedMessage||(d.wp.receiveEmbedMessage=function(e){var t=e.data;if((t||t.secret||t.message||t.value)&&!\/[^a-zA-Z0-9]\/.test(t.secret)){for(var s,r,n,a=l.querySelectorAll('iframe[data-secret=\"'+t.secret+'\"]'),o=l.querySelectorAll('blockquote[data-secret=\"'+t.secret+'\"]'),c=new RegExp(\"^https?:$\",\"i\"),i=0;i<o.length;i++)o[i].style.display=\"none\";for(i=0;i<a.length;i++)s=a[i],e.source===s.contentWindow&&(s.removeAttribute(\"style\"),\"height\"===t.message?(1e3<(r=parseInt(t.value,10))?r=1e3:~~r<200&&(r=200),s.height=r):\"link\"===t.message&&(r=new URL(s.getAttribute(\"src\")),n=new URL(t.value),c.test(n.protocol))&&n.host===r.host&&l.activeElement===s&&(d.top.location.href=t.value))}},d.addEventListener(\"message\",d.wp.receiveEmbedMessage,!1),l.addEventListener(\"DOMContentLoaded\",function(){for(var e,t,s=l.querySelectorAll(\"iframe.wp-embedded-content\"),r=0;r<s.length;r++)(t=(e=s[r]).getAttribute(\"data-secret\"))||(t=Math.random().toString(36).substring(2,12),e.src+=\"#?secret=\"+t,e.setAttribute(\"data-secret\",t)),e.contentWindow.postMessage({message:\"ready\",secret:t},\"*\")},!1)))}(window,document);\n\/* ]]> *\/\n<\/script>\n","thumbnail_url":"https:\/\/futbolhoy.co\/wp-content\/uploads\/2020\/03\/IMG_20200317_182313.jpg","thumbnail_width":967,"thumbnail_height":914,"description":"El\u00a0Espanyol de Barcelona, donde milita el defensa colombianos\u00a0Bernardo Espinosa, inform\u00f3 que seis miembros de la plantilla del primer equipo, entre jugadores y cuerpo t\u00e9cnico, han dado positivo en las pruebas del coronavirus en las \u00faltimas horas. La entidad catalana no anunci\u00f3 los nombres de los afectados, aunque inform\u00f3 que todos tienen s\u00edntomas leves y est\u00e1n [&hellip;]"}

El Espanyol de Barcelona, donde milita el defensa colombianos Bernardo Espinosa, informó que seis miembros de la plantilla del primer equipo, entre jugadores y cuerpo técnico, han dado positivo en las pruebas del coronavirus en las últimas horas. La entidad catalana no anunció los nombres de los afectados, aunque informó que todos tienen síntomas leves y están [&hellip;]
