{"version":"1.0","provider_name":"","provider_url":"https:\/\/futbolhoy.co","title":"Espa\u00f1a pidi\u00f3 aplazar los JJOO Tokio 2020 -","type":"rich","width":600,"height":338,"html":"<blockquote class=\"wp-embedded-content\" data-secret=\"w61NlPRuRk\"><a href=\"https:\/\/futbolhoy.co\/index.php\/2020\/03\/21\/espana-pidio-aplazar-los-jjoo-tokio-2020\/\">Espa\u00f1a pidi\u00f3 aplazar los JJOO Tokio 2020<\/a><\/blockquote><iframe sandbox=\"allow-scripts\" security=\"restricted\" src=\"https:\/\/futbolhoy.co\/index.php\/2020\/03\/21\/espana-pidio-aplazar-los-jjoo-tokio-2020\/embed\/#?secret=w61NlPRuRk\" width=\"600\" height=\"338\" title=\"\u00abEspa\u00f1a pidi\u00f3 aplazar los JJOO Tokio 2020\u00bb \u2014 \" data-secret=\"w61NlPRuRk\" frameborder=\"0\" marginwidth=\"0\" marginheight=\"0\" scrolling=\"no\" class=\"wp-embedded-content\"><\/iframe><script type=\"text\/javascript\">\n\/* <![CDATA[ *\/\n\/*! This file is auto-generated *\/\n!function(d,l){\"use strict\";l.querySelector&&d.addEventListener&&\"undefined\"!=typeof URL&&(d.wp=d.wp||{},d.wp.receiveEmbedMessage||(d.wp.receiveEmbedMessage=function(e){var t=e.data;if((t||t.secret||t.message||t.value)&&!\/[^a-zA-Z0-9]\/.test(t.secret)){for(var s,r,n,a=l.querySelectorAll('iframe[data-secret=\"'+t.secret+'\"]'),o=l.querySelectorAll('blockquote[data-secret=\"'+t.secret+'\"]'),c=new RegExp(\"^https?:$\",\"i\"),i=0;i<o.length;i++)o[i].style.display=\"none\";for(i=0;i<a.length;i++)s=a[i],e.source===s.contentWindow&&(s.removeAttribute(\"style\"),\"height\"===t.message?(1e3<(r=parseInt(t.value,10))?r=1e3:~~r<200&&(r=200),s.height=r):\"link\"===t.message&&(r=new URL(s.getAttribute(\"src\")),n=new URL(t.value),c.test(n.protocol))&&n.host===r.host&&l.activeElement===s&&(d.top.location.href=t.value))}},d.addEventListener(\"message\",d.wp.receiveEmbedMessage,!1),l.addEventListener(\"DOMContentLoaded\",function(){for(var e,t,s=l.querySelectorAll(\"iframe.wp-embedded-content\"),r=0;r<s.length;r++)(t=(e=s[r]).getAttribute(\"data-secret\"))||(t=Math.random().toString(36).substring(2,12),e.src+=\"#?secret=\"+t,e.setAttribute(\"data-secret\",t)),e.contentWindow.postMessage({message:\"ready\",secret:t},\"*\")},!1)))}(window,document);\n\/* ]]> *\/\n<\/script>\n","thumbnail_url":"https:\/\/futbolhoy.co\/wp-content\/uploads\/2020\/03\/IMG_20200321_212522-scaled.jpg","thumbnail_width":2560,"thumbnail_height":1707,"description":"La\u00a0Real Federaci\u00f3n Espa\u00f1ola de F\u00fatbol, liderada por su presidente\u00a0Luis Rubiales, solicit\u00f3 a\u00a0Juan Antonio Samaranch, primer vicepresidente del\u00a0Comit\u00e9 Ol\u00edmpico Internacional, el aplazamiento de los\u00a0Juegos Ol\u00edmpicos Tokio 2020, previstos del 24 de julio al 9 de agosto. \"Lo hizo en la reuni\u00f3n celebrada junto a otras federaciones deportivas espa\u00f1olas y a la que fue convocado por el [&hellip;]"}

España pidió aplazar los JJOO Tokio 2020 -

<blockquote class="wp-embedded-content" data-secret="w61NlPRuRk"><a href="https://futbolhoy.co/index.php/2020/03/21/espana-pidio-aplazar-los-jjoo-tokio-2020/">España pidió aplazar los JJOO Tokio 2020</a></blockquote><iframe sandbox="allow-scripts" security="restricted" src="https://futbolhoy.co/index.php/2020/03/21/espana-pidio-aplazar-los-jjoo-tokio-2020/embed/#?secret=w61NlPRuRk" width="600" height="338" title="«España pidió aplazar los JJOO Tokio 2020» — " data-secret="w61NlPRuRk" frameborder="0" marginwidth="0" marginheight="0" scrolling="no" class="wp-embedded-content"></iframe><script type="text/javascript">
/* <![CDATA[ */
/*! This file is auto-generated */
!function(d,l){"use strict";l.querySelector&&d.addEventListener&&"undefined"!=typeof URL&&(d.wp=d.wp||{},d.wp.receiveEmbedMessage||(d.wp.receiveEmbedMessage=function(e){var t=e.data;if((t||t.secret||t.message||t.value)&&!/[^a-zA-Z0-9]/.test(t.secret)){for(var s,r,n,a=l.querySelectorAll('iframe[data-secret="'+t.secret+'"]'),o=l.querySelectorAll('blockquote[data-secret="'+t.secret+'"]'),c=new RegExp("^https?:$","i"),i=0;i<o.length;i++)o[i].style.display="none";for(i=0;i<a.length;i++)s=a[i],e.source===s.contentWindow&&(s.removeAttribute("style"),"height"===t.message?(1e3<(r=parseInt(t.value,10))?r=1e3:~~r<200&&(r=200),s.height=r):"link"===t.message&&(r=new URL(s.getAttribute("src")),n=new URL(t.value),c.test(n.protocol))&&n.host===r.host&&l.activeElement===s&&(d.top.location.href=t.value))}},d.addEventListener("message",d.wp.receiveEmbedMessage,!1),l.addEventListener("DOMContentLoaded",function(){for(var e,t,s=l.querySelectorAll("iframe.wp-embedded-content"),r=0;r<s.length;r++)(t=(e=s[r]).getAttribute("data-secret"))||(t=Math.random().toString(36).substring(2,12),e.src+="#?secret="+t,e.setAttribute("data-secret",t)),e.contentWindow.postMessage({message:"ready",secret:t},"*")},!1)))}(window,document);
/* ]]> */
</script>

La Real Federación Española de Fútbol, liderada por su presidente Luis Rubiales, solicitó a Juan Antonio Samaranch, primer vicepresidente del Comité Olímpico Internacional, el aplazamiento de los Juegos Olímpicos Tokio 2020, previstos del 24 de julio al 9 de agosto. "Lo hizo en la reunión celebrada junto a otras federaciones deportivas españolas y a la que fue convocado por el [&hellip;]
