{"version":"1.0","provider_name":"","provider_url":"https:\/\/futbolhoy.co","title":"Morelos suena para ser \u2018colchonero\u2019 -","type":"rich","width":600,"height":338,"html":"<blockquote class=\"wp-embedded-content\" data-secret=\"YMAB3gKz4r\"><a href=\"https:\/\/futbolhoy.co\/index.php\/2020\/03\/21\/morelos-suena-para-ser-colchonero\/\">Morelos suena para ser \u2018colchonero\u2019<\/a><\/blockquote><iframe sandbox=\"allow-scripts\" security=\"restricted\" src=\"https:\/\/futbolhoy.co\/index.php\/2020\/03\/21\/morelos-suena-para-ser-colchonero\/embed\/#?secret=YMAB3gKz4r\" width=\"600\" height=\"338\" title=\"\u00abMorelos suena para ser \u2018colchonero\u2019\u00bb \u2014 \" data-secret=\"YMAB3gKz4r\" frameborder=\"0\" marginwidth=\"0\" marginheight=\"0\" scrolling=\"no\" class=\"wp-embedded-content\"><\/iframe><script type=\"text\/javascript\">\n\/* <![CDATA[ *\/\n\/*! This file is auto-generated *\/\n!function(d,l){\"use strict\";l.querySelector&&d.addEventListener&&\"undefined\"!=typeof URL&&(d.wp=d.wp||{},d.wp.receiveEmbedMessage||(d.wp.receiveEmbedMessage=function(e){var t=e.data;if((t||t.secret||t.message||t.value)&&!\/[^a-zA-Z0-9]\/.test(t.secret)){for(var s,r,n,a=l.querySelectorAll('iframe[data-secret=\"'+t.secret+'\"]'),o=l.querySelectorAll('blockquote[data-secret=\"'+t.secret+'\"]'),c=new RegExp(\"^https?:$\",\"i\"),i=0;i<o.length;i++)o[i].style.display=\"none\";for(i=0;i<a.length;i++)s=a[i],e.source===s.contentWindow&&(s.removeAttribute(\"style\"),\"height\"===t.message?(1e3<(r=parseInt(t.value,10))?r=1e3:~~r<200&&(r=200),s.height=r):\"link\"===t.message&&(r=new URL(s.getAttribute(\"src\")),n=new URL(t.value),c.test(n.protocol))&&n.host===r.host&&l.activeElement===s&&(d.top.location.href=t.value))}},d.addEventListener(\"message\",d.wp.receiveEmbedMessage,!1),l.addEventListener(\"DOMContentLoaded\",function(){for(var e,t,s=l.querySelectorAll(\"iframe.wp-embedded-content\"),r=0;r<s.length;r++)(t=(e=s[r]).getAttribute(\"data-secret\"))||(t=Math.random().toString(36).substring(2,12),e.src+=\"#?secret=\"+t,e.setAttribute(\"data-secret\",t)),e.contentWindow.postMessage({message:\"ready\",secret:t},\"*\")},!1)))}(window,document);\n\/* ]]> *\/\n<\/script>\n","thumbnail_url":"https:\/\/futbolhoy.co\/wp-content\/uploads\/2019\/11\/EIzStIKXsAYo9HX.jpg","thumbnail_width":680,"thumbnail_height":452,"description":"El delantero colombiano Alfredo Morelos, del Rangers de Escocia, estar\u00eda en los planes del Atl\u00e9tico de Madrid para la pr\u00f3xima temporada, seg\u00fan han informado algunos medios de prensa en territorio brit\u00e1nico. El conjunto \u2018colchonero\u2019 est\u00e1 en busca de un centro atacante ante las dificultades f\u00edsicas que han presentado varios de sus jugadores, y en la [&hellip;]"}

El delantero colombiano Alfredo Morelos, del Rangers de Escocia, estaría en los planes del Atlético de Madrid para la próxima temporada, según han informado algunos medios de prensa en territorio británico. El conjunto ‘colchonero’ está en busca de un centro atacante ante las dificultades físicas que han presentado varios de sus jugadores, y en la [&hellip;]
