{"version":"1.0","provider_name":"","provider_url":"https:\/\/futbolhoy.co","author_name":"Laura Hern\u00e1ndez","author_url":"https:\/\/futbolhoy.co\/index.php\/author\/laura-hernandez\/","title":"Tevez solidario y reflexivo -","type":"rich","width":600,"height":338,"html":"<blockquote class=\"wp-embedded-content\" data-secret=\"3u9JpIMtSv\"><a href=\"https:\/\/futbolhoy.co\/index.php\/2020\/04\/01\/tevez-solidario-y-reflexivo\/\">Tevez solidario y reflexivo<\/a><\/blockquote><iframe sandbox=\"allow-scripts\" security=\"restricted\" src=\"https:\/\/futbolhoy.co\/index.php\/2020\/04\/01\/tevez-solidario-y-reflexivo\/embed\/#?secret=3u9JpIMtSv\" width=\"600\" height=\"338\" title=\"\u00abTevez solidario y reflexivo\u00bb \u2014 \" data-secret=\"3u9JpIMtSv\" frameborder=\"0\" marginwidth=\"0\" marginheight=\"0\" scrolling=\"no\" class=\"wp-embedded-content\"><\/iframe><script>\n\/*! This file is auto-generated *\/\n!function(d,l){\"use strict\";l.querySelector&&d.addEventListener&&\"undefined\"!=typeof URL&&(d.wp=d.wp||{},d.wp.receiveEmbedMessage||(d.wp.receiveEmbedMessage=function(e){var t=e.data;if((t||t.secret||t.message||t.value)&&!\/[^a-zA-Z0-9]\/.test(t.secret)){for(var s,r,n,a=l.querySelectorAll('iframe[data-secret=\"'+t.secret+'\"]'),o=l.querySelectorAll('blockquote[data-secret=\"'+t.secret+'\"]'),c=new RegExp(\"^https?:$\",\"i\"),i=0;i<o.length;i++)o[i].style.display=\"none\";for(i=0;i<a.length;i++)s=a[i],e.source===s.contentWindow&&(s.removeAttribute(\"style\"),\"height\"===t.message?(1e3<(r=parseInt(t.value,10))?r=1e3:~~r<200&&(r=200),s.height=r):\"link\"===t.message&&(r=new URL(s.getAttribute(\"src\")),n=new URL(t.value),c.test(n.protocol))&&n.host===r.host&&l.activeElement===s&&(d.top.location.href=t.value))}},d.addEventListener(\"message\",d.wp.receiveEmbedMessage,!1),l.addEventListener(\"DOMContentLoaded\",function(){for(var e,t,s=l.querySelectorAll(\"iframe.wp-embedded-content\"),r=0;r<s.length;r++)(t=(e=s[r]).getAttribute(\"data-secret\"))||(t=Math.random().toString(36).substring(2,12),e.src+=\"#?secret=\"+t,e.setAttribute(\"data-secret\",t)),e.contentWindow.postMessage({message:\"ready\",secret:t},\"*\")},!1)))}(window,document);\n\/\/# sourceURL=https:\/\/futbolhoy.co\/wp-includes\/js\/wp-embed.min.js\n<\/script>\n","thumbnail_url":"https:\/\/futbolhoy.co\/wp-content\/uploads\/2020\/04\/EUjIAR-VAAAxccd.jpg","thumbnail_width":680,"thumbnail_height":478,"description":"El delantero y capit\u00e1n de\u00a0Boca Juniors,\u00a0Carlos Tevez, mostr\u00f3 su preocupaci\u00f3n por la situaci\u00f3n que atraviesan los trabajadores de Argentina\u00a0y ante la cual los futbolistas deber\u00edan ser m\u00e1s solidarios. \u201cLos jugadores podemos vivir seis meses o un a\u00f1o sin cobrar. No estamos en una situaci\u00f3n desesperada, viviendo el d\u00eda a d\u00eda\u201d, declar\u00f3 el jugador, quien a\u00f1adi\u00f3: [&hellip;]"}

Laura Hernández

El delantero y capitán de Boca Juniors, Carlos Tevez, mostró su preocupación por la situación que atraviesan los trabajadores de Argentina y ante la cual los futbolistas deberían ser más solidarios. “Los jugadores podemos vivir seis meses o un año sin cobrar. No estamos en una situación desesperada, viviendo el día a día”, declaró el jugador, quien añadió: [&hellip;]
