{"version":"1.0","provider_name":"","provider_url":"https:\/\/futbolhoy.co","title":"Jackson piensa en el retiro -","type":"rich","width":600,"height":338,"html":"<blockquote class=\"wp-embedded-content\" data-secret=\"HdSQXgdXk7\"><a href=\"https:\/\/futbolhoy.co\/index.php\/2020\/04\/05\/jackson-piensa-en-el-retiro\/\">Jackson piensa en el retiro<\/a><\/blockquote><iframe sandbox=\"allow-scripts\" security=\"restricted\" src=\"https:\/\/futbolhoy.co\/index.php\/2020\/04\/05\/jackson-piensa-en-el-retiro\/embed\/#?secret=HdSQXgdXk7\" width=\"600\" height=\"338\" title=\"\u00abJackson piensa en el retiro\u00bb \u2014 \" data-secret=\"HdSQXgdXk7\" frameborder=\"0\" marginwidth=\"0\" marginheight=\"0\" scrolling=\"no\" class=\"wp-embedded-content\"><\/iframe><script type=\"text\/javascript\">\n\/* <![CDATA[ *\/\n\/*! This file is auto-generated *\/\n!function(d,l){\"use strict\";l.querySelector&&d.addEventListener&&\"undefined\"!=typeof URL&&(d.wp=d.wp||{},d.wp.receiveEmbedMessage||(d.wp.receiveEmbedMessage=function(e){var t=e.data;if((t||t.secret||t.message||t.value)&&!\/[^a-zA-Z0-9]\/.test(t.secret)){for(var s,r,n,a=l.querySelectorAll('iframe[data-secret=\"'+t.secret+'\"]'),o=l.querySelectorAll('blockquote[data-secret=\"'+t.secret+'\"]'),c=new RegExp(\"^https?:$\",\"i\"),i=0;i<o.length;i++)o[i].style.display=\"none\";for(i=0;i<a.length;i++)s=a[i],e.source===s.contentWindow&&(s.removeAttribute(\"style\"),\"height\"===t.message?(1e3<(r=parseInt(t.value,10))?r=1e3:~~r<200&&(r=200),s.height=r):\"link\"===t.message&&(r=new URL(s.getAttribute(\"src\")),n=new URL(t.value),c.test(n.protocol))&&n.host===r.host&&l.activeElement===s&&(d.top.location.href=t.value))}},d.addEventListener(\"message\",d.wp.receiveEmbedMessage,!1),l.addEventListener(\"DOMContentLoaded\",function(){for(var e,t,s=l.querySelectorAll(\"iframe.wp-embedded-content\"),r=0;r<s.length;r++)(t=(e=s[r]).getAttribute(\"data-secret\"))||(t=Math.random().toString(36).substring(2,12),e.src+=\"#?secret=\"+t,e.setAttribute(\"data-secret\",t)),e.contentWindow.postMessage({message:\"ready\",secret:t},\"*\")},!1)))}(window,document);\n\/* ]]> *\/\n<\/script>\n","thumbnail_url":"https:\/\/futbolhoy.co\/wp-content\/uploads\/2020\/04\/IMG_20200405_182246.jpg","thumbnail_width":736,"thumbnail_height":416,"description":"El delantero colombiano\u00a0Jackson Mart\u00ednez, actualmente en el Portimonense de Portugal, anticip\u00f3 que est\u00e1 estudiando la posibilidad del retiro de la actividad profesional, al no sentirse en su mejor nivel. \u201cTengo que pensar en mi salud, no puedo equivocarme, s\u00e9 que no estoy al cien por cien y me lo plantear\u00e9 todo al final de la [&hellip;]"}

El delantero colombiano Jackson Martínez, actualmente en el Portimonense de Portugal, anticipó que está estudiando la posibilidad del retiro de la actividad profesional, al no sentirse en su mejor nivel. “Tengo que pensar en mi salud, no puedo equivocarme, sé que no estoy al cien por cien y me lo plantearé todo al final de la [&hellip;]
