{"version":"1.0","provider_name":"","provider_url":"https:\/\/futbolhoy.co","title":"Inter volver\u00e1 a la carga por Morelos -","type":"rich","width":600,"height":338,"html":"<blockquote class=\"wp-embedded-content\" data-secret=\"qXXaNWdom6\"><a href=\"https:\/\/futbolhoy.co\/index.php\/2020\/04\/08\/inter-volvera-a-la-carga-por-morelos\/\">Inter volver\u00e1 a la carga por Morelos<\/a><\/blockquote><iframe sandbox=\"allow-scripts\" security=\"restricted\" src=\"https:\/\/futbolhoy.co\/index.php\/2020\/04\/08\/inter-volvera-a-la-carga-por-morelos\/embed\/#?secret=qXXaNWdom6\" width=\"600\" height=\"338\" title=\"\u00abInter volver\u00e1 a la carga por Morelos\u00bb \u2014 \" data-secret=\"qXXaNWdom6\" frameborder=\"0\" marginwidth=\"0\" marginheight=\"0\" scrolling=\"no\" class=\"wp-embedded-content\"><\/iframe><script type=\"text\/javascript\">\n\/* <![CDATA[ *\/\n\/*! This file is auto-generated *\/\n!function(d,l){\"use strict\";l.querySelector&&d.addEventListener&&\"undefined\"!=typeof URL&&(d.wp=d.wp||{},d.wp.receiveEmbedMessage||(d.wp.receiveEmbedMessage=function(e){var t=e.data;if((t||t.secret||t.message||t.value)&&!\/[^a-zA-Z0-9]\/.test(t.secret)){for(var s,r,n,a=l.querySelectorAll('iframe[data-secret=\"'+t.secret+'\"]'),o=l.querySelectorAll('blockquote[data-secret=\"'+t.secret+'\"]'),c=new RegExp(\"^https?:$\",\"i\"),i=0;i<o.length;i++)o[i].style.display=\"none\";for(i=0;i<a.length;i++)s=a[i],e.source===s.contentWindow&&(s.removeAttribute(\"style\"),\"height\"===t.message?(1e3<(r=parseInt(t.value,10))?r=1e3:~~r<200&&(r=200),s.height=r):\"link\"===t.message&&(r=new URL(s.getAttribute(\"src\")),n=new URL(t.value),c.test(n.protocol))&&n.host===r.host&&l.activeElement===s&&(d.top.location.href=t.value))}},d.addEventListener(\"message\",d.wp.receiveEmbedMessage,!1),l.addEventListener(\"DOMContentLoaded\",function(){for(var e,t,s=l.querySelectorAll(\"iframe.wp-embedded-content\"),r=0;r<s.length;r++)(t=(e=s[r]).getAttribute(\"data-secret\"))||(t=Math.random().toString(36).substring(2,12),e.src+=\"#?secret=\"+t,e.setAttribute(\"data-secret\",t)),e.contentWindow.postMessage({message:\"ready\",secret:t},\"*\")},!1)))}(window,document);\n\/* ]]> *\/\n<\/script>\n","thumbnail_url":"https:\/\/futbolhoy.co\/wp-content\/uploads\/2019\/07\/D_yVE2xWsAEzvB5.jpg","thumbnail_width":990,"thumbnail_height":660,"description":"El delantero cordob\u00e9s Alfredo Morelos\u00a0es uno de los nombres que maneja el Inter de Mil\u00e1n para ocupar el lugar de Lautaro Mart\u00ednez, si se concreta la salida del atacante argentino al Barcelona. El t\u00e9cnico interista, Antonio Conte, ya trat\u00f3 de llevar a Morelos al club, pero su oferta de 15 millones de euros fue rechazada [&hellip;]"}

Inter volverá a la carga por Morelos -

<blockquote class="wp-embedded-content" data-secret="qXXaNWdom6"><a href="https://futbolhoy.co/index.php/2020/04/08/inter-volvera-a-la-carga-por-morelos/">Inter volverá a la carga por Morelos</a></blockquote><iframe sandbox="allow-scripts" security="restricted" src="https://futbolhoy.co/index.php/2020/04/08/inter-volvera-a-la-carga-por-morelos/embed/#?secret=qXXaNWdom6" width="600" height="338" title="«Inter volverá a la carga por Morelos» — " data-secret="qXXaNWdom6" frameborder="0" marginwidth="0" marginheight="0" scrolling="no" class="wp-embedded-content"></iframe><script type="text/javascript">
/* <![CDATA[ */
/*! This file is auto-generated */
!function(d,l){"use strict";l.querySelector&&d.addEventListener&&"undefined"!=typeof URL&&(d.wp=d.wp||{},d.wp.receiveEmbedMessage||(d.wp.receiveEmbedMessage=function(e){var t=e.data;if((t||t.secret||t.message||t.value)&&!/[^a-zA-Z0-9]/.test(t.secret)){for(var s,r,n,a=l.querySelectorAll('iframe[data-secret="'+t.secret+'"]'),o=l.querySelectorAll('blockquote[data-secret="'+t.secret+'"]'),c=new RegExp("^https?:$","i"),i=0;i<o.length;i++)o[i].style.display="none";for(i=0;i<a.length;i++)s=a[i],e.source===s.contentWindow&&(s.removeAttribute("style"),"height"===t.message?(1e3<(r=parseInt(t.value,10))?r=1e3:~~r<200&&(r=200),s.height=r):"link"===t.message&&(r=new URL(s.getAttribute("src")),n=new URL(t.value),c.test(n.protocol))&&n.host===r.host&&l.activeElement===s&&(d.top.location.href=t.value))}},d.addEventListener("message",d.wp.receiveEmbedMessage,!1),l.addEventListener("DOMContentLoaded",function(){for(var e,t,s=l.querySelectorAll("iframe.wp-embedded-content"),r=0;r<s.length;r++)(t=(e=s[r]).getAttribute("data-secret"))||(t=Math.random().toString(36).substring(2,12),e.src+="#?secret="+t,e.setAttribute("data-secret",t)),e.contentWindow.postMessage({message:"ready",secret:t},"*")},!1)))}(window,document);
/* ]]> */
</script>

El delantero cordobés Alfredo Morelos es uno de los nombres que maneja el Inter de Milán para ocupar el lugar de Lautaro Martínez, si se concreta la salida del atacante argentino al Barcelona. El técnico interista, Antonio Conte, ya trató de llevar a Morelos al club, pero su oferta de 15 millones de euros fue rechazada [&hellip;]
