{"version":"1.0","provider_name":"","provider_url":"https:\/\/futbolhoy.co","title":"Cuellar quiere volver a Colombia -","type":"rich","width":600,"height":338,"html":"<blockquote class=\"wp-embedded-content\" data-secret=\"KENCAel8Tb\"><a href=\"https:\/\/futbolhoy.co\/index.php\/2020\/04\/20\/cuellar-quiere-volver-a-colombia\/\">Cuellar quiere volver a Colombia<\/a><\/blockquote><iframe sandbox=\"allow-scripts\" security=\"restricted\" src=\"https:\/\/futbolhoy.co\/index.php\/2020\/04\/20\/cuellar-quiere-volver-a-colombia\/embed\/#?secret=KENCAel8Tb\" width=\"600\" height=\"338\" title=\"\u00abCuellar quiere volver a Colombia\u00bb \u2014 \" data-secret=\"KENCAel8Tb\" frameborder=\"0\" marginwidth=\"0\" marginheight=\"0\" scrolling=\"no\" class=\"wp-embedded-content\"><\/iframe><script type=\"text\/javascript\">\n\/* <![CDATA[ *\/\n\/*! This file is auto-generated *\/\n!function(d,l){\"use strict\";l.querySelector&&d.addEventListener&&\"undefined\"!=typeof URL&&(d.wp=d.wp||{},d.wp.receiveEmbedMessage||(d.wp.receiveEmbedMessage=function(e){var t=e.data;if((t||t.secret||t.message||t.value)&&!\/[^a-zA-Z0-9]\/.test(t.secret)){for(var s,r,n,a=l.querySelectorAll('iframe[data-secret=\"'+t.secret+'\"]'),o=l.querySelectorAll('blockquote[data-secret=\"'+t.secret+'\"]'),c=new RegExp(\"^https?:$\",\"i\"),i=0;i<o.length;i++)o[i].style.display=\"none\";for(i=0;i<a.length;i++)s=a[i],e.source===s.contentWindow&&(s.removeAttribute(\"style\"),\"height\"===t.message?(1e3<(r=parseInt(t.value,10))?r=1e3:~~r<200&&(r=200),s.height=r):\"link\"===t.message&&(r=new URL(s.getAttribute(\"src\")),n=new URL(t.value),c.test(n.protocol))&&n.host===r.host&&l.activeElement===s&&(d.top.location.href=t.value))}},d.addEventListener(\"message\",d.wp.receiveEmbedMessage,!1),l.addEventListener(\"DOMContentLoaded\",function(){for(var e,t,s=l.querySelectorAll(\"iframe.wp-embedded-content\"),r=0;r<s.length;r++)(t=(e=s[r]).getAttribute(\"data-secret\"))||(t=Math.random().toString(36).substring(2,12),e.src+=\"#?secret=\"+t,e.setAttribute(\"data-secret\",t)),e.contentWindow.postMessage({message:\"ready\",secret:t},\"*\")},!1)))}(window,document);\n\/* ]]> *\/\n<\/script>\n","thumbnail_url":"https:\/\/futbolhoy.co\/wp-content\/uploads\/2020\/04\/IMG_20200420_180846.jpg","thumbnail_width":1000,"thumbnail_height":1000,"description":"El volante colombiano\u00a0Gustavo Cuellar, del\u00a0Al Hilal de Arabia Saudita, en compa\u00f1\u00eda de otros deportistas colombianos, entre ellos el voleibolista\u00a0Andr\u00e9s Piza, solicit\u00f3 la autorizaci\u00f3n del\u00a0Ministerio de Relaciones Exteriores\u00a0para poder regresar al pa\u00eds en un vuelo humanitario que har\u00eda escalas en\u00a0Par\u00eds\u00a0y\u00a0Sao Paulo. Cuellar y los dem\u00e1s implicados esperan el aval del gobierno, con el fin de regresar [&hellip;]"}

El volante colombiano Gustavo Cuellar, del Al Hilal de Arabia Saudita, en compañía de otros deportistas colombianos, entre ellos el voleibolista Andrés Piza, solicitó la autorización del Ministerio de Relaciones Exteriores para poder regresar al país en un vuelo humanitario que haría escalas en París y Sao Paulo. Cuellar y los demás implicados esperan el aval del gobierno, con el fin de regresar [&hellip;]
