{"version":"1.0","provider_name":"","provider_url":"https:\/\/futbolhoy.co","title":"Alemania se prepara para la Europa League -","type":"rich","width":600,"height":338,"html":"<blockquote class=\"wp-embedded-content\" data-secret=\"b6l6q2gfeR\"><a href=\"https:\/\/futbolhoy.co\/index.php\/2020\/07\/10\/alemania-se-prepara-para-la-europa-league\/\">Alemania se prepara para la Europa League<\/a><\/blockquote><iframe sandbox=\"allow-scripts\" security=\"restricted\" src=\"https:\/\/futbolhoy.co\/index.php\/2020\/07\/10\/alemania-se-prepara-para-la-europa-league\/embed\/#?secret=b6l6q2gfeR\" width=\"600\" height=\"338\" title=\"\u00abAlemania se prepara para la Europa League\u00bb \u2014 \" data-secret=\"b6l6q2gfeR\" frameborder=\"0\" marginwidth=\"0\" marginheight=\"0\" scrolling=\"no\" class=\"wp-embedded-content\"><\/iframe><script type=\"text\/javascript\">\n\/* <![CDATA[ *\/\n\/*! This file is auto-generated *\/\n!function(d,l){\"use strict\";l.querySelector&&d.addEventListener&&\"undefined\"!=typeof URL&&(d.wp=d.wp||{},d.wp.receiveEmbedMessage||(d.wp.receiveEmbedMessage=function(e){var t=e.data;if((t||t.secret||t.message||t.value)&&!\/[^a-zA-Z0-9]\/.test(t.secret)){for(var s,r,n,a=l.querySelectorAll('iframe[data-secret=\"'+t.secret+'\"]'),o=l.querySelectorAll('blockquote[data-secret=\"'+t.secret+'\"]'),c=new RegExp(\"^https?:$\",\"i\"),i=0;i<o.length;i++)o[i].style.display=\"none\";for(i=0;i<a.length;i++)s=a[i],e.source===s.contentWindow&&(s.removeAttribute(\"style\"),\"height\"===t.message?(1e3<(r=parseInt(t.value,10))?r=1e3:~~r<200&&(r=200),s.height=r):\"link\"===t.message&&(r=new URL(s.getAttribute(\"src\")),n=new URL(t.value),c.test(n.protocol))&&n.host===r.host&&l.activeElement===s&&(d.top.location.href=t.value))}},d.addEventListener(\"message\",d.wp.receiveEmbedMessage,!1),l.addEventListener(\"DOMContentLoaded\",function(){for(var e,t,s=l.querySelectorAll(\"iframe.wp-embedded-content\"),r=0;r<s.length;r++)(t=(e=s[r]).getAttribute(\"data-secret\"))||(t=Math.random().toString(36).substring(2,12),e.src+=\"#?secret=\"+t,e.setAttribute(\"data-secret\",t)),e.contentWindow.postMessage({message:\"ready\",secret:t},\"*\")},!1)))}(window,document);\n\/* ]]> *\/\n<\/script>\n","thumbnail_url":"https:\/\/futbolhoy.co\/wp-content\/uploads\/2020\/07\/Cuartos-liga.png","thumbnail_width":900,"thumbnail_height":468,"description":"La UEFA defini\u00f3 el calendario para la fase final de la Liga de Europa, que disputar\u00e1 la serie de octavos, pendiente por iniciar, en Alemania. Entretanto, la vuelta de octavos se cumplir\u00e1 en las canchas de los equipos locales, para mantener el equilibrio deportivo. Las ciudades de D\u00fcsseldorf, Duisburgo, Colonia y Gelsenkirchen fueron escogidas para [&hellip;]"}

La UEFA definió el calendario para la fase final de la Liga de Europa, que disputará la serie de octavos, pendiente por iniciar, en Alemania. Entretanto, la vuelta de octavos se cumplirá en las canchas de los equipos locales, para mantener el equilibrio deportivo. Las ciudades de Düsseldorf, Duisburgo, Colonia y Gelsenkirchen fueron escogidas para [&hellip;]
