{"version":"1.0","provider_name":"","provider_url":"https:\/\/futbolhoy.co","title":"Libertadores y Sudamericana tienen luz verde -","type":"rich","width":600,"height":338,"html":"<blockquote class=\"wp-embedded-content\" data-secret=\"TS8n0NWm1Z\"><a href=\"https:\/\/futbolhoy.co\/index.php\/2020\/07\/11\/libertadores-y-sudamericana-tiene-luz-verde\/\">Libertadores y Sudamericana tienen luz verde<\/a><\/blockquote><iframe sandbox=\"allow-scripts\" security=\"restricted\" src=\"https:\/\/futbolhoy.co\/index.php\/2020\/07\/11\/libertadores-y-sudamericana-tiene-luz-verde\/embed\/#?secret=TS8n0NWm1Z\" width=\"600\" height=\"338\" title=\"\u00abLibertadores y Sudamericana tienen luz verde\u00bb \u2014 \" data-secret=\"TS8n0NWm1Z\" frameborder=\"0\" marginwidth=\"0\" marginheight=\"0\" scrolling=\"no\" class=\"wp-embedded-content\"><\/iframe><script type=\"text\/javascript\">\n\/* <![CDATA[ *\/\n\/*! This file is auto-generated *\/\n!function(d,l){\"use strict\";l.querySelector&&d.addEventListener&&\"undefined\"!=typeof URL&&(d.wp=d.wp||{},d.wp.receiveEmbedMessage||(d.wp.receiveEmbedMessage=function(e){var t=e.data;if((t||t.secret||t.message||t.value)&&!\/[^a-zA-Z0-9]\/.test(t.secret)){for(var s,r,n,a=l.querySelectorAll('iframe[data-secret=\"'+t.secret+'\"]'),o=l.querySelectorAll('blockquote[data-secret=\"'+t.secret+'\"]'),c=new RegExp(\"^https?:$\",\"i\"),i=0;i<o.length;i++)o[i].style.display=\"none\";for(i=0;i<a.length;i++)s=a[i],e.source===s.contentWindow&&(s.removeAttribute(\"style\"),\"height\"===t.message?(1e3<(r=parseInt(t.value,10))?r=1e3:~~r<200&&(r=200),s.height=r):\"link\"===t.message&&(r=new URL(s.getAttribute(\"src\")),n=new URL(t.value),c.test(n.protocol))&&n.host===r.host&&l.activeElement===s&&(d.top.location.href=t.value))}},d.addEventListener(\"message\",d.wp.receiveEmbedMessage,!1),l.addEventListener(\"DOMContentLoaded\",function(){for(var e,t,s=l.querySelectorAll(\"iframe.wp-embedded-content\"),r=0;r<s.length;r++)(t=(e=s[r]).getAttribute(\"data-secret\"))||(t=Math.random().toString(36).substring(2,12),e.src+=\"#?secret=\"+t,e.setAttribute(\"data-secret\",t)),e.contentWindow.postMessage({message:\"ready\",secret:t},\"*\")},!1)))}(window,document);\n\/* ]]> *\/\n<\/script>\n","thumbnail_url":"https:\/\/futbolhoy.co\/wp-content\/uploads\/2020\/02\/EP-bTbPWsAUB6UZ.jpg","thumbnail_width":680,"thumbnail_height":477,"description":"El Consejo de la Conmebol anunci\u00f3 que el martes 15 de setiembre se reanudar\u00e1 la Copa Libertadores y el 27 de octubre la Copa Sudamericana. La entidad sudamericana aclar\u00f3 en un comunicado que en los dos torneos se observar\u00e1n todas las medidas preventivas establecidas por las autoridades sanitarias en prevenci\u00f3n de la pandemia. \"Con la [&hellip;]"}

El Consejo de la Conmebol anunció que el martes 15 de setiembre se reanudará la Copa Libertadores y el 27 de octubre la Copa Sudamericana. La entidad sudamericana aclaró en un comunicado que en los dos torneos se observarán todas las medidas preventivas establecidas por las autoridades sanitarias en prevención de la pandemia. "Con la [&hellip;]
