{"version":"1.0","provider_name":"","provider_url":"https:\/\/futbolhoy.co","title":"Villa interesa en el f\u00fatbol brasile\u00f1o -","type":"rich","width":600,"height":338,"html":"<blockquote class=\"wp-embedded-content\" data-secret=\"HV4YrAuom0\"><a href=\"https:\/\/futbolhoy.co\/index.php\/2020\/07\/17\/villa-interesa-en-el-futbol-brasileno\/\">Villa interesa en el f\u00fatbol brasile\u00f1o<\/a><\/blockquote><iframe sandbox=\"allow-scripts\" security=\"restricted\" src=\"https:\/\/futbolhoy.co\/index.php\/2020\/07\/17\/villa-interesa-en-el-futbol-brasileno\/embed\/#?secret=HV4YrAuom0\" width=\"600\" height=\"338\" title=\"\u00abVilla interesa en el f\u00fatbol brasile\u00f1o\u00bb \u2014 \" data-secret=\"HV4YrAuom0\" frameborder=\"0\" marginwidth=\"0\" marginheight=\"0\" scrolling=\"no\" class=\"wp-embedded-content\"><\/iframe><script type=\"text\/javascript\">\n\/* <![CDATA[ *\/\n\/*! This file is auto-generated *\/\n!function(d,l){\"use strict\";l.querySelector&&d.addEventListener&&\"undefined\"!=typeof URL&&(d.wp=d.wp||{},d.wp.receiveEmbedMessage||(d.wp.receiveEmbedMessage=function(e){var t=e.data;if((t||t.secret||t.message||t.value)&&!\/[^a-zA-Z0-9]\/.test(t.secret)){for(var s,r,n,a=l.querySelectorAll('iframe[data-secret=\"'+t.secret+'\"]'),o=l.querySelectorAll('blockquote[data-secret=\"'+t.secret+'\"]'),c=new RegExp(\"^https?:$\",\"i\"),i=0;i<o.length;i++)o[i].style.display=\"none\";for(i=0;i<a.length;i++)s=a[i],e.source===s.contentWindow&&(s.removeAttribute(\"style\"),\"height\"===t.message?(1e3<(r=parseInt(t.value,10))?r=1e3:~~r<200&&(r=200),s.height=r):\"link\"===t.message&&(r=new URL(s.getAttribute(\"src\")),n=new URL(t.value),c.test(n.protocol))&&n.host===r.host&&l.activeElement===s&&(d.top.location.href=t.value))}},d.addEventListener(\"message\",d.wp.receiveEmbedMessage,!1),l.addEventListener(\"DOMContentLoaded\",function(){for(var e,t,s=l.querySelectorAll(\"iframe.wp-embedded-content\"),r=0;r<s.length;r++)(t=(e=s[r]).getAttribute(\"data-secret\"))||(t=Math.random().toString(36).substring(2,12),e.src+=\"#?secret=\"+t,e.setAttribute(\"data-secret\",t)),e.contentWindow.postMessage({message:\"ready\",secret:t},\"*\")},!1)))}(window,document);\n\/* ]]> *\/\n<\/script>\n","thumbnail_url":"https:\/\/futbolhoy.co\/wp-content\/uploads\/2020\/02\/Sebastian-Villa.jpg","thumbnail_width":859,"thumbnail_height":608,"description":"El extremo antioque\u00f1o Sebasti\u00e1n Villa, quien juega con Boca Juniors, figura en los planes del Atl\u00e9tico Mineiro para la pr\u00f3xima temporada. El equipo brasile\u00f1o hizo un ofrecimiento para lograr un pr\u00e9stamo, propuesta que inicialmente no figura en los planes de los argentinos. El equipo de Belo Horizonte, que dirige Jorge Sampaoli, ya hab\u00eda contactado a [&hellip;]"}

Villa interesa en el fútbol brasileño -

<blockquote class="wp-embedded-content" data-secret="HV4YrAuom0"><a href="https://futbolhoy.co/index.php/2020/07/17/villa-interesa-en-el-futbol-brasileno/">Villa interesa en el fútbol brasileño</a></blockquote><iframe sandbox="allow-scripts" security="restricted" src="https://futbolhoy.co/index.php/2020/07/17/villa-interesa-en-el-futbol-brasileno/embed/#?secret=HV4YrAuom0" width="600" height="338" title="«Villa interesa en el fútbol brasileño» — " data-secret="HV4YrAuom0" frameborder="0" marginwidth="0" marginheight="0" scrolling="no" class="wp-embedded-content"></iframe><script type="text/javascript">
/* <![CDATA[ */
/*! This file is auto-generated */
!function(d,l){"use strict";l.querySelector&&d.addEventListener&&"undefined"!=typeof URL&&(d.wp=d.wp||{},d.wp.receiveEmbedMessage||(d.wp.receiveEmbedMessage=function(e){var t=e.data;if((t||t.secret||t.message||t.value)&&!/[^a-zA-Z0-9]/.test(t.secret)){for(var s,r,n,a=l.querySelectorAll('iframe[data-secret="'+t.secret+'"]'),o=l.querySelectorAll('blockquote[data-secret="'+t.secret+'"]'),c=new RegExp("^https?:$","i"),i=0;i<o.length;i++)o[i].style.display="none";for(i=0;i<a.length;i++)s=a[i],e.source===s.contentWindow&&(s.removeAttribute("style"),"height"===t.message?(1e3<(r=parseInt(t.value,10))?r=1e3:~~r<200&&(r=200),s.height=r):"link"===t.message&&(r=new URL(s.getAttribute("src")),n=new URL(t.value),c.test(n.protocol))&&n.host===r.host&&l.activeElement===s&&(d.top.location.href=t.value))}},d.addEventListener("message",d.wp.receiveEmbedMessage,!1),l.addEventListener("DOMContentLoaded",function(){for(var e,t,s=l.querySelectorAll("iframe.wp-embedded-content"),r=0;r<s.length;r++)(t=(e=s[r]).getAttribute("data-secret"))||(t=Math.random().toString(36).substring(2,12),e.src+="#?secret="+t,e.setAttribute("data-secret",t)),e.contentWindow.postMessage({message:"ready",secret:t},"*")},!1)))}(window,document);
/* ]]> */
</script>

El extremo antioqueño Sebastián Villa, quien juega con Boca Juniors, figura en los planes del Atlético Mineiro para la próxima temporada. El equipo brasileño hizo un ofrecimiento para lograr un préstamo, propuesta que inicialmente no figura en los planes de los argentinos. El equipo de Belo Horizonte, que dirige Jorge Sampaoli, ya había contactado a [&hellip;]
