{"version":"1.0","provider_name":"","provider_url":"https:\/\/futbolhoy.co","title":"Mu\u00f1oz despidi\u00f3 el a\u00f1o con gol en B\u00e9lgica -","type":"rich","width":600,"height":338,"html":"<blockquote class=\"wp-embedded-content\" data-secret=\"H2dGJPQEJl\"><a href=\"https:\/\/futbolhoy.co\/index.php\/2021\/12\/26\/munoz-despidio-el-ano-con-gol-en-belgica\/\">Mu\u00f1oz despidi\u00f3 el a\u00f1o con gol en B\u00e9lgica<\/a><\/blockquote><iframe sandbox=\"allow-scripts\" security=\"restricted\" src=\"https:\/\/futbolhoy.co\/index.php\/2021\/12\/26\/munoz-despidio-el-ano-con-gol-en-belgica\/embed\/#?secret=H2dGJPQEJl\" width=\"600\" height=\"338\" title=\"\u00abMu\u00f1oz despidi\u00f3 el a\u00f1o con gol en B\u00e9lgica\u00bb \u2014 \" data-secret=\"H2dGJPQEJl\" frameborder=\"0\" marginwidth=\"0\" marginheight=\"0\" scrolling=\"no\" class=\"wp-embedded-content\"><\/iframe><script type=\"text\/javascript\">\n\/* <![CDATA[ *\/\n\/*! This file is auto-generated *\/\n!function(d,l){\"use strict\";l.querySelector&&d.addEventListener&&\"undefined\"!=typeof URL&&(d.wp=d.wp||{},d.wp.receiveEmbedMessage||(d.wp.receiveEmbedMessage=function(e){var t=e.data;if((t||t.secret||t.message||t.value)&&!\/[^a-zA-Z0-9]\/.test(t.secret)){for(var s,r,n,a=l.querySelectorAll('iframe[data-secret=\"'+t.secret+'\"]'),o=l.querySelectorAll('blockquote[data-secret=\"'+t.secret+'\"]'),c=new RegExp(\"^https?:$\",\"i\"),i=0;i<o.length;i++)o[i].style.display=\"none\";for(i=0;i<a.length;i++)s=a[i],e.source===s.contentWindow&&(s.removeAttribute(\"style\"),\"height\"===t.message?(1e3<(r=parseInt(t.value,10))?r=1e3:~~r<200&&(r=200),s.height=r):\"link\"===t.message&&(r=new URL(s.getAttribute(\"src\")),n=new URL(t.value),c.test(n.protocol))&&n.host===r.host&&l.activeElement===s&&(d.top.location.href=t.value))}},d.addEventListener(\"message\",d.wp.receiveEmbedMessage,!1),l.addEventListener(\"DOMContentLoaded\",function(){for(var e,t,s=l.querySelectorAll(\"iframe.wp-embedded-content\"),r=0;r<s.length;r++)(t=(e=s[r]).getAttribute(\"data-secret\"))||(t=Math.random().toString(36).substring(2,12),e.src+=\"#?secret=\"+t,e.setAttribute(\"data-secret\",t)),e.contentWindow.postMessage({message:\"ready\",secret:t},\"*\")},!1)))}(window,document);\n\/* ]]> *\/\n<\/script>\n","thumbnail_url":"https:\/\/futbolhoy.co\/wp-content\/uploads\/2021\/12\/FHkLe2sXwAMXzJV.jpg","thumbnail_width":1080,"thumbnail_height":1080,"description":"El lateral derecho colombiano\u00a0Daniel Mu\u00f1oz\u00a0convirti\u00f3 el tercer gol en la amplia victoria del\u00a0Genk\u00a00-4 sobre el\u00a0Oostende\u00a0en la jornada 21 de la\u00a0Liga de B\u00e9lgica, la \u00faltima del a\u00f1o. Mu\u00f1oz logr\u00f3 definir a pase del mexicano\u00a0Gerardo Arteaga\u00a0a los 35 minutos, completando 2 anotaciones esta temporada en 20 partidos disputados en todas las competiciones. Los restantes tantos fueron obra [&hellip;]"}

Muñoz despidió el año con gol en Bélgica -

<blockquote class="wp-embedded-content" data-secret="H2dGJPQEJl"><a href="https://futbolhoy.co/index.php/2021/12/26/munoz-despidio-el-ano-con-gol-en-belgica/">Muñoz despidió el año con gol en Bélgica</a></blockquote><iframe sandbox="allow-scripts" security="restricted" src="https://futbolhoy.co/index.php/2021/12/26/munoz-despidio-el-ano-con-gol-en-belgica/embed/#?secret=H2dGJPQEJl" width="600" height="338" title="«Muñoz despidió el año con gol en Bélgica» — " data-secret="H2dGJPQEJl" frameborder="0" marginwidth="0" marginheight="0" scrolling="no" class="wp-embedded-content"></iframe><script type="text/javascript">
/* <![CDATA[ */
/*! This file is auto-generated */
!function(d,l){"use strict";l.querySelector&&d.addEventListener&&"undefined"!=typeof URL&&(d.wp=d.wp||{},d.wp.receiveEmbedMessage||(d.wp.receiveEmbedMessage=function(e){var t=e.data;if((t||t.secret||t.message||t.value)&&!/[^a-zA-Z0-9]/.test(t.secret)){for(var s,r,n,a=l.querySelectorAll('iframe[data-secret="'+t.secret+'"]'),o=l.querySelectorAll('blockquote[data-secret="'+t.secret+'"]'),c=new RegExp("^https?:$","i"),i=0;i<o.length;i++)o[i].style.display="none";for(i=0;i<a.length;i++)s=a[i],e.source===s.contentWindow&&(s.removeAttribute("style"),"height"===t.message?(1e3<(r=parseInt(t.value,10))?r=1e3:~~r<200&&(r=200),s.height=r):"link"===t.message&&(r=new URL(s.getAttribute("src")),n=new URL(t.value),c.test(n.protocol))&&n.host===r.host&&l.activeElement===s&&(d.top.location.href=t.value))}},d.addEventListener("message",d.wp.receiveEmbedMessage,!1),l.addEventListener("DOMContentLoaded",function(){for(var e,t,s=l.querySelectorAll("iframe.wp-embedded-content"),r=0;r<s.length;r++)(t=(e=s[r]).getAttribute("data-secret"))||(t=Math.random().toString(36).substring(2,12),e.src+="#?secret="+t,e.setAttribute("data-secret",t)),e.contentWindow.postMessage({message:"ready",secret:t},"*")},!1)))}(window,document);
/* ]]> */
</script>

El lateral derecho colombiano Daniel Muñoz convirtió el tercer gol en la amplia victoria del Genk 0-4 sobre el Oostende en la jornada 21 de la Liga de Bélgica, la última del año. Muñoz logró definir a pase del mexicano Gerardo Arteaga a los 35 minutos, completando 2 anotaciones esta temporada en 20 partidos disputados en todas las competiciones. Los restantes tantos fueron obra [&hellip;]
