{"version":"1.0","provider_name":"","provider_url":"https:\/\/futbolhoy.co","title":"Nacional confirm\u00f3 a Mej\u00eda -","type":"rich","width":600,"height":338,"html":"<blockquote class=\"wp-embedded-content\" data-secret=\"jtsO4nzb7n\"><a href=\"https:\/\/futbolhoy.co\/index.php\/2021\/12\/28\/nacional-confirmo-a-mejia\/\">Nacional confirm\u00f3 a Mej\u00eda<\/a><\/blockquote><iframe sandbox=\"allow-scripts\" security=\"restricted\" src=\"https:\/\/futbolhoy.co\/index.php\/2021\/12\/28\/nacional-confirmo-a-mejia\/embed\/#?secret=jtsO4nzb7n\" width=\"600\" height=\"338\" title=\"\u00abNacional confirm\u00f3 a Mej\u00eda\u00bb \u2014 \" data-secret=\"jtsO4nzb7n\" frameborder=\"0\" marginwidth=\"0\" marginheight=\"0\" scrolling=\"no\" class=\"wp-embedded-content\"><\/iframe><script type=\"text\/javascript\">\n\/* <![CDATA[ *\/\n\/*! This file is auto-generated *\/\n!function(d,l){\"use strict\";l.querySelector&&d.addEventListener&&\"undefined\"!=typeof URL&&(d.wp=d.wp||{},d.wp.receiveEmbedMessage||(d.wp.receiveEmbedMessage=function(e){var t=e.data;if((t||t.secret||t.message||t.value)&&!\/[^a-zA-Z0-9]\/.test(t.secret)){for(var s,r,n,a=l.querySelectorAll('iframe[data-secret=\"'+t.secret+'\"]'),o=l.querySelectorAll('blockquote[data-secret=\"'+t.secret+'\"]'),c=new RegExp(\"^https?:$\",\"i\"),i=0;i<o.length;i++)o[i].style.display=\"none\";for(i=0;i<a.length;i++)s=a[i],e.source===s.contentWindow&&(s.removeAttribute(\"style\"),\"height\"===t.message?(1e3<(r=parseInt(t.value,10))?r=1e3:~~r<200&&(r=200),s.height=r):\"link\"===t.message&&(r=new URL(s.getAttribute(\"src\")),n=new URL(t.value),c.test(n.protocol))&&n.host===r.host&&l.activeElement===s&&(d.top.location.href=t.value))}},d.addEventListener(\"message\",d.wp.receiveEmbedMessage,!1),l.addEventListener(\"DOMContentLoaded\",function(){for(var e,t,s=l.querySelectorAll(\"iframe.wp-embedded-content\"),r=0;r<s.length;r++)(t=(e=s[r]).getAttribute(\"data-secret\"))||(t=Math.random().toString(36).substring(2,12),e.src+=\"#?secret=\"+t,e.setAttribute(\"data-secret\",t)),e.contentWindow.postMessage({message:\"ready\",secret:t},\"*\")},!1)))}(window,document);\n\/* ]]> *\/\n<\/script>\n","thumbnail_url":"https:\/\/futbolhoy.co\/wp-content\/uploads\/2021\/12\/FHuAMaVXMAM8eOq.jpg","thumbnail_width":680,"thumbnail_height":383,"description":"Atl\u00e9tico Nacional oficializ\u00f3 el regreso del volante Alex Mej\u00eda,\u00a0\u00a0quien ven\u00eda actuando en Santa Fe, como su primer refuerzo para 2022. Mej\u00eda cumplir\u00e1 su tercer ciclo en el equipo antioque\u00f1o, luego dejugar entre 2012 y 2014 y posteriormente entre 2015 y 2016. \u201cSiempre so\u00f1\u00e9 con volver al equipo que me ha dado todo y hoy es [&hellip;]"}

Nacional confirmó a Mejía -

<blockquote class="wp-embedded-content" data-secret="jtsO4nzb7n"><a href="https://futbolhoy.co/index.php/2021/12/28/nacional-confirmo-a-mejia/">Nacional confirmó a Mejía</a></blockquote><iframe sandbox="allow-scripts" security="restricted" src="https://futbolhoy.co/index.php/2021/12/28/nacional-confirmo-a-mejia/embed/#?secret=jtsO4nzb7n" width="600" height="338" title="«Nacional confirmó a Mejía» — " data-secret="jtsO4nzb7n" frameborder="0" marginwidth="0" marginheight="0" scrolling="no" class="wp-embedded-content"></iframe><script type="text/javascript">
/* <![CDATA[ */
/*! This file is auto-generated */
!function(d,l){"use strict";l.querySelector&&d.addEventListener&&"undefined"!=typeof URL&&(d.wp=d.wp||{},d.wp.receiveEmbedMessage||(d.wp.receiveEmbedMessage=function(e){var t=e.data;if((t||t.secret||t.message||t.value)&&!/[^a-zA-Z0-9]/.test(t.secret)){for(var s,r,n,a=l.querySelectorAll('iframe[data-secret="'+t.secret+'"]'),o=l.querySelectorAll('blockquote[data-secret="'+t.secret+'"]'),c=new RegExp("^https?:$","i"),i=0;i<o.length;i++)o[i].style.display="none";for(i=0;i<a.length;i++)s=a[i],e.source===s.contentWindow&&(s.removeAttribute("style"),"height"===t.message?(1e3<(r=parseInt(t.value,10))?r=1e3:~~r<200&&(r=200),s.height=r):"link"===t.message&&(r=new URL(s.getAttribute("src")),n=new URL(t.value),c.test(n.protocol))&&n.host===r.host&&l.activeElement===s&&(d.top.location.href=t.value))}},d.addEventListener("message",d.wp.receiveEmbedMessage,!1),l.addEventListener("DOMContentLoaded",function(){for(var e,t,s=l.querySelectorAll("iframe.wp-embedded-content"),r=0;r<s.length;r++)(t=(e=s[r]).getAttribute("data-secret"))||(t=Math.random().toString(36).substring(2,12),e.src+="#?secret="+t,e.setAttribute("data-secret",t)),e.contentWindow.postMessage({message:"ready",secret:t},"*")},!1)))}(window,document);
/* ]]> */
</script>

Atlético Nacional oficializó el regreso del volante Alex Mejía,  quien venía actuando en Santa Fe, como su primer refuerzo para 2022. Mejía cumplirá su tercer ciclo en el equipo antioqueño, luego dejugar entre 2012 y 2014 y posteriormente entre 2015 y 2016. “Siempre soñé con volver al equipo que me ha dado todo y hoy es [&hellip;]
