{"version":"1.0","provider_name":"","provider_url":"https:\/\/futbolhoy.co","title":"Aubameyang al Barcelona -","type":"rich","width":600,"height":338,"html":"<blockquote class=\"wp-embedded-content\" data-secret=\"pGdhQUQRJ1\"><a href=\"https:\/\/futbolhoy.co\/index.php\/2022\/01\/31\/aubameyang-al-barcelona\/\">Aubameyang al Barcelona<\/a><\/blockquote><iframe sandbox=\"allow-scripts\" security=\"restricted\" src=\"https:\/\/futbolhoy.co\/index.php\/2022\/01\/31\/aubameyang-al-barcelona\/embed\/#?secret=pGdhQUQRJ1\" width=\"600\" height=\"338\" title=\"\u00abAubameyang al Barcelona\u00bb \u2014 \" data-secret=\"pGdhQUQRJ1\" frameborder=\"0\" marginwidth=\"0\" marginheight=\"0\" scrolling=\"no\" class=\"wp-embedded-content\"><\/iframe><script type=\"text\/javascript\">\n\/* <![CDATA[ *\/\n\/*! This file is auto-generated *\/\n!function(d,l){\"use strict\";l.querySelector&&d.addEventListener&&\"undefined\"!=typeof URL&&(d.wp=d.wp||{},d.wp.receiveEmbedMessage||(d.wp.receiveEmbedMessage=function(e){var t=e.data;if((t||t.secret||t.message||t.value)&&!\/[^a-zA-Z0-9]\/.test(t.secret)){for(var s,r,n,a=l.querySelectorAll('iframe[data-secret=\"'+t.secret+'\"]'),o=l.querySelectorAll('blockquote[data-secret=\"'+t.secret+'\"]'),c=new RegExp(\"^https?:$\",\"i\"),i=0;i<o.length;i++)o[i].style.display=\"none\";for(i=0;i<a.length;i++)s=a[i],e.source===s.contentWindow&&(s.removeAttribute(\"style\"),\"height\"===t.message?(1e3<(r=parseInt(t.value,10))?r=1e3:~~r<200&&(r=200),s.height=r):\"link\"===t.message&&(r=new URL(s.getAttribute(\"src\")),n=new URL(t.value),c.test(n.protocol))&&n.host===r.host&&l.activeElement===s&&(d.top.location.href=t.value))}},d.addEventListener(\"message\",d.wp.receiveEmbedMessage,!1),l.addEventListener(\"DOMContentLoaded\",function(){for(var e,t,s=l.querySelectorAll(\"iframe.wp-embedded-content\"),r=0;r<s.length;r++)(t=(e=s[r]).getAttribute(\"data-secret\"))||(t=Math.random().toString(36).substring(2,12),e.src+=\"#?secret=\"+t,e.setAttribute(\"data-secret\",t)),e.contentWindow.postMessage({message:\"ready\",secret:t},\"*\")},!1)))}(window,document);\n\/* ]]> *\/\n<\/script>\n","thumbnail_url":"https:\/\/futbolhoy.co\/wp-content\/uploads\/2022\/01\/FKdw_BDXwAMfNu5.jpg","thumbnail_width":680,"thumbnail_height":418,"description":"Se cerr\u00f3 el mercado de contrataciones de invierno en\u00a0Europa\u00a0y la prensa espa\u00f1ola asegur\u00f3 que la vinculaci\u00f3n del gabon\u00e9s\u00a0Pierre Emerik Aubameyang, por parte del\u00a0Barcelona, fue la mayor novedad del d\u00eda. El jugador tuvo muchas incertidumbres en la jornada, luego de un primer intento fallido, pero sobre la media noche estaba en las instalaciones del club cerrando [&hellip;]"}

Se cerró el mercado de contrataciones de invierno en Europa y la prensa española aseguró que la vinculación del gabonés Pierre Emerik Aubameyang, por parte del Barcelona, fue la mayor novedad del día. El jugador tuvo muchas incertidumbres en la jornada, luego de un primer intento fallido, pero sobre la media noche estaba en las instalaciones del club cerrando [&hellip;]
