{"version":"1.0","provider_name":"","provider_url":"https:\/\/futbolhoy.co","title":"JC Osorio quiere ser ministro del Deporte -","type":"rich","width":600,"height":338,"html":"<blockquote class=\"wp-embedded-content\" data-secret=\"XtuvPHNSIf\"><a href=\"https:\/\/futbolhoy.co\/index.php\/2022\/02\/18\/jc-osorio-quiere-ser-ministro-del-deporte\/\">JC Osorio quiere ser ministro del Deporte<\/a><\/blockquote><iframe sandbox=\"allow-scripts\" security=\"restricted\" src=\"https:\/\/futbolhoy.co\/index.php\/2022\/02\/18\/jc-osorio-quiere-ser-ministro-del-deporte\/embed\/#?secret=XtuvPHNSIf\" width=\"600\" height=\"338\" title=\"\u00abJC Osorio quiere ser ministro del Deporte\u00bb \u2014 \" data-secret=\"XtuvPHNSIf\" frameborder=\"0\" marginwidth=\"0\" marginheight=\"0\" scrolling=\"no\" class=\"wp-embedded-content\"><\/iframe><script type=\"text\/javascript\">\n\/* <![CDATA[ *\/\n\/*! This file is auto-generated *\/\n!function(d,l){\"use strict\";l.querySelector&&d.addEventListener&&\"undefined\"!=typeof URL&&(d.wp=d.wp||{},d.wp.receiveEmbedMessage||(d.wp.receiveEmbedMessage=function(e){var t=e.data;if((t||t.secret||t.message||t.value)&&!\/[^a-zA-Z0-9]\/.test(t.secret)){for(var s,r,n,a=l.querySelectorAll('iframe[data-secret=\"'+t.secret+'\"]'),o=l.querySelectorAll('blockquote[data-secret=\"'+t.secret+'\"]'),c=new RegExp(\"^https?:$\",\"i\"),i=0;i<o.length;i++)o[i].style.display=\"none\";for(i=0;i<a.length;i++)s=a[i],e.source===s.contentWindow&&(s.removeAttribute(\"style\"),\"height\"===t.message?(1e3<(r=parseInt(t.value,10))?r=1e3:~~r<200&&(r=200),s.height=r):\"link\"===t.message&&(r=new URL(s.getAttribute(\"src\")),n=new URL(t.value),c.test(n.protocol))&&n.host===r.host&&l.activeElement===s&&(d.top.location.href=t.value))}},d.addEventListener(\"message\",d.wp.receiveEmbedMessage,!1),l.addEventListener(\"DOMContentLoaded\",function(){for(var e,t,s=l.querySelectorAll(\"iframe.wp-embedded-content\"),r=0;r<s.length;r++)(t=(e=s[r]).getAttribute(\"data-secret\"))||(t=Math.random().toString(36).substring(2,12),e.src+=\"#?secret=\"+t,e.setAttribute(\"data-secret\",t)),e.contentWindow.postMessage({message:\"ready\",secret:t},\"*\")},!1)))}(window,document);\n\/* ]]> *\/\n<\/script>\n","thumbnail_url":"https:\/\/futbolhoy.co\/wp-content\/uploads\/2022\/02\/lSiCCGv4.jpeg","thumbnail_width":2400,"thumbnail_height":1600,"description":"(Juan Carlos Osorio, t\u00e9cnico del Am\u00e9rica en rueda de prensa) El t\u00e9cnico del\u00a0Am\u00e9rica de Cali, Juan Carlos Osorio,\u00a0asegur\u00f3 que no ha expresado la intenci\u00f3n de dirigir gratuitamente la\u00a0selecci\u00f3n Colombia\u00a0y que en el futuro le gustar\u00eda ser\u00a0ministro del Deporte. Osorio hizo sus declaraciones al t\u00e9rmino del partido que su equipo empat\u00f3 1-1 con\u00a0La Equidad\u00a0en el cierre [&hellip;]"}

(Juan Carlos Osorio, técnico del América en rueda de prensa) El técnico del América de Cali, Juan Carlos Osorio, aseguró que no ha expresado la intención de dirigir gratuitamente la selección Colombia y que en el futuro le gustaría ser ministro del Deporte. Osorio hizo sus declaraciones al término del partido que su equipo empató 1-1 con La Equidad en el cierre [&hellip;]
