{"version":"1.0","provider_name":"","provider_url":"https:\/\/futbolhoy.co","author_name":"Laura Hern\u00e1ndez","author_url":"https:\/\/futbolhoy.co\/index.php\/author\/laura-hernandez\/","title":"Enfrentar al Madrid es motivante: Falcao -","type":"rich","width":600,"height":338,"html":"<blockquote class=\"wp-embedded-content\" data-secret=\"ncacDa6erg\"><a href=\"https:\/\/futbolhoy.co\/index.php\/2022\/02\/25\/enfrentar-al-madrid-es-motivante-falcao\/\">Enfrentar al Madrid es motivante: Falcao<\/a><\/blockquote><iframe sandbox=\"allow-scripts\" security=\"restricted\" src=\"https:\/\/futbolhoy.co\/index.php\/2022\/02\/25\/enfrentar-al-madrid-es-motivante-falcao\/embed\/#?secret=ncacDa6erg\" width=\"600\" height=\"338\" title=\"\u00abEnfrentar al Madrid es motivante: Falcao\u00bb \u2014 \" data-secret=\"ncacDa6erg\" frameborder=\"0\" marginwidth=\"0\" marginheight=\"0\" scrolling=\"no\" class=\"wp-embedded-content\"><\/iframe><script>\n\/*! This file is auto-generated *\/\n!function(d,l){\"use strict\";l.querySelector&&d.addEventListener&&\"undefined\"!=typeof URL&&(d.wp=d.wp||{},d.wp.receiveEmbedMessage||(d.wp.receiveEmbedMessage=function(e){var t=e.data;if((t||t.secret||t.message||t.value)&&!\/[^a-zA-Z0-9]\/.test(t.secret)){for(var s,r,n,a=l.querySelectorAll('iframe[data-secret=\"'+t.secret+'\"]'),o=l.querySelectorAll('blockquote[data-secret=\"'+t.secret+'\"]'),c=new RegExp(\"^https?:$\",\"i\"),i=0;i<o.length;i++)o[i].style.display=\"none\";for(i=0;i<a.length;i++)s=a[i],e.source===s.contentWindow&&(s.removeAttribute(\"style\"),\"height\"===t.message?(1e3<(r=parseInt(t.value,10))?r=1e3:~~r<200&&(r=200),s.height=r):\"link\"===t.message&&(r=new URL(s.getAttribute(\"src\")),n=new URL(t.value),c.test(n.protocol))&&n.host===r.host&&l.activeElement===s&&(d.top.location.href=t.value))}},d.addEventListener(\"message\",d.wp.receiveEmbedMessage,!1),l.addEventListener(\"DOMContentLoaded\",function(){for(var e,t,s=l.querySelectorAll(\"iframe.wp-embedded-content\"),r=0;r<s.length;r++)(t=(e=s[r]).getAttribute(\"data-secret\"))||(t=Math.random().toString(36).substring(2,12),e.src+=\"#?secret=\"+t,e.setAttribute(\"data-secret\",t)),e.contentWindow.postMessage({message:\"ready\",secret:t},\"*\")},!1)))}(window,document);\n\/\/# sourceURL=https:\/\/futbolhoy.co\/wp-includes\/js\/wp-embed.min.js\n<\/script>\n","thumbnail_url":"https:\/\/futbolhoy.co\/wp-content\/uploads\/2022\/02\/20220225_165933.jpg","thumbnail_width":1024,"thumbnail_height":570,"description":"El delantero colombiano del Rayo Vallecano, Falcao Garcia, asegur\u00f3 que le motiva el partido que disputar\u00e1 este s\u00e1bado frente al Real Madrid, por la fecha 26 de LaLiga. \u201cEstamos con mucha expectativa porque es una oportunidad despu\u00e9s de resultados que no han sido positivos. Adem\u00e1s, enfrentarse al Real Madrid es muy motivante (\u2026)\u00a0\u00a0Lo m\u00e1s importante [&hellip;]"}

Laura Hernández

El delantero colombiano del Rayo Vallecano, Falcao Garcia, aseguró que le motiva el partido que disputará este sábado frente al Real Madrid, por la fecha 26 de LaLiga. “Estamos con mucha expectativa porque es una oportunidad después de resultados que no han sido positivos. Además, enfrentarse al Real Madrid es muy motivante (…)  Lo más importante [&hellip;]
