{"version":"1.0","provider_name":"","provider_url":"https:\/\/futbolhoy.co","title":"Falcao se perder\u00e1 la Copa del Rey -","type":"rich","width":600,"height":338,"html":"<blockquote class=\"wp-embedded-content\" data-secret=\"xBVkPjD68I\"><a href=\"https:\/\/futbolhoy.co\/index.php\/2022\/03\/02\/falcao-se-perdera-la-copa-del-rey\/\">Falcao se perder\u00e1 la Copa del Rey<\/a><\/blockquote><iframe sandbox=\"allow-scripts\" security=\"restricted\" src=\"https:\/\/futbolhoy.co\/index.php\/2022\/03\/02\/falcao-se-perdera-la-copa-del-rey\/embed\/#?secret=xBVkPjD68I\" width=\"600\" height=\"338\" title=\"\u00abFalcao se perder\u00e1 la Copa del Rey\u00bb \u2014 \" data-secret=\"xBVkPjD68I\" frameborder=\"0\" marginwidth=\"0\" marginheight=\"0\" scrolling=\"no\" class=\"wp-embedded-content\"><\/iframe><script type=\"text\/javascript\">\n\/* <![CDATA[ *\/\n\/*! This file is auto-generated *\/\n!function(d,l){\"use strict\";l.querySelector&&d.addEventListener&&\"undefined\"!=typeof URL&&(d.wp=d.wp||{},d.wp.receiveEmbedMessage||(d.wp.receiveEmbedMessage=function(e){var t=e.data;if((t||t.secret||t.message||t.value)&&!\/[^a-zA-Z0-9]\/.test(t.secret)){for(var s,r,n,a=l.querySelectorAll('iframe[data-secret=\"'+t.secret+'\"]'),o=l.querySelectorAll('blockquote[data-secret=\"'+t.secret+'\"]'),c=new RegExp(\"^https?:$\",\"i\"),i=0;i<o.length;i++)o[i].style.display=\"none\";for(i=0;i<a.length;i++)s=a[i],e.source===s.contentWindow&&(s.removeAttribute(\"style\"),\"height\"===t.message?(1e3<(r=parseInt(t.value,10))?r=1e3:~~r<200&&(r=200),s.height=r):\"link\"===t.message&&(r=new URL(s.getAttribute(\"src\")),n=new URL(t.value),c.test(n.protocol))&&n.host===r.host&&l.activeElement===s&&(d.top.location.href=t.value))}},d.addEventListener(\"message\",d.wp.receiveEmbedMessage,!1),l.addEventListener(\"DOMContentLoaded\",function(){for(var e,t,s=l.querySelectorAll(\"iframe.wp-embedded-content\"),r=0;r<s.length;r++)(t=(e=s[r]).getAttribute(\"data-secret\"))||(t=Math.random().toString(36).substring(2,12),e.src+=\"#?secret=\"+t,e.setAttribute(\"data-secret\",t)),e.contentWindow.postMessage({message:\"ready\",secret:t},\"*\")},!1)))}(window,document);\n\/* ]]> *\/\n<\/script>\n","thumbnail_url":"https:\/\/futbolhoy.co\/wp-content\/uploads\/2022\/03\/FM2VpKcXsAQS_sq.jpg","thumbnail_width":680,"thumbnail_height":454,"description":"El delantero colombiano\u00a0Falcao Garc\u00eda\u00a0sufre un pinchazo en un gemelo y su presencia con el\u00a0Rayo Vallecano\u00a0en el partido de semifinales de la\u00a0Copa del Rey\u00a0frente al\u00a0Betis\u00a0este jueves est\u00e1 descartada, seg\u00fan anunci\u00f3 el t\u00e9cnico\u00a0Andoni Iraola. El problema f\u00edsico de Falcao supone un contratiempo importante para Iraola que, al no poder contar finalmente con el samario, tendr\u00e1 que buscar [&hellip;]"}

Falcao se perderá la Copa del Rey -

<blockquote class="wp-embedded-content" data-secret="xBVkPjD68I"><a href="https://futbolhoy.co/index.php/2022/03/02/falcao-se-perdera-la-copa-del-rey/">Falcao se perderá la Copa del Rey</a></blockquote><iframe sandbox="allow-scripts" security="restricted" src="https://futbolhoy.co/index.php/2022/03/02/falcao-se-perdera-la-copa-del-rey/embed/#?secret=xBVkPjD68I" width="600" height="338" title="«Falcao se perderá la Copa del Rey» — " data-secret="xBVkPjD68I" frameborder="0" marginwidth="0" marginheight="0" scrolling="no" class="wp-embedded-content"></iframe><script type="text/javascript">
/* <![CDATA[ */
/*! This file is auto-generated */
!function(d,l){"use strict";l.querySelector&&d.addEventListener&&"undefined"!=typeof URL&&(d.wp=d.wp||{},d.wp.receiveEmbedMessage||(d.wp.receiveEmbedMessage=function(e){var t=e.data;if((t||t.secret||t.message||t.value)&&!/[^a-zA-Z0-9]/.test(t.secret)){for(var s,r,n,a=l.querySelectorAll('iframe[data-secret="'+t.secret+'"]'),o=l.querySelectorAll('blockquote[data-secret="'+t.secret+'"]'),c=new RegExp("^https?:$","i"),i=0;i<o.length;i++)o[i].style.display="none";for(i=0;i<a.length;i++)s=a[i],e.source===s.contentWindow&&(s.removeAttribute("style"),"height"===t.message?(1e3<(r=parseInt(t.value,10))?r=1e3:~~r<200&&(r=200),s.height=r):"link"===t.message&&(r=new URL(s.getAttribute("src")),n=new URL(t.value),c.test(n.protocol))&&n.host===r.host&&l.activeElement===s&&(d.top.location.href=t.value))}},d.addEventListener("message",d.wp.receiveEmbedMessage,!1),l.addEventListener("DOMContentLoaded",function(){for(var e,t,s=l.querySelectorAll("iframe.wp-embedded-content"),r=0;r<s.length;r++)(t=(e=s[r]).getAttribute("data-secret"))||(t=Math.random().toString(36).substring(2,12),e.src+="#?secret="+t,e.setAttribute("data-secret",t)),e.contentWindow.postMessage({message:"ready",secret:t},"*")},!1)))}(window,document);
/* ]]> */
</script>

El delantero colombiano Falcao García sufre un pinchazo en un gemelo y su presencia con el Rayo Vallecano en el partido de semifinales de la Copa del Rey frente al Betis este jueves está descartada, según anunció el técnico Andoni Iraola. El problema físico de Falcao supone un contratiempo importante para Iraola que, al no poder contar finalmente con el samario, tendrá que buscar [&hellip;]
