{"version":"1.0","provider_name":"","provider_url":"https:\/\/futbolhoy.co","author_name":"Laura Hern\u00e1ndez","author_url":"https:\/\/futbolhoy.co\/index.php\/author\/laura-hernandez\/","title":"James ausente en Liga -","type":"rich","width":600,"height":338,"html":"<blockquote class=\"wp-embedded-content\" data-secret=\"eSsPXaJx2G\"><a href=\"https:\/\/futbolhoy.co\/index.php\/2022\/03\/08\/james-ausente-en-liga\/\">James ausente en Liga<\/a><\/blockquote><iframe sandbox=\"allow-scripts\" security=\"restricted\" src=\"https:\/\/futbolhoy.co\/index.php\/2022\/03\/08\/james-ausente-en-liga\/embed\/#?secret=eSsPXaJx2G\" width=\"600\" height=\"338\" title=\"\u00abJames ausente en Liga\u00bb \u2014 \" data-secret=\"eSsPXaJx2G\" frameborder=\"0\" marginwidth=\"0\" marginheight=\"0\" scrolling=\"no\" class=\"wp-embedded-content\"><\/iframe><script>\n\/*! This file is auto-generated *\/\n!function(d,l){\"use strict\";l.querySelector&&d.addEventListener&&\"undefined\"!=typeof URL&&(d.wp=d.wp||{},d.wp.receiveEmbedMessage||(d.wp.receiveEmbedMessage=function(e){var t=e.data;if((t||t.secret||t.message||t.value)&&!\/[^a-zA-Z0-9]\/.test(t.secret)){for(var s,r,n,a=l.querySelectorAll('iframe[data-secret=\"'+t.secret+'\"]'),o=l.querySelectorAll('blockquote[data-secret=\"'+t.secret+'\"]'),c=new RegExp(\"^https?:$\",\"i\"),i=0;i<o.length;i++)o[i].style.display=\"none\";for(i=0;i<a.length;i++)s=a[i],e.source===s.contentWindow&&(s.removeAttribute(\"style\"),\"height\"===t.message?(1e3<(r=parseInt(t.value,10))?r=1e3:~~r<200&&(r=200),s.height=r):\"link\"===t.message&&(r=new URL(s.getAttribute(\"src\")),n=new URL(t.value),c.test(n.protocol))&&n.host===r.host&&l.activeElement===s&&(d.top.location.href=t.value))}},d.addEventListener(\"message\",d.wp.receiveEmbedMessage,!1),l.addEventListener(\"DOMContentLoaded\",function(){for(var e,t,s=l.querySelectorAll(\"iframe.wp-embedded-content\"),r=0;r<s.length;r++)(t=(e=s[r]).getAttribute(\"data-secret\"))||(t=Math.random().toString(36).substring(2,12),e.src+=\"#?secret=\"+t,e.setAttribute(\"data-secret\",t)),e.contentWindow.postMessage({message:\"ready\",secret:t},\"*\")},!1)))}(window,document);\n\/\/# sourceURL=https:\/\/futbolhoy.co\/wp-includes\/js\/wp-embed.min.js\n<\/script>\n","thumbnail_url":"https:\/\/futbolhoy.co\/wp-content\/uploads\/2022\/03\/FNVGoM1WQAED_V4.jpg","thumbnail_width":680,"thumbnail_height":594,"description":"James Rodr\u00edguez no fue convocado para el juego donde su equipo Al Rayyan cay\u00f3 1-0 este martes en su visita a Al Sadd, por la fecha 14 de la Qatar Stars League. Su club no revel\u00f3 los motivos por los cuales no fue citado, aunque extraoficialmente se dijo que el colombiano habr\u00eda presentado un problema [&hellip;]"}

Laura Hernández

James Rodríguez no fue convocado para el juego donde su equipo Al Rayyan cayó 1-0 este martes en su visita a Al Sadd, por la fecha 14 de la Qatar Stars League. Su club no reveló los motivos por los cuales no fue citado, aunque extraoficialmente se dijo que el colombiano habría presentado un problema [&hellip;]
