{"version":"1.0","provider_name":"","provider_url":"https:\/\/futbolhoy.co","title":"Morelos, segunda baja de Colombia -","type":"rich","width":600,"height":338,"html":"<blockquote class=\"wp-embedded-content\" data-secret=\"aVl4ha4cg5\"><a href=\"https:\/\/futbolhoy.co\/index.php\/2022\/03\/26\/morelos-segunda-baja-de-colombia\/\">Morelos, segunda baja de Colombia<\/a><\/blockquote><iframe sandbox=\"allow-scripts\" security=\"restricted\" src=\"https:\/\/futbolhoy.co\/index.php\/2022\/03\/26\/morelos-segunda-baja-de-colombia\/embed\/#?secret=aVl4ha4cg5\" width=\"600\" height=\"338\" title=\"\u00abMorelos, segunda baja de Colombia\u00bb \u2014 \" data-secret=\"aVl4ha4cg5\" frameborder=\"0\" marginwidth=\"0\" marginheight=\"0\" scrolling=\"no\" class=\"wp-embedded-content\"><\/iframe><script type=\"text\/javascript\">\n\/* <![CDATA[ *\/\n\/*! This file is auto-generated *\/\n!function(d,l){\"use strict\";l.querySelector&&d.addEventListener&&\"undefined\"!=typeof URL&&(d.wp=d.wp||{},d.wp.receiveEmbedMessage||(d.wp.receiveEmbedMessage=function(e){var t=e.data;if((t||t.secret||t.message||t.value)&&!\/[^a-zA-Z0-9]\/.test(t.secret)){for(var s,r,n,a=l.querySelectorAll('iframe[data-secret=\"'+t.secret+'\"]'),o=l.querySelectorAll('blockquote[data-secret=\"'+t.secret+'\"]'),c=new RegExp(\"^https?:$\",\"i\"),i=0;i<o.length;i++)o[i].style.display=\"none\";for(i=0;i<a.length;i++)s=a[i],e.source===s.contentWindow&&(s.removeAttribute(\"style\"),\"height\"===t.message?(1e3<(r=parseInt(t.value,10))?r=1e3:~~r<200&&(r=200),s.height=r):\"link\"===t.message&&(r=new URL(s.getAttribute(\"src\")),n=new URL(t.value),c.test(n.protocol))&&n.host===r.host&&l.activeElement===s&&(d.top.location.href=t.value))}},d.addEventListener(\"message\",d.wp.receiveEmbedMessage,!1),l.addEventListener(\"DOMContentLoaded\",function(){for(var e,t,s=l.querySelectorAll(\"iframe.wp-embedded-content\"),r=0;r<s.length;r++)(t=(e=s[r]).getAttribute(\"data-secret\"))||(t=Math.random().toString(36).substring(2,12),e.src+=\"#?secret=\"+t,e.setAttribute(\"data-secret\",t)),e.contentWindow.postMessage({message:\"ready\",secret:t},\"*\")},!1)))}(window,document);\n\/* ]]> *\/\n<\/script>\n","thumbnail_url":"https:\/\/futbolhoy.co\/wp-content\/uploads\/2022\/03\/FOzNYX8XwAQbvII.jpg","thumbnail_width":620,"thumbnail_height":420,"description":"El delantero Alfredo Morelos se convirti\u00f3 en la segunda baja de la selecci\u00f3n Colombia en esta serie final de las eliminatorias al Mundial Qatar 2022, despu\u00e9s del volante Juan Guillermo Cuadrado. Morelos, del Rangers escoc\u00e9s, sufre una lesi\u00f3n muscular, que no le permiti\u00f3 estar disponible para el juego del pasado jueves frente a Bolivia en [&hellip;]"}

El delantero Alfredo Morelos se convirtió en la segunda baja de la selección Colombia en esta serie final de las eliminatorias al Mundial Qatar 2022, después del volante Juan Guillermo Cuadrado. Morelos, del Rangers escocés, sufre una lesión muscular, que no le permitió estar disponible para el juego del pasado jueves frente a Bolivia en [&hellip;]
