{"version":"1.0","provider_name":"","provider_url":"https:\/\/futbolhoy.co","title":"Mina podr\u00eda reaparecer a finales de mes -","type":"rich","width":600,"height":338,"html":"<blockquote class=\"wp-embedded-content\" data-secret=\"ABp698GEYl\"><a href=\"https:\/\/futbolhoy.co\/index.php\/2022\/04\/08\/mina-podria-reaparecer-a-finales-de-mes\/\">Mina podr\u00eda reaparecer a finales de mes<\/a><\/blockquote><iframe sandbox=\"allow-scripts\" security=\"restricted\" src=\"https:\/\/futbolhoy.co\/index.php\/2022\/04\/08\/mina-podria-reaparecer-a-finales-de-mes\/embed\/#?secret=ABp698GEYl\" width=\"600\" height=\"338\" title=\"\u00abMina podr\u00eda reaparecer a finales de mes\u00bb \u2014 \" data-secret=\"ABp698GEYl\" frameborder=\"0\" marginwidth=\"0\" marginheight=\"0\" scrolling=\"no\" class=\"wp-embedded-content\"><\/iframe><script type=\"text\/javascript\">\n\/* <![CDATA[ *\/\n\/*! This file is auto-generated *\/\n!function(d,l){\"use strict\";l.querySelector&&d.addEventListener&&\"undefined\"!=typeof URL&&(d.wp=d.wp||{},d.wp.receiveEmbedMessage||(d.wp.receiveEmbedMessage=function(e){var t=e.data;if((t||t.secret||t.message||t.value)&&!\/[^a-zA-Z0-9]\/.test(t.secret)){for(var s,r,n,a=l.querySelectorAll('iframe[data-secret=\"'+t.secret+'\"]'),o=l.querySelectorAll('blockquote[data-secret=\"'+t.secret+'\"]'),c=new RegExp(\"^https?:$\",\"i\"),i=0;i<o.length;i++)o[i].style.display=\"none\";for(i=0;i<a.length;i++)s=a[i],e.source===s.contentWindow&&(s.removeAttribute(\"style\"),\"height\"===t.message?(1e3<(r=parseInt(t.value,10))?r=1e3:~~r<200&&(r=200),s.height=r):\"link\"===t.message&&(r=new URL(s.getAttribute(\"src\")),n=new URL(t.value),c.test(n.protocol))&&n.host===r.host&&l.activeElement===s&&(d.top.location.href=t.value))}},d.addEventListener(\"message\",d.wp.receiveEmbedMessage,!1),l.addEventListener(\"DOMContentLoaded\",function(){for(var e,t,s=l.querySelectorAll(\"iframe.wp-embedded-content\"),r=0;r<s.length;r++)(t=(e=s[r]).getAttribute(\"data-secret\"))||(t=Math.random().toString(36).substring(2,12),e.src+=\"#?secret=\"+t,e.setAttribute(\"data-secret\",t)),e.contentWindow.postMessage({message:\"ready\",secret:t},\"*\")},!1)))}(window,document);\n\/* ]]> *\/\n<\/script>\n","thumbnail_url":"https:\/\/futbolhoy.co\/wp-content\/uploads\/2022\/04\/20220408_143823.jpg","thumbnail_width":2048,"thumbnail_height":1365,"description":"El central colombiano Yerry Mina podr\u00eda regresar a competencia despu\u00e9s del 20 de abril, trascendi\u00f3 en Everton, a pesar que su entrenador Frank Lampard no coloc\u00f3 una fecha. \u201cYerry Mina no est\u00e1 todav\u00eda preparado para jugar, no est\u00e1 todav\u00eda en forma\u201d, sostuvo Lampard en la m\u00e1s reciente cita con los medios. En el entorno del [&hellip;]"}

Mina podría reaparecer a finales de mes -

<blockquote class="wp-embedded-content" data-secret="ABp698GEYl"><a href="https://futbolhoy.co/index.php/2022/04/08/mina-podria-reaparecer-a-finales-de-mes/">Mina podría reaparecer a finales de mes</a></blockquote><iframe sandbox="allow-scripts" security="restricted" src="https://futbolhoy.co/index.php/2022/04/08/mina-podria-reaparecer-a-finales-de-mes/embed/#?secret=ABp698GEYl" width="600" height="338" title="«Mina podría reaparecer a finales de mes» — " data-secret="ABp698GEYl" frameborder="0" marginwidth="0" marginheight="0" scrolling="no" class="wp-embedded-content"></iframe><script type="text/javascript">
/* <![CDATA[ */
/*! This file is auto-generated */
!function(d,l){"use strict";l.querySelector&&d.addEventListener&&"undefined"!=typeof URL&&(d.wp=d.wp||{},d.wp.receiveEmbedMessage||(d.wp.receiveEmbedMessage=function(e){var t=e.data;if((t||t.secret||t.message||t.value)&&!/[^a-zA-Z0-9]/.test(t.secret)){for(var s,r,n,a=l.querySelectorAll('iframe[data-secret="'+t.secret+'"]'),o=l.querySelectorAll('blockquote[data-secret="'+t.secret+'"]'),c=new RegExp("^https?:$","i"),i=0;i<o.length;i++)o[i].style.display="none";for(i=0;i<a.length;i++)s=a[i],e.source===s.contentWindow&&(s.removeAttribute("style"),"height"===t.message?(1e3<(r=parseInt(t.value,10))?r=1e3:~~r<200&&(r=200),s.height=r):"link"===t.message&&(r=new URL(s.getAttribute("src")),n=new URL(t.value),c.test(n.protocol))&&n.host===r.host&&l.activeElement===s&&(d.top.location.href=t.value))}},d.addEventListener("message",d.wp.receiveEmbedMessage,!1),l.addEventListener("DOMContentLoaded",function(){for(var e,t,s=l.querySelectorAll("iframe.wp-embedded-content"),r=0;r<s.length;r++)(t=(e=s[r]).getAttribute("data-secret"))||(t=Math.random().toString(36).substring(2,12),e.src+="#?secret="+t,e.setAttribute("data-secret",t)),e.contentWindow.postMessage({message:"ready",secret:t},"*")},!1)))}(window,document);
/* ]]> */
</script>

El central colombiano Yerry Mina podría regresar a competencia después del 20 de abril, trascendió en Everton, a pesar que su entrenador Frank Lampard no colocó una fecha. “Yerry Mina no está todavía preparado para jugar, no está todavía en forma”, sostuvo Lampard en la más reciente cita con los medios. En el entorno del [&hellip;]
