{"version":"1.0","provider_name":"","provider_url":"https:\/\/futbolhoy.co","title":"\u2018Bolillo\u2019 sale de Honduras -","type":"rich","width":600,"height":338,"html":"<blockquote class=\"wp-embedded-content\" data-secret=\"uEj8bnXnoI\"><a href=\"https:\/\/futbolhoy.co\/index.php\/2022\/04\/11\/bolillo-sale-de-honduras\/\">\u2018Bolillo\u2019 sale de Honduras<\/a><\/blockquote><iframe sandbox=\"allow-scripts\" security=\"restricted\" src=\"https:\/\/futbolhoy.co\/index.php\/2022\/04\/11\/bolillo-sale-de-honduras\/embed\/#?secret=uEj8bnXnoI\" width=\"600\" height=\"338\" title=\"\u00ab\u2018Bolillo\u2019 sale de Honduras\u00bb \u2014 \" data-secret=\"uEj8bnXnoI\" frameborder=\"0\" marginwidth=\"0\" marginheight=\"0\" scrolling=\"no\" class=\"wp-embedded-content\"><\/iframe><script type=\"text\/javascript\">\n\/* <![CDATA[ *\/\n\/*! This file is auto-generated *\/\n!function(d,l){\"use strict\";l.querySelector&&d.addEventListener&&\"undefined\"!=typeof URL&&(d.wp=d.wp||{},d.wp.receiveEmbedMessage||(d.wp.receiveEmbedMessage=function(e){var t=e.data;if((t||t.secret||t.message||t.value)&&!\/[^a-zA-Z0-9]\/.test(t.secret)){for(var s,r,n,a=l.querySelectorAll('iframe[data-secret=\"'+t.secret+'\"]'),o=l.querySelectorAll('blockquote[data-secret=\"'+t.secret+'\"]'),c=new RegExp(\"^https?:$\",\"i\"),i=0;i<o.length;i++)o[i].style.display=\"none\";for(i=0;i<a.length;i++)s=a[i],e.source===s.contentWindow&&(s.removeAttribute(\"style\"),\"height\"===t.message?(1e3<(r=parseInt(t.value,10))?r=1e3:~~r<200&&(r=200),s.height=r):\"link\"===t.message&&(r=new URL(s.getAttribute(\"src\")),n=new URL(t.value),c.test(n.protocol))&&n.host===r.host&&l.activeElement===s&&(d.top.location.href=t.value))}},d.addEventListener(\"message\",d.wp.receiveEmbedMessage,!1),l.addEventListener(\"DOMContentLoaded\",function(){for(var e,t,s=l.querySelectorAll(\"iframe.wp-embedded-content\"),r=0;r<s.length;r++)(t=(e=s[r]).getAttribute(\"data-secret\"))||(t=Math.random().toString(36).substring(2,12),e.src+=\"#?secret=\"+t,e.setAttribute(\"data-secret\",t)),e.contentWindow.postMessage({message:\"ready\",secret:t},\"*\")},!1)))}(window,document);\n\/* ]]> *\/\n<\/script>\n","thumbnail_url":"https:\/\/futbolhoy.co\/wp-content\/uploads\/2022\/04\/20220411_190606.jpg","thumbnail_width":1000,"thumbnail_height":600,"description":"El entrenador colombiano\u00a0Hern\u00e1n Dar\u00edo \u2018Bolillo\u2019 G\u00f3mez\u00a0dej\u00f3 de ser el\u00a0seleccionador de Honduras, luego de llegar a un acuerdo con los dirigentes de la Federaci\u00f3n nacional. G\u00f3mez no cumpli\u00f3 las expectativas al frente del equipo \u2018catracho\u2019, donde no logr\u00f3 hacerlo reaccionar en la tabla de posiciones del octogonal final de las eliminatorias de la\u00a0Concacaf al Mundial de [&hellip;]"}

El entrenador colombiano Hernán Darío ‘Bolillo’ Gómez dejó de ser el seleccionador de Honduras, luego de llegar a un acuerdo con los dirigentes de la Federación nacional. Gómez no cumplió las expectativas al frente del equipo ‘catracho’, donde no logró hacerlo reaccionar en la tabla de posiciones del octogonal final de las eliminatorias de la Concacaf al Mundial de [&hellip;]
