{"version":"1.0","provider_name":"","provider_url":"https:\/\/futbolhoy.co","author_name":"Laura Hern\u00e1ndez","author_url":"https:\/\/futbolhoy.co\/index.php\/author\/laura-hernandez\/","title":"Quintero podr\u00eda regresar el mi\u00e9rcoles -","type":"rich","width":600,"height":338,"html":"<blockquote class=\"wp-embedded-content\" data-secret=\"4yH6uMELGv\"><a href=\"https:\/\/futbolhoy.co\/index.php\/2022\/05\/09\/quintero-podria-regresar-el-miercoles\/\">Quintero podr\u00eda regresar el mi\u00e9rcoles<\/a><\/blockquote><iframe sandbox=\"allow-scripts\" security=\"restricted\" src=\"https:\/\/futbolhoy.co\/index.php\/2022\/05\/09\/quintero-podria-regresar-el-miercoles\/embed\/#?secret=4yH6uMELGv\" width=\"600\" height=\"338\" title=\"\u00abQuintero podr\u00eda regresar el mi\u00e9rcoles\u00bb \u2014 \" data-secret=\"4yH6uMELGv\" frameborder=\"0\" marginwidth=\"0\" marginheight=\"0\" scrolling=\"no\" class=\"wp-embedded-content\"><\/iframe><script>\n\/*! This file is auto-generated *\/\n!function(d,l){\"use strict\";l.querySelector&&d.addEventListener&&\"undefined\"!=typeof URL&&(d.wp=d.wp||{},d.wp.receiveEmbedMessage||(d.wp.receiveEmbedMessage=function(e){var t=e.data;if((t||t.secret||t.message||t.value)&&!\/[^a-zA-Z0-9]\/.test(t.secret)){for(var s,r,n,a=l.querySelectorAll('iframe[data-secret=\"'+t.secret+'\"]'),o=l.querySelectorAll('blockquote[data-secret=\"'+t.secret+'\"]'),c=new RegExp(\"^https?:$\",\"i\"),i=0;i<o.length;i++)o[i].style.display=\"none\";for(i=0;i<a.length;i++)s=a[i],e.source===s.contentWindow&&(s.removeAttribute(\"style\"),\"height\"===t.message?(1e3<(r=parseInt(t.value,10))?r=1e3:~~r<200&&(r=200),s.height=r):\"link\"===t.message&&(r=new URL(s.getAttribute(\"src\")),n=new URL(t.value),c.test(n.protocol))&&n.host===r.host&&l.activeElement===s&&(d.top.location.href=t.value))}},d.addEventListener(\"message\",d.wp.receiveEmbedMessage,!1),l.addEventListener(\"DOMContentLoaded\",function(){for(var e,t,s=l.querySelectorAll(\"iframe.wp-embedded-content\"),r=0;r<s.length;r++)(t=(e=s[r]).getAttribute(\"data-secret\"))||(t=Math.random().toString(36).substring(2,12),e.src+=\"#?secret=\"+t,e.setAttribute(\"data-secret\",t)),e.contentWindow.postMessage({message:\"ready\",secret:t},\"*\")},!1)))}(window,document);\n\/\/# sourceURL=https:\/\/futbolhoy.co\/wp-includes\/js\/wp-embed.min.js\n<\/script>\n","thumbnail_url":"https:\/\/futbolhoy.co\/wp-content\/uploads\/2022\/05\/FRze0OZWQAAGRqz.jpg","thumbnail_width":680,"thumbnail_height":383,"description":"El volante de River Plate, Juan Fernando Quintero, quien se recupera de una lesi\u00f3n muscular, ser\u00e1 probado este lunes por el t\u00e9cnico Marcelo Gallardo, para conocer si puede contar con \u00e9l en cuartos de final de la Copa de la Liga Profesional de Argentina. Quintero, quien sufri\u00f3 un desgarro en el isquiotibial izquierdo el pasado [&hellip;]"}

Laura Hernández

Quintero podría regresar el miércoles -

<blockquote class="wp-embedded-content" data-secret="4yH6uMELGv"><a href="https://futbolhoy.co/index.php/2022/05/09/quintero-podria-regresar-el-miercoles/">Quintero podría regresar el miércoles</a></blockquote><iframe sandbox="allow-scripts" security="restricted" src="https://futbolhoy.co/index.php/2022/05/09/quintero-podria-regresar-el-miercoles/embed/#?secret=4yH6uMELGv" width="600" height="338" title="«Quintero podría regresar el miércoles» — " data-secret="4yH6uMELGv" frameborder="0" marginwidth="0" marginheight="0" scrolling="no" class="wp-embedded-content"></iframe><script>
/*! This file is auto-generated */
!function(d,l){"use strict";l.querySelector&&d.addEventListener&&"undefined"!=typeof URL&&(d.wp=d.wp||{},d.wp.receiveEmbedMessage||(d.wp.receiveEmbedMessage=function(e){var t=e.data;if((t||t.secret||t.message||t.value)&&!/[^a-zA-Z0-9]/.test(t.secret)){for(var s,r,n,a=l.querySelectorAll('iframe[data-secret="'+t.secret+'"]'),o=l.querySelectorAll('blockquote[data-secret="'+t.secret+'"]'),c=new RegExp("^https?:$","i"),i=0;i<o.length;i++)o[i].style.display="none";for(i=0;i<a.length;i++)s=a[i],e.source===s.contentWindow&&(s.removeAttribute("style"),"height"===t.message?(1e3<(r=parseInt(t.value,10))?r=1e3:~~r<200&&(r=200),s.height=r):"link"===t.message&&(r=new URL(s.getAttribute("src")),n=new URL(t.value),c.test(n.protocol))&&n.host===r.host&&l.activeElement===s&&(d.top.location.href=t.value))}},d.addEventListener("message",d.wp.receiveEmbedMessage,!1),l.addEventListener("DOMContentLoaded",function(){for(var e,t,s=l.querySelectorAll("iframe.wp-embedded-content"),r=0;r<s.length;r++)(t=(e=s[r]).getAttribute("data-secret"))||(t=Math.random().toString(36).substring(2,12),e.src+="#?secret="+t,e.setAttribute("data-secret",t)),e.contentWindow.postMessage({message:"ready",secret:t},"*")},!1)))}(window,document);
//# sourceURL=https://futbolhoy.co/wp-includes/js/wp-embed.min.js
</script>

El volante de River Plate, Juan Fernando Quintero, quien se recupera de una lesión muscular, será probado este lunes por el técnico Marcelo Gallardo, para conocer si puede contar con él en cuartos de final de la Copa de la Liga Profesional de Argentina. Quintero, quien sufrió un desgarro en el isquiotibial izquierdo el pasado [&hellip;]
