{"version":"1.0","provider_name":"","provider_url":"https:\/\/futbolhoy.co","title":"Mina, dos semanas out -","type":"rich","width":600,"height":338,"html":"<blockquote class=\"wp-embedded-content\" data-secret=\"PWp7TEAH2y\"><a href=\"https:\/\/futbolhoy.co\/index.php\/2022\/05\/10\/mina-dos-semanas-out\/\">Mina, dos semanas out<\/a><\/blockquote><iframe sandbox=\"allow-scripts\" security=\"restricted\" src=\"https:\/\/futbolhoy.co\/index.php\/2022\/05\/10\/mina-dos-semanas-out\/embed\/#?secret=PWp7TEAH2y\" width=\"600\" height=\"338\" title=\"\u00abMina, dos semanas out\u00bb \u2014 \" data-secret=\"PWp7TEAH2y\" frameborder=\"0\" marginwidth=\"0\" marginheight=\"0\" scrolling=\"no\" class=\"wp-embedded-content\"><\/iframe><script type=\"text\/javascript\">\n\/* <![CDATA[ *\/\n\/*! This file is auto-generated *\/\n!function(d,l){\"use strict\";l.querySelector&&d.addEventListener&&\"undefined\"!=typeof URL&&(d.wp=d.wp||{},d.wp.receiveEmbedMessage||(d.wp.receiveEmbedMessage=function(e){var t=e.data;if((t||t.secret||t.message||t.value)&&!\/[^a-zA-Z0-9]\/.test(t.secret)){for(var s,r,n,a=l.querySelectorAll('iframe[data-secret=\"'+t.secret+'\"]'),o=l.querySelectorAll('blockquote[data-secret=\"'+t.secret+'\"]'),c=new RegExp(\"^https?:$\",\"i\"),i=0;i<o.length;i++)o[i].style.display=\"none\";for(i=0;i<a.length;i++)s=a[i],e.source===s.contentWindow&&(s.removeAttribute(\"style\"),\"height\"===t.message?(1e3<(r=parseInt(t.value,10))?r=1e3:~~r<200&&(r=200),s.height=r):\"link\"===t.message&&(r=new URL(s.getAttribute(\"src\")),n=new URL(t.value),c.test(n.protocol))&&n.host===r.host&&l.activeElement===s&&(d.top.location.href=t.value))}},d.addEventListener(\"message\",d.wp.receiveEmbedMessage,!1),l.addEventListener(\"DOMContentLoaded\",function(){for(var e,t,s=l.querySelectorAll(\"iframe.wp-embedded-content\"),r=0;r<s.length;r++)(t=(e=s[r]).getAttribute(\"data-secret\"))||(t=Math.random().toString(36).substring(2,12),e.src+=\"#?secret=\"+t,e.setAttribute(\"data-secret\",t)),e.contentWindow.postMessage({message:\"ready\",secret:t},\"*\")},!1)))}(window,document);\n\/* ]]> *\/\n<\/script>\n","thumbnail_url":"https:\/\/futbolhoy.co\/wp-content\/uploads\/2022\/05\/Yerry-Mina.gif","thumbnail_width":729,"thumbnail_height":592,"description":"Yerry Mina estar\u00e1 al menos dos semanas fuera de las canchas, debido a una nueva lesi\u00f3n en la pantorrilla de la que se resinti\u00f3 el pasado domingo. \u201cYerry Mina tiene una peque\u00f1a lesi\u00f3n en la pantorrilla, por lo que no jugar\u00e1 en este partido ante el Watford. Probablemente estemos mirando hacia el \u00faltimo encuentro de [&hellip;]"}

Yerry Mina estará al menos dos semanas fuera de las canchas, debido a una nueva lesión en la pantorrilla de la que se resintió el pasado domingo. “Yerry Mina tiene una pequeña lesión en la pantorrilla, por lo que no jugará en este partido ante el Watford. Probablemente estemos mirando hacia el último encuentro de [&hellip;]
