{"version":"1.0","provider_name":"","provider_url":"https:\/\/futbolhoy.co","author_name":"Laura Hern\u00e1ndez","author_url":"https:\/\/futbolhoy.co\/index.php\/author\/laura-hernandez\/","title":"Isabella Echeverri deja al Sevilla -","type":"rich","width":600,"height":338,"html":"<blockquote class=\"wp-embedded-content\" data-secret=\"YnRBIave7n\"><a href=\"https:\/\/futbolhoy.co\/index.php\/2022\/05\/26\/isabella-echeverri-deja-al-sevilla\/\">Isabella Echeverri deja al Sevilla<\/a><\/blockquote><iframe sandbox=\"allow-scripts\" security=\"restricted\" src=\"https:\/\/futbolhoy.co\/index.php\/2022\/05\/26\/isabella-echeverri-deja-al-sevilla\/embed\/#?secret=YnRBIave7n\" width=\"600\" height=\"338\" title=\"\u00abIsabella Echeverri deja al Sevilla\u00bb \u2014 \" data-secret=\"YnRBIave7n\" frameborder=\"0\" marginwidth=\"0\" marginheight=\"0\" scrolling=\"no\" class=\"wp-embedded-content\"><\/iframe><script>\n\/*! This file is auto-generated *\/\n!function(d,l){\"use strict\";l.querySelector&&d.addEventListener&&\"undefined\"!=typeof URL&&(d.wp=d.wp||{},d.wp.receiveEmbedMessage||(d.wp.receiveEmbedMessage=function(e){var t=e.data;if((t||t.secret||t.message||t.value)&&!\/[^a-zA-Z0-9]\/.test(t.secret)){for(var s,r,n,a=l.querySelectorAll('iframe[data-secret=\"'+t.secret+'\"]'),o=l.querySelectorAll('blockquote[data-secret=\"'+t.secret+'\"]'),c=new RegExp(\"^https?:$\",\"i\"),i=0;i<o.length;i++)o[i].style.display=\"none\";for(i=0;i<a.length;i++)s=a[i],e.source===s.contentWindow&&(s.removeAttribute(\"style\"),\"height\"===t.message?(1e3<(r=parseInt(t.value,10))?r=1e3:~~r<200&&(r=200),s.height=r):\"link\"===t.message&&(r=new URL(s.getAttribute(\"src\")),n=new URL(t.value),c.test(n.protocol))&&n.host===r.host&&l.activeElement===s&&(d.top.location.href=t.value))}},d.addEventListener(\"message\",d.wp.receiveEmbedMessage,!1),l.addEventListener(\"DOMContentLoaded\",function(){for(var e,t,s=l.querySelectorAll(\"iframe.wp-embedded-content\"),r=0;r<s.length;r++)(t=(e=s[r]).getAttribute(\"data-secret\"))||(t=Math.random().toString(36).substring(2,12),e.src+=\"#?secret=\"+t,e.setAttribute(\"data-secret\",t)),e.contentWindow.postMessage({message:\"ready\",secret:t},\"*\")},!1)))}(window,document);\n\/\/# sourceURL=https:\/\/futbolhoy.co\/wp-includes\/js\/wp-embed.min.js\n<\/script>\n","thumbnail_url":"https:\/\/futbolhoy.co\/wp-content\/uploads\/2022\/05\/Isa.gif","thumbnail_width":851,"thumbnail_height":560,"description":"La defensa antioque\u00f1a, Isabella Echeverri, no continuar\u00e1 la pr\u00f3xima temporada en el Sevilla\u00a0Femenino despu\u00e9s de tres a\u00f1os en el club. La jugadora, de 27 a\u00f1os de edad, se despide como capitana del equipo con el que disput\u00f3 59 partidos entre Liga y Copa de la Reina (4.308 minutos). La colombiana agradeci\u00f3 en sus redes sociales [&hellip;]"}

Laura Hernández

La defensa antioqueña, Isabella Echeverri, no continuará la próxima temporada en el Sevilla Femenino después de tres años en el club. La jugadora, de 27 años de edad, se despide como capitana del equipo con el que disputó 59 partidos entre Liga y Copa de la Reina (4.308 minutos). La colombiana agradeció en sus redes sociales [&hellip;]
