{"version":"1.0","provider_name":"","provider_url":"https:\/\/futbolhoy.co","title":"Yerry Mina, baja ocho semanas -","type":"rich","width":600,"height":338,"html":"<blockquote class=\"wp-embedded-content\" data-secret=\"4RJDtkO2ME\"><a href=\"https:\/\/futbolhoy.co\/index.php\/2022\/08\/14\/yerry-mina-baja-ocho-semanas\/\">Yerry Mina, baja ocho semanas<\/a><\/blockquote><iframe sandbox=\"allow-scripts\" security=\"restricted\" src=\"https:\/\/futbolhoy.co\/index.php\/2022\/08\/14\/yerry-mina-baja-ocho-semanas\/embed\/#?secret=4RJDtkO2ME\" width=\"600\" height=\"338\" title=\"\u00abYerry Mina, baja ocho semanas\u00bb \u2014 \" data-secret=\"4RJDtkO2ME\" frameborder=\"0\" marginwidth=\"0\" marginheight=\"0\" scrolling=\"no\" class=\"wp-embedded-content\"><\/iframe><script type=\"text\/javascript\">\n\/* <![CDATA[ *\/\n\/*! This file is auto-generated *\/\n!function(d,l){\"use strict\";l.querySelector&&d.addEventListener&&\"undefined\"!=typeof URL&&(d.wp=d.wp||{},d.wp.receiveEmbedMessage||(d.wp.receiveEmbedMessage=function(e){var t=e.data;if((t||t.secret||t.message||t.value)&&!\/[^a-zA-Z0-9]\/.test(t.secret)){for(var s,r,n,a=l.querySelectorAll('iframe[data-secret=\"'+t.secret+'\"]'),o=l.querySelectorAll('blockquote[data-secret=\"'+t.secret+'\"]'),c=new RegExp(\"^https?:$\",\"i\"),i=0;i<o.length;i++)o[i].style.display=\"none\";for(i=0;i<a.length;i++)s=a[i],e.source===s.contentWindow&&(s.removeAttribute(\"style\"),\"height\"===t.message?(1e3<(r=parseInt(t.value,10))?r=1e3:~~r<200&&(r=200),s.height=r):\"link\"===t.message&&(r=new URL(s.getAttribute(\"src\")),n=new URL(t.value),c.test(n.protocol))&&n.host===r.host&&l.activeElement===s&&(d.top.location.href=t.value))}},d.addEventListener(\"message\",d.wp.receiveEmbedMessage,!1),l.addEventListener(\"DOMContentLoaded\",function(){for(var e,t,s=l.querySelectorAll(\"iframe.wp-embedded-content\"),r=0;r<s.length;r++)(t=(e=s[r]).getAttribute(\"data-secret\"))||(t=Math.random().toString(36).substring(2,12),e.src+=\"#?secret=\"+t,e.setAttribute(\"data-secret\",t)),e.contentWindow.postMessage({message:\"ready\",secret:t},\"*\")},!1)))}(window,document);\n\/* ]]> *\/\n<\/script>\n","thumbnail_url":"https:\/\/futbolhoy.co\/wp-content\/uploads\/2022\/08\/E_QA7d5XEAIeIv2.jpg","thumbnail_width":680,"thumbnail_height":383,"description":"El defensa central colombiano\u00a0Yerry Mina\u00a0estar\u00e1 ausente de las canchas alrededor de\u00a0dos meses, seg\u00fan anunci\u00f3\u00a0el t\u00e9cnico del Everton, Frank Lampard. El zaguero caucano presenta una lesi\u00f3n en los\u00a0ligamentos del tobillo derecho, a\u00fan sin darse a conocer con exactitud a la opini\u00f3n p\u00fablica, la cual fue sufrida en la primera fecha de la\u00a0Liga Premier ante el Chelsea, [&hellip;]"}

El defensa central colombiano Yerry Mina estará ausente de las canchas alrededor de dos meses, según anunció el técnico del Everton, Frank Lampard. El zaguero caucano presenta una lesión en los ligamentos del tobillo derecho, aún sin darse a conocer con exactitud a la opinión pública, la cual fue sufrida en la primera fecha de la Liga Premier ante el Chelsea, [&hellip;]
