{"version":"1.0","provider_name":"","provider_url":"https:\/\/futbolhoy.co","title":"Mojica al Villarreal -","type":"rich","width":600,"height":338,"html":"<blockquote class=\"wp-embedded-content\" data-secret=\"KSGJHalAdY\"><a href=\"https:\/\/futbolhoy.co\/index.php\/2022\/09\/01\/mojica-al-villarreal\/\">Mojica al Villarreal<\/a><\/blockquote><iframe sandbox=\"allow-scripts\" security=\"restricted\" src=\"https:\/\/futbolhoy.co\/index.php\/2022\/09\/01\/mojica-al-villarreal\/embed\/#?secret=KSGJHalAdY\" width=\"600\" height=\"338\" title=\"\u00abMojica al Villarreal\u00bb \u2014 \" data-secret=\"KSGJHalAdY\" frameborder=\"0\" marginwidth=\"0\" marginheight=\"0\" scrolling=\"no\" class=\"wp-embedded-content\"><\/iframe><script type=\"text\/javascript\">\n\/* <![CDATA[ *\/\n\/*! This file is auto-generated *\/\n!function(d,l){\"use strict\";l.querySelector&&d.addEventListener&&\"undefined\"!=typeof URL&&(d.wp=d.wp||{},d.wp.receiveEmbedMessage||(d.wp.receiveEmbedMessage=function(e){var t=e.data;if((t||t.secret||t.message||t.value)&&!\/[^a-zA-Z0-9]\/.test(t.secret)){for(var s,r,n,a=l.querySelectorAll('iframe[data-secret=\"'+t.secret+'\"]'),o=l.querySelectorAll('blockquote[data-secret=\"'+t.secret+'\"]'),c=new RegExp(\"^https?:$\",\"i\"),i=0;i<o.length;i++)o[i].style.display=\"none\";for(i=0;i<a.length;i++)s=a[i],e.source===s.contentWindow&&(s.removeAttribute(\"style\"),\"height\"===t.message?(1e3<(r=parseInt(t.value,10))?r=1e3:~~r<200&&(r=200),s.height=r):\"link\"===t.message&&(r=new URL(s.getAttribute(\"src\")),n=new URL(t.value),c.test(n.protocol))&&n.host===r.host&&l.activeElement===s&&(d.top.location.href=t.value))}},d.addEventListener(\"message\",d.wp.receiveEmbedMessage,!1),l.addEventListener(\"DOMContentLoaded\",function(){for(var e,t,s=l.querySelectorAll(\"iframe.wp-embedded-content\"),r=0;r<s.length;r++)(t=(e=s[r]).getAttribute(\"data-secret\"))||(t=Math.random().toString(36).substring(2,12),e.src+=\"#?secret=\"+t,e.setAttribute(\"data-secret\",t)),e.contentWindow.postMessage({message:\"ready\",secret:t},\"*\")},!1)))}(window,document);\n\/* ]]> *\/\n<\/script>\n","thumbnail_url":"https:\/\/futbolhoy.co\/wp-content\/uploads\/2022\/09\/20220902_070236.jpg","thumbnail_width":1433,"thumbnail_height":1433,"description":"El lateral izquierdo colombiano\u00a0Johan Mojica\u00a0fue transferido del\u00a0Elche al Villarreal en LaLiga\u00a0el \u00faltimo d\u00eda de transferencias en\u00a0Espa\u00f1a, por un valor superior al de su cl\u00e1usula de rescisi\u00f3n, que estaba establecida en 5,5 millones de euros, seg\u00fan inform\u00f3 su anterior equipo. Mojica se presentar\u00e1 este viernes a los entrenamientos con\u00a0el \u2018submarino amarillo\u2019\u00a0donde portar\u00e1 la camiseta con el [&hellip;]"}

El lateral izquierdo colombiano Johan Mojica fue transferido del Elche al Villarreal en LaLiga el último día de transferencias en España, por un valor superior al de su cláusula de rescisión, que estaba establecida en 5,5 millones de euros, según informó su anterior equipo. Mojica se presentará este viernes a los entrenamientos con el ‘submarino amarillo’ donde portará la camiseta con el [&hellip;]
