{"version":"1.0","provider_name":"","provider_url":"https:\/\/futbolhoy.co","title":"David de Gea se va del Manchester United -","type":"rich","width":600,"height":338,"html":"<blockquote class=\"wp-embedded-content\" data-secret=\"jQHa8VsakM\"><a href=\"https:\/\/futbolhoy.co\/index.php\/2023\/07\/08\/david-de-gea-se-va-del-manchester-united\/\">David de Gea se va del Manchester United<\/a><\/blockquote><iframe sandbox=\"allow-scripts\" security=\"restricted\" src=\"https:\/\/futbolhoy.co\/index.php\/2023\/07\/08\/david-de-gea-se-va-del-manchester-united\/embed\/#?secret=jQHa8VsakM\" width=\"600\" height=\"338\" title=\"\u00abDavid de Gea se va del Manchester United\u00bb \u2014 \" data-secret=\"jQHa8VsakM\" frameborder=\"0\" marginwidth=\"0\" marginheight=\"0\" scrolling=\"no\" class=\"wp-embedded-content\"><\/iframe><script type=\"text\/javascript\">\n\/* <![CDATA[ *\/\n\/*! This file is auto-generated *\/\n!function(d,l){\"use strict\";l.querySelector&&d.addEventListener&&\"undefined\"!=typeof URL&&(d.wp=d.wp||{},d.wp.receiveEmbedMessage||(d.wp.receiveEmbedMessage=function(e){var t=e.data;if((t||t.secret||t.message||t.value)&&!\/[^a-zA-Z0-9]\/.test(t.secret)){for(var s,r,n,a=l.querySelectorAll('iframe[data-secret=\"'+t.secret+'\"]'),o=l.querySelectorAll('blockquote[data-secret=\"'+t.secret+'\"]'),c=new RegExp(\"^https?:$\",\"i\"),i=0;i<o.length;i++)o[i].style.display=\"none\";for(i=0;i<a.length;i++)s=a[i],e.source===s.contentWindow&&(s.removeAttribute(\"style\"),\"height\"===t.message?(1e3<(r=parseInt(t.value,10))?r=1e3:~~r<200&&(r=200),s.height=r):\"link\"===t.message&&(r=new URL(s.getAttribute(\"src\")),n=new URL(t.value),c.test(n.protocol))&&n.host===r.host&&l.activeElement===s&&(d.top.location.href=t.value))}},d.addEventListener(\"message\",d.wp.receiveEmbedMessage,!1),l.addEventListener(\"DOMContentLoaded\",function(){for(var e,t,s=l.querySelectorAll(\"iframe.wp-embedded-content\"),r=0;r<s.length;r++)(t=(e=s[r]).getAttribute(\"data-secret\"))||(t=Math.random().toString(36).substring(2,12),e.src+=\"#?secret=\"+t,e.setAttribute(\"data-secret\",t)),e.contentWindow.postMessage({message:\"ready\",secret:t},\"*\")},!1)))}(window,document);\n\/* ]]> *\/\n<\/script>\n","thumbnail_url":"https:\/\/futbolhoy.co\/wp-content\/uploads\/2023\/07\/IMG_4956.jpeg","thumbnail_width":1170,"thumbnail_height":785,"description":"Despu\u00e9s de 12 a\u00f1os, David de Gea no seguir\u00e1 defendiendo los colores del Manchester United desde la temporada que est\u00e1 por iniciar. El guardameta espa\u00f1ol es uno de los jugadores con m\u00e1s r\u00e9cords con la camiseta de los \u2018red devils\u2019.\u00a0 La futura llegada de Andr\u00e9 Onana, portero del Inter de Mil\u00e1n, y la duda de [&hellip;]"}

Después de 12 años, David de Gea no seguirá defendiendo los colores del Manchester United desde la temporada que está por iniciar. El guardameta español es uno de los jugadores con más récords con la camiseta de los ‘red devils’.  La futura llegada de André Onana, portero del Inter de Milán, y la duda de [&hellip;]
