{"version":"1.0","provider_name":"","provider_url":"https:\/\/futbolhoy.co","title":"Edwin Cardona podr\u00eda regresar a la Liga Colombiana -","type":"rich","width":600,"height":338,"html":"<blockquote class=\"wp-embedded-content\" data-secret=\"H80J4QwxoI\"><a href=\"https:\/\/futbolhoy.co\/index.php\/2023\/07\/10\/edwin-cardona-podria-regresar-a-la-liga-colombiana\/\">Edwin Cardona podr\u00eda regresar a la Liga Colombiana<\/a><\/blockquote><iframe sandbox=\"allow-scripts\" security=\"restricted\" src=\"https:\/\/futbolhoy.co\/index.php\/2023\/07\/10\/edwin-cardona-podria-regresar-a-la-liga-colombiana\/embed\/#?secret=H80J4QwxoI\" width=\"600\" height=\"338\" title=\"\u00abEdwin Cardona podr\u00eda regresar a la Liga Colombiana\u00bb \u2014 \" data-secret=\"H80J4QwxoI\" frameborder=\"0\" marginwidth=\"0\" marginheight=\"0\" scrolling=\"no\" class=\"wp-embedded-content\"><\/iframe><script type=\"text\/javascript\">\n\/* <![CDATA[ *\/\n\/*! This file is auto-generated *\/\n!function(d,l){\"use strict\";l.querySelector&&d.addEventListener&&\"undefined\"!=typeof URL&&(d.wp=d.wp||{},d.wp.receiveEmbedMessage||(d.wp.receiveEmbedMessage=function(e){var t=e.data;if((t||t.secret||t.message||t.value)&&!\/[^a-zA-Z0-9]\/.test(t.secret)){for(var s,r,n,a=l.querySelectorAll('iframe[data-secret=\"'+t.secret+'\"]'),o=l.querySelectorAll('blockquote[data-secret=\"'+t.secret+'\"]'),c=new RegExp(\"^https?:$\",\"i\"),i=0;i<o.length;i++)o[i].style.display=\"none\";for(i=0;i<a.length;i++)s=a[i],e.source===s.contentWindow&&(s.removeAttribute(\"style\"),\"height\"===t.message?(1e3<(r=parseInt(t.value,10))?r=1e3:~~r<200&&(r=200),s.height=r):\"link\"===t.message&&(r=new URL(s.getAttribute(\"src\")),n=new URL(t.value),c.test(n.protocol))&&n.host===r.host&&l.activeElement===s&&(d.top.location.href=t.value))}},d.addEventListener(\"message\",d.wp.receiveEmbedMessage,!1),l.addEventListener(\"DOMContentLoaded\",function(){for(var e,t,s=l.querySelectorAll(\"iframe.wp-embedded-content\"),r=0;r<s.length;r++)(t=(e=s[r]).getAttribute(\"data-secret\"))||(t=Math.random().toString(36).substring(2,12),e.src+=\"#?secret=\"+t,e.setAttribute(\"data-secret\",t)),e.contentWindow.postMessage({message:\"ready\",secret:t},\"*\")},!1)))}(window,document);\n\/* ]]> *\/\n<\/script>\n","thumbnail_url":"https:\/\/futbolhoy.co\/wp-content\/uploads\/2023\/07\/IMG_5019.jpeg","thumbnail_width":1000,"thumbnail_height":667,"description":"El mercado de fichajes de la Liga Colombiana sigue dando de qu\u00e9 hablar y ahora en fichaje estrella del Am\u00e9rica de Cali llegar\u00eda desde Argentina, con la posible incorporaci\u00f3n de Edwin Cardona al cuadro escarlata.\u00a0 Mucho se ha especulado sobre el futuro de Cardona, tras su inminente salida de Racing de Avellaneda. Si bien el [&hellip;]"}

Edwin Cardona podría regresar a la Liga Colombiana -

<blockquote class="wp-embedded-content" data-secret="H80J4QwxoI"><a href="https://futbolhoy.co/index.php/2023/07/10/edwin-cardona-podria-regresar-a-la-liga-colombiana/">Edwin Cardona podría regresar a la Liga Colombiana</a></blockquote><iframe sandbox="allow-scripts" security="restricted" src="https://futbolhoy.co/index.php/2023/07/10/edwin-cardona-podria-regresar-a-la-liga-colombiana/embed/#?secret=H80J4QwxoI" width="600" height="338" title="«Edwin Cardona podría regresar a la Liga Colombiana» — " data-secret="H80J4QwxoI" frameborder="0" marginwidth="0" marginheight="0" scrolling="no" class="wp-embedded-content"></iframe><script type="text/javascript">
/* <![CDATA[ */
/*! This file is auto-generated */
!function(d,l){"use strict";l.querySelector&&d.addEventListener&&"undefined"!=typeof URL&&(d.wp=d.wp||{},d.wp.receiveEmbedMessage||(d.wp.receiveEmbedMessage=function(e){var t=e.data;if((t||t.secret||t.message||t.value)&&!/[^a-zA-Z0-9]/.test(t.secret)){for(var s,r,n,a=l.querySelectorAll('iframe[data-secret="'+t.secret+'"]'),o=l.querySelectorAll('blockquote[data-secret="'+t.secret+'"]'),c=new RegExp("^https?:$","i"),i=0;i<o.length;i++)o[i].style.display="none";for(i=0;i<a.length;i++)s=a[i],e.source===s.contentWindow&&(s.removeAttribute("style"),"height"===t.message?(1e3<(r=parseInt(t.value,10))?r=1e3:~~r<200&&(r=200),s.height=r):"link"===t.message&&(r=new URL(s.getAttribute("src")),n=new URL(t.value),c.test(n.protocol))&&n.host===r.host&&l.activeElement===s&&(d.top.location.href=t.value))}},d.addEventListener("message",d.wp.receiveEmbedMessage,!1),l.addEventListener("DOMContentLoaded",function(){for(var e,t,s=l.querySelectorAll("iframe.wp-embedded-content"),r=0;r<s.length;r++)(t=(e=s[r]).getAttribute("data-secret"))||(t=Math.random().toString(36).substring(2,12),e.src+="#?secret="+t,e.setAttribute("data-secret",t)),e.contentWindow.postMessage({message:"ready",secret:t},"*")},!1)))}(window,document);
/* ]]> */
</script>

El mercado de fichajes de la Liga Colombiana sigue dando de qué hablar y ahora en fichaje estrella del América de Cali llegaría desde Argentina, con la posible incorporación de Edwin Cardona al cuadro escarlata.  Mucho se ha especulado sobre el futuro de Cardona, tras su inminente salida de Racing de Avellaneda. Si bien el [&hellip;]
