{"version":"1.0","provider_name":"","provider_url":"https:\/\/futbolhoy.co","title":"Scaloni confirm\u00f3 sus 26 para la Copa Am\u00e9rica -","type":"rich","width":600,"height":338,"html":"<blockquote class=\"wp-embedded-content\" data-secret=\"TysYqdPH9A\"><a href=\"https:\/\/futbolhoy.co\/index.php\/2024\/06\/15\/scaloni-confirmo-sus-26-para-la-copa-america\/\">Scaloni confirm\u00f3 sus 26 para la Copa Am\u00e9rica<\/a><\/blockquote><iframe sandbox=\"allow-scripts\" security=\"restricted\" src=\"https:\/\/futbolhoy.co\/index.php\/2024\/06\/15\/scaloni-confirmo-sus-26-para-la-copa-america\/embed\/#?secret=TysYqdPH9A\" width=\"600\" height=\"338\" title=\"\u00abScaloni confirm\u00f3 sus 26 para la Copa Am\u00e9rica\u00bb \u2014 \" data-secret=\"TysYqdPH9A\" frameborder=\"0\" marginwidth=\"0\" marginheight=\"0\" scrolling=\"no\" class=\"wp-embedded-content\"><\/iframe><script type=\"text\/javascript\">\n\/* <![CDATA[ *\/\n\/*! This file is auto-generated *\/\n!function(d,l){\"use strict\";l.querySelector&&d.addEventListener&&\"undefined\"!=typeof URL&&(d.wp=d.wp||{},d.wp.receiveEmbedMessage||(d.wp.receiveEmbedMessage=function(e){var t=e.data;if((t||t.secret||t.message||t.value)&&!\/[^a-zA-Z0-9]\/.test(t.secret)){for(var s,r,n,a=l.querySelectorAll('iframe[data-secret=\"'+t.secret+'\"]'),o=l.querySelectorAll('blockquote[data-secret=\"'+t.secret+'\"]'),c=new RegExp(\"^https?:$\",\"i\"),i=0;i<o.length;i++)o[i].style.display=\"none\";for(i=0;i<a.length;i++)s=a[i],e.source===s.contentWindow&&(s.removeAttribute(\"style\"),\"height\"===t.message?(1e3<(r=parseInt(t.value,10))?r=1e3:~~r<200&&(r=200),s.height=r):\"link\"===t.message&&(r=new URL(s.getAttribute(\"src\")),n=new URL(t.value),c.test(n.protocol))&&n.host===r.host&&l.activeElement===s&&(d.top.location.href=t.value))}},d.addEventListener(\"message\",d.wp.receiveEmbedMessage,!1),l.addEventListener(\"DOMContentLoaded\",function(){for(var e,t,s=l.querySelectorAll(\"iframe.wp-embedded-content\"),r=0;r<s.length;r++)(t=(e=s[r]).getAttribute(\"data-secret\"))||(t=Math.random().toString(36).substring(2,12),e.src+=\"#?secret=\"+t,e.setAttribute(\"data-secret\",t)),e.contentWindow.postMessage({message:\"ready\",secret:t},\"*\")},!1)))}(window,document);\n\/* ]]> *\/\n<\/script>\n","thumbnail_url":"https:\/\/futbolhoy.co\/wp-content\/uploads\/2024\/06\/IMG_3167.jpeg","thumbnail_width":1080,"thumbnail_height":1080,"description":"El entrenador de la Selecci\u00f3n de Argentina, Lionel Scaloni, dio a conocer la lista definitiva de 26 jugadores con las que afrontar\u00e1 la Copa Am\u00e9rica, en la que defender\u00e1 el t\u00edtulo logrado en 2021 en la recordada final ante Brasil. De la prelista inicial de 29 jugadores, fueron desconvocados el defensor central Leonardo Balerdi (Olympique [&hellip;]"}

Scaloni confirmó sus 26 para la Copa América -

<blockquote class="wp-embedded-content" data-secret="TysYqdPH9A"><a href="https://futbolhoy.co/index.php/2024/06/15/scaloni-confirmo-sus-26-para-la-copa-america/">Scaloni confirmó sus 26 para la Copa América</a></blockquote><iframe sandbox="allow-scripts" security="restricted" src="https://futbolhoy.co/index.php/2024/06/15/scaloni-confirmo-sus-26-para-la-copa-america/embed/#?secret=TysYqdPH9A" width="600" height="338" title="«Scaloni confirmó sus 26 para la Copa América» — " data-secret="TysYqdPH9A" frameborder="0" marginwidth="0" marginheight="0" scrolling="no" class="wp-embedded-content"></iframe><script type="text/javascript">
/* <![CDATA[ */
/*! This file is auto-generated */
!function(d,l){"use strict";l.querySelector&&d.addEventListener&&"undefined"!=typeof URL&&(d.wp=d.wp||{},d.wp.receiveEmbedMessage||(d.wp.receiveEmbedMessage=function(e){var t=e.data;if((t||t.secret||t.message||t.value)&&!/[^a-zA-Z0-9]/.test(t.secret)){for(var s,r,n,a=l.querySelectorAll('iframe[data-secret="'+t.secret+'"]'),o=l.querySelectorAll('blockquote[data-secret="'+t.secret+'"]'),c=new RegExp("^https?:$","i"),i=0;i<o.length;i++)o[i].style.display="none";for(i=0;i<a.length;i++)s=a[i],e.source===s.contentWindow&&(s.removeAttribute("style"),"height"===t.message?(1e3<(r=parseInt(t.value,10))?r=1e3:~~r<200&&(r=200),s.height=r):"link"===t.message&&(r=new URL(s.getAttribute("src")),n=new URL(t.value),c.test(n.protocol))&&n.host===r.host&&l.activeElement===s&&(d.top.location.href=t.value))}},d.addEventListener("message",d.wp.receiveEmbedMessage,!1),l.addEventListener("DOMContentLoaded",function(){for(var e,t,s=l.querySelectorAll("iframe.wp-embedded-content"),r=0;r<s.length;r++)(t=(e=s[r]).getAttribute("data-secret"))||(t=Math.random().toString(36).substring(2,12),e.src+="#?secret="+t,e.setAttribute("data-secret",t)),e.contentWindow.postMessage({message:"ready",secret:t},"*")},!1)))}(window,document);
/* ]]> */
</script>

El entrenador de la Selección de Argentina, Lionel Scaloni, dio a conocer la lista definitiva de 26 jugadores con las que afrontará la Copa América, en la que defenderá el título logrado en 2021 en la recordada final ante Brasil. De la prelista inicial de 29 jugadores, fueron desconvocados el defensor central Leonardo Balerdi (Olympique [&hellip;]
