{"version":"1.0","provider_name":"","provider_url":"https:\/\/futbolhoy.co","title":"Mohamed Salah anunci\u00f3 hasta cu\u00e1ndo jugar\u00e1 con Liverpool -","type":"rich","width":600,"height":338,"html":"<blockquote class=\"wp-embedded-content\" data-secret=\"Zu5brWTWEh\"><a href=\"https:\/\/futbolhoy.co\/index.php\/2025\/01\/03\/mohamed-salah-anuncio-hasta-cuando-jugara-con-liverpool\/\">Mohamed Salah anunci\u00f3 hasta cu\u00e1ndo jugar\u00e1 con Liverpool<\/a><\/blockquote><iframe sandbox=\"allow-scripts\" security=\"restricted\" src=\"https:\/\/futbolhoy.co\/index.php\/2025\/01\/03\/mohamed-salah-anuncio-hasta-cuando-jugara-con-liverpool\/embed\/#?secret=Zu5brWTWEh\" width=\"600\" height=\"338\" title=\"\u00abMohamed Salah anunci\u00f3 hasta cu\u00e1ndo jugar\u00e1 con Liverpool\u00bb \u2014 \" data-secret=\"Zu5brWTWEh\" frameborder=\"0\" marginwidth=\"0\" marginheight=\"0\" scrolling=\"no\" class=\"wp-embedded-content\"><\/iframe><script type=\"text\/javascript\">\n\/* <![CDATA[ *\/\n\/*! This file is auto-generated *\/\n!function(d,l){\"use strict\";l.querySelector&&d.addEventListener&&\"undefined\"!=typeof URL&&(d.wp=d.wp||{},d.wp.receiveEmbedMessage||(d.wp.receiveEmbedMessage=function(e){var t=e.data;if((t||t.secret||t.message||t.value)&&!\/[^a-zA-Z0-9]\/.test(t.secret)){for(var s,r,n,a=l.querySelectorAll('iframe[data-secret=\"'+t.secret+'\"]'),o=l.querySelectorAll('blockquote[data-secret=\"'+t.secret+'\"]'),c=new RegExp(\"^https?:$\",\"i\"),i=0;i<o.length;i++)o[i].style.display=\"none\";for(i=0;i<a.length;i++)s=a[i],e.source===s.contentWindow&&(s.removeAttribute(\"style\"),\"height\"===t.message?(1e3<(r=parseInt(t.value,10))?r=1e3:~~r<200&&(r=200),s.height=r):\"link\"===t.message&&(r=new URL(s.getAttribute(\"src\")),n=new URL(t.value),c.test(n.protocol))&&n.host===r.host&&l.activeElement===s&&(d.top.location.href=t.value))}},d.addEventListener(\"message\",d.wp.receiveEmbedMessage,!1),l.addEventListener(\"DOMContentLoaded\",function(){for(var e,t,s=l.querySelectorAll(\"iframe.wp-embedded-content\"),r=0;r<s.length;r++)(t=(e=s[r]).getAttribute(\"data-secret\"))||(t=Math.random().toString(36).substring(2,12),e.src+=\"#?secret=\"+t,e.setAttribute(\"data-secret\",t)),e.contentWindow.postMessage({message:\"ready\",secret:t},\"*\")},!1)))}(window,document);\n\/* ]]> *\/\n<\/script>\n","thumbnail_url":"https:\/\/futbolhoy.co\/wp-content\/uploads\/2025\/01\/Captura-de-pantalla-2025-01-03-a-las-3.00.45\u202fp.-m-1024x678.png","thumbnail_width":1024,"thumbnail_height":678,"description":"Es un hecho, Mohamed Salah no continuar\u00e1 vistiendo la camiseta del Liverpool cuando finalice la actual temporada, as\u00ed lo confirm\u00f3 el egipcio en una entrevista con Sky Sports, donde el jugador tambi\u00e9n confes\u00f3 que no hay cercan\u00eda con las negociaciones que el club.\u00a0 Una de las m\u00e1ximas figuras del Liverpool anunci\u00f3 que la temporada 2024-2025 [&hellip;]"}

Mohamed Salah anunció hasta cuándo jugará con Liverpool -

<blockquote class="wp-embedded-content" data-secret="Zu5brWTWEh"><a href="https://futbolhoy.co/index.php/2025/01/03/mohamed-salah-anuncio-hasta-cuando-jugara-con-liverpool/">Mohamed Salah anunció hasta cuándo jugará con Liverpool</a></blockquote><iframe sandbox="allow-scripts" security="restricted" src="https://futbolhoy.co/index.php/2025/01/03/mohamed-salah-anuncio-hasta-cuando-jugara-con-liverpool/embed/#?secret=Zu5brWTWEh" width="600" height="338" title="«Mohamed Salah anunció hasta cuándo jugará con Liverpool» — " data-secret="Zu5brWTWEh" frameborder="0" marginwidth="0" marginheight="0" scrolling="no" class="wp-embedded-content"></iframe><script type="text/javascript">
/* <![CDATA[ */
/*! This file is auto-generated */
!function(d,l){"use strict";l.querySelector&&d.addEventListener&&"undefined"!=typeof URL&&(d.wp=d.wp||{},d.wp.receiveEmbedMessage||(d.wp.receiveEmbedMessage=function(e){var t=e.data;if((t||t.secret||t.message||t.value)&&!/[^a-zA-Z0-9]/.test(t.secret)){for(var s,r,n,a=l.querySelectorAll('iframe[data-secret="'+t.secret+'"]'),o=l.querySelectorAll('blockquote[data-secret="'+t.secret+'"]'),c=new RegExp("^https?:$","i"),i=0;i<o.length;i++)o[i].style.display="none";for(i=0;i<a.length;i++)s=a[i],e.source===s.contentWindow&&(s.removeAttribute("style"),"height"===t.message?(1e3<(r=parseInt(t.value,10))?r=1e3:~~r<200&&(r=200),s.height=r):"link"===t.message&&(r=new URL(s.getAttribute("src")),n=new URL(t.value),c.test(n.protocol))&&n.host===r.host&&l.activeElement===s&&(d.top.location.href=t.value))}},d.addEventListener("message",d.wp.receiveEmbedMessage,!1),l.addEventListener("DOMContentLoaded",function(){for(var e,t,s=l.querySelectorAll("iframe.wp-embedded-content"),r=0;r<s.length;r++)(t=(e=s[r]).getAttribute("data-secret"))||(t=Math.random().toString(36).substring(2,12),e.src+="#?secret="+t,e.setAttribute("data-secret",t)),e.contentWindow.postMessage({message:"ready",secret:t},"*")},!1)))}(window,document);
/* ]]> */
</script>

Es un hecho, Mohamed Salah no continuará vistiendo la camiseta del Liverpool cuando finalice la actual temporada, así lo confirmó el egipcio en una entrevista con Sky Sports, donde el jugador también confesó que no hay cercanía con las negociaciones que el club.  Una de las máximas figuras del Liverpool anunció que la temporada 2024-2025 [&hellip;]
