{"version":"1.0","provider_name":"","provider_url":"https:\/\/futbolhoy.co","title":"DT extranjero revela di\u00e1logos con Santa Fe -","type":"rich","width":600,"height":338,"html":"<blockquote class=\"wp-embedded-content\" data-secret=\"9FNjIQg4ZE\"><a href=\"https:\/\/futbolhoy.co\/index.php\/2025\/03\/07\/dt-extranjero-revela-dialogos-con-santa-fe\/\">DT extranjero revela di\u00e1logos con Santa Fe<\/a><\/blockquote><iframe sandbox=\"allow-scripts\" security=\"restricted\" src=\"https:\/\/futbolhoy.co\/index.php\/2025\/03\/07\/dt-extranjero-revela-dialogos-con-santa-fe\/embed\/#?secret=9FNjIQg4ZE\" width=\"600\" height=\"338\" title=\"\u00abDT extranjero revela di\u00e1logos con Santa Fe\u00bb \u2014 \" data-secret=\"9FNjIQg4ZE\" frameborder=\"0\" marginwidth=\"0\" marginheight=\"0\" scrolling=\"no\" class=\"wp-embedded-content\"><\/iframe><script type=\"text\/javascript\">\n\/* <![CDATA[ *\/\n\/*! This file is auto-generated *\/\n!function(d,l){\"use strict\";l.querySelector&&d.addEventListener&&\"undefined\"!=typeof URL&&(d.wp=d.wp||{},d.wp.receiveEmbedMessage||(d.wp.receiveEmbedMessage=function(e){var t=e.data;if((t||t.secret||t.message||t.value)&&!\/[^a-zA-Z0-9]\/.test(t.secret)){for(var s,r,n,a=l.querySelectorAll('iframe[data-secret=\"'+t.secret+'\"]'),o=l.querySelectorAll('blockquote[data-secret=\"'+t.secret+'\"]'),c=new RegExp(\"^https?:$\",\"i\"),i=0;i<o.length;i++)o[i].style.display=\"none\";for(i=0;i<a.length;i++)s=a[i],e.source===s.contentWindow&&(s.removeAttribute(\"style\"),\"height\"===t.message?(1e3<(r=parseInt(t.value,10))?r=1e3:~~r<200&&(r=200),s.height=r):\"link\"===t.message&&(r=new URL(s.getAttribute(\"src\")),n=new URL(t.value),c.test(n.protocol))&&n.host===r.host&&l.activeElement===s&&(d.top.location.href=t.value))}},d.addEventListener(\"message\",d.wp.receiveEmbedMessage,!1),l.addEventListener(\"DOMContentLoaded\",function(){for(var e,t,s=l.querySelectorAll(\"iframe.wp-embedded-content\"),r=0;r<s.length;r++)(t=(e=s[r]).getAttribute(\"data-secret\"))||(t=Math.random().toString(36).substring(2,12),e.src+=\"#?secret=\"+t,e.setAttribute(\"data-secret\",t)),e.contentWindow.postMessage({message:\"ready\",secret:t},\"*\")},!1)))}(window,document);\n\/* ]]> *\/\n<\/script>\n","thumbnail_url":"https:\/\/futbolhoy.co\/wp-content\/uploads\/2025\/03\/bava.jpg","thumbnail_width":920,"thumbnail_height":613,"description":"Independiente Santa Fe sigue sin anunciar al reemplazante de Pablo Peirano. Las directivas se encuentran trabajando en la contrataci\u00f3n del nuevo entrenador y, si bien no quieren que se filtre mucha informaci\u00f3n, un candidato revel\u00f3 que hay di\u00e1logos adelantados. Se trata del uruguyao Jorge Bava, quien ha tenido dos experiencias en la dirigencia t\u00e9cnica, en [&hellip;]"}

DT extranjero revela diálogos con Santa Fe -

<blockquote class="wp-embedded-content" data-secret="9FNjIQg4ZE"><a href="https://futbolhoy.co/index.php/2025/03/07/dt-extranjero-revela-dialogos-con-santa-fe/">DT extranjero revela diálogos con Santa Fe</a></blockquote><iframe sandbox="allow-scripts" security="restricted" src="https://futbolhoy.co/index.php/2025/03/07/dt-extranjero-revela-dialogos-con-santa-fe/embed/#?secret=9FNjIQg4ZE" width="600" height="338" title="«DT extranjero revela diálogos con Santa Fe» — " data-secret="9FNjIQg4ZE" frameborder="0" marginwidth="0" marginheight="0" scrolling="no" class="wp-embedded-content"></iframe><script type="text/javascript">
/* <![CDATA[ */
/*! This file is auto-generated */
!function(d,l){"use strict";l.querySelector&&d.addEventListener&&"undefined"!=typeof URL&&(d.wp=d.wp||{},d.wp.receiveEmbedMessage||(d.wp.receiveEmbedMessage=function(e){var t=e.data;if((t||t.secret||t.message||t.value)&&!/[^a-zA-Z0-9]/.test(t.secret)){for(var s,r,n,a=l.querySelectorAll('iframe[data-secret="'+t.secret+'"]'),o=l.querySelectorAll('blockquote[data-secret="'+t.secret+'"]'),c=new RegExp("^https?:$","i"),i=0;i<o.length;i++)o[i].style.display="none";for(i=0;i<a.length;i++)s=a[i],e.source===s.contentWindow&&(s.removeAttribute("style"),"height"===t.message?(1e3<(r=parseInt(t.value,10))?r=1e3:~~r<200&&(r=200),s.height=r):"link"===t.message&&(r=new URL(s.getAttribute("src")),n=new URL(t.value),c.test(n.protocol))&&n.host===r.host&&l.activeElement===s&&(d.top.location.href=t.value))}},d.addEventListener("message",d.wp.receiveEmbedMessage,!1),l.addEventListener("DOMContentLoaded",function(){for(var e,t,s=l.querySelectorAll("iframe.wp-embedded-content"),r=0;r<s.length;r++)(t=(e=s[r]).getAttribute("data-secret"))||(t=Math.random().toString(36).substring(2,12),e.src+="#?secret="+t,e.setAttribute("data-secret",t)),e.contentWindow.postMessage({message:"ready",secret:t},"*")},!1)))}(window,document);
/* ]]> */
</script>

Independiente Santa Fe sigue sin anunciar al reemplazante de Pablo Peirano. Las directivas se encuentran trabajando en la contratación del nuevo entrenador y, si bien no quieren que se filtre mucha información, un candidato reveló que hay diálogos adelantados. Se trata del uruguyao Jorge Bava, quien ha tenido dos experiencias en la dirigencia técnica, en [&hellip;]
