{"version":"1.0","provider_name":"","provider_url":"https:\/\/futbolhoy.co","title":"Chile, pr\u00e1cticamente eliminado, ratific\u00f3 a Ricardo Gareca -","type":"rich","width":600,"height":338,"html":"<blockquote class=\"wp-embedded-content\" data-secret=\"p64qFaIoiX\"><a href=\"https:\/\/futbolhoy.co\/index.php\/2025\/03\/28\/chile-practicamente-eliminado-ratifico-a-ricardo-gareca\/\">Chile, pr\u00e1cticamente eliminado, ratific\u00f3 a Ricardo Gareca<\/a><\/blockquote><iframe sandbox=\"allow-scripts\" security=\"restricted\" src=\"https:\/\/futbolhoy.co\/index.php\/2025\/03\/28\/chile-practicamente-eliminado-ratifico-a-ricardo-gareca\/embed\/#?secret=p64qFaIoiX\" width=\"600\" height=\"338\" title=\"\u00abChile, pr\u00e1cticamente eliminado, ratific\u00f3 a Ricardo Gareca\u00bb \u2014 \" data-secret=\"p64qFaIoiX\" frameborder=\"0\" marginwidth=\"0\" marginheight=\"0\" scrolling=\"no\" class=\"wp-embedded-content\"><\/iframe><script type=\"text\/javascript\">\n\/* <![CDATA[ *\/\n\/*! This file is auto-generated *\/\n!function(d,l){\"use strict\";l.querySelector&&d.addEventListener&&\"undefined\"!=typeof URL&&(d.wp=d.wp||{},d.wp.receiveEmbedMessage||(d.wp.receiveEmbedMessage=function(e){var t=e.data;if((t||t.secret||t.message||t.value)&&!\/[^a-zA-Z0-9]\/.test(t.secret)){for(var s,r,n,a=l.querySelectorAll('iframe[data-secret=\"'+t.secret+'\"]'),o=l.querySelectorAll('blockquote[data-secret=\"'+t.secret+'\"]'),c=new RegExp(\"^https?:$\",\"i\"),i=0;i<o.length;i++)o[i].style.display=\"none\";for(i=0;i<a.length;i++)s=a[i],e.source===s.contentWindow&&(s.removeAttribute(\"style\"),\"height\"===t.message?(1e3<(r=parseInt(t.value,10))?r=1e3:~~r<200&&(r=200),s.height=r):\"link\"===t.message&&(r=new URL(s.getAttribute(\"src\")),n=new URL(t.value),c.test(n.protocol))&&n.host===r.host&&l.activeElement===s&&(d.top.location.href=t.value))}},d.addEventListener(\"message\",d.wp.receiveEmbedMessage,!1),l.addEventListener(\"DOMContentLoaded\",function(){for(var e,t,s=l.querySelectorAll(\"iframe.wp-embedded-content\"),r=0;r<s.length;r++)(t=(e=s[r]).getAttribute(\"data-secret\"))||(t=Math.random().toString(36).substring(2,12),e.src+=\"#?secret=\"+t,e.setAttribute(\"data-secret\",t)),e.contentWindow.postMessage({message:\"ready\",secret:t},\"*\")},!1)))}(window,document);\n\/* ]]> *\/\n<\/script>\n","thumbnail_url":"https:\/\/futbolhoy.co\/wp-content\/uploads\/2025\/03\/Captura-de-pantalla-2025-03-28-a-las-5.50.07\u202fp.-m-1024x740.png","thumbnail_width":1024,"thumbnail_height":740,"description":"En medio de los rumores que daban por hecho la salida de Ricardo Gareca a la Selecci\u00f3n Chilena, este viernes el presidente de la Federaci\u00f3n de ese pa\u00eds, Pablo Milad, ratific\u00f3 en su cargo al entrenador argentino. \u201cLe preguntamos por la presi\u00f3n del estadio, no es f\u00e1cil vivirlo, ya nos ocurri\u00f3 con Berizzo. Est\u00e1 con [&hellip;]"}

Chile, prácticamente eliminado, ratificó a Ricardo Gareca -

<blockquote class="wp-embedded-content" data-secret="p64qFaIoiX"><a href="https://futbolhoy.co/index.php/2025/03/28/chile-practicamente-eliminado-ratifico-a-ricardo-gareca/">Chile, prácticamente eliminado, ratificó a Ricardo Gareca</a></blockquote><iframe sandbox="allow-scripts" security="restricted" src="https://futbolhoy.co/index.php/2025/03/28/chile-practicamente-eliminado-ratifico-a-ricardo-gareca/embed/#?secret=p64qFaIoiX" width="600" height="338" title="«Chile, prácticamente eliminado, ratificó a Ricardo Gareca» — " data-secret="p64qFaIoiX" frameborder="0" marginwidth="0" marginheight="0" scrolling="no" class="wp-embedded-content"></iframe><script type="text/javascript">
/* <![CDATA[ */
/*! This file is auto-generated */
!function(d,l){"use strict";l.querySelector&&d.addEventListener&&"undefined"!=typeof URL&&(d.wp=d.wp||{},d.wp.receiveEmbedMessage||(d.wp.receiveEmbedMessage=function(e){var t=e.data;if((t||t.secret||t.message||t.value)&&!/[^a-zA-Z0-9]/.test(t.secret)){for(var s,r,n,a=l.querySelectorAll('iframe[data-secret="'+t.secret+'"]'),o=l.querySelectorAll('blockquote[data-secret="'+t.secret+'"]'),c=new RegExp("^https?:$","i"),i=0;i<o.length;i++)o[i].style.display="none";for(i=0;i<a.length;i++)s=a[i],e.source===s.contentWindow&&(s.removeAttribute("style"),"height"===t.message?(1e3<(r=parseInt(t.value,10))?r=1e3:~~r<200&&(r=200),s.height=r):"link"===t.message&&(r=new URL(s.getAttribute("src")),n=new URL(t.value),c.test(n.protocol))&&n.host===r.host&&l.activeElement===s&&(d.top.location.href=t.value))}},d.addEventListener("message",d.wp.receiveEmbedMessage,!1),l.addEventListener("DOMContentLoaded",function(){for(var e,t,s=l.querySelectorAll("iframe.wp-embedded-content"),r=0;r<s.length;r++)(t=(e=s[r]).getAttribute("data-secret"))||(t=Math.random().toString(36).substring(2,12),e.src+="#?secret="+t,e.setAttribute("data-secret",t)),e.contentWindow.postMessage({message:"ready",secret:t},"*")},!1)))}(window,document);
/* ]]> */
</script>

En medio de los rumores que daban por hecho la salida de Ricardo Gareca a la Selección Chilena, este viernes el presidente de la Federación de ese país, Pablo Milad, ratificó en su cargo al entrenador argentino. “Le preguntamos por la presión del estadio, no es fácil vivirlo, ya nos ocurrió con Berizzo. Está con [&hellip;]
