{"version":"1.0","provider_name":"","provider_url":"https:\/\/futbolhoy.co","title":"Duv\u00e1n Vergara fue presentado en Racing -","type":"rich","width":600,"height":338,"html":"<blockquote class=\"wp-embedded-content\" data-secret=\"g2xBH2ROcD\"><a href=\"https:\/\/futbolhoy.co\/index.php\/2025\/06\/25\/duvan-vergara-fue-presentado-en-racing\/\">Duv\u00e1n Vergara fue presentado en Racing<\/a><\/blockquote><iframe sandbox=\"allow-scripts\" security=\"restricted\" src=\"https:\/\/futbolhoy.co\/index.php\/2025\/06\/25\/duvan-vergara-fue-presentado-en-racing\/embed\/#?secret=g2xBH2ROcD\" width=\"600\" height=\"338\" title=\"\u00abDuv\u00e1n Vergara fue presentado en Racing\u00bb \u2014 \" data-secret=\"g2xBH2ROcD\" frameborder=\"0\" marginwidth=\"0\" marginheight=\"0\" scrolling=\"no\" class=\"wp-embedded-content\"><\/iframe><script type=\"text\/javascript\">\n\/* <![CDATA[ *\/\n\/*! This file is auto-generated *\/\n!function(d,l){\"use strict\";l.querySelector&&d.addEventListener&&\"undefined\"!=typeof URL&&(d.wp=d.wp||{},d.wp.receiveEmbedMessage||(d.wp.receiveEmbedMessage=function(e){var t=e.data;if((t||t.secret||t.message||t.value)&&!\/[^a-zA-Z0-9]\/.test(t.secret)){for(var s,r,n,a=l.querySelectorAll('iframe[data-secret=\"'+t.secret+'\"]'),o=l.querySelectorAll('blockquote[data-secret=\"'+t.secret+'\"]'),c=new RegExp(\"^https?:$\",\"i\"),i=0;i<o.length;i++)o[i].style.display=\"none\";for(i=0;i<a.length;i++)s=a[i],e.source===s.contentWindow&&(s.removeAttribute(\"style\"),\"height\"===t.message?(1e3<(r=parseInt(t.value,10))?r=1e3:~~r<200&&(r=200),s.height=r):\"link\"===t.message&&(r=new URL(s.getAttribute(\"src\")),n=new URL(t.value),c.test(n.protocol))&&n.host===r.host&&l.activeElement===s&&(d.top.location.href=t.value))}},d.addEventListener(\"message\",d.wp.receiveEmbedMessage,!1),l.addEventListener(\"DOMContentLoaded\",function(){for(var e,t,s=l.querySelectorAll(\"iframe.wp-embedded-content\"),r=0;r<s.length;r++)(t=(e=s[r]).getAttribute(\"data-secret\"))||(t=Math.random().toString(36).substring(2,12),e.src+=\"#?secret=\"+t,e.setAttribute(\"data-secret\",t)),e.contentWindow.postMessage({message:\"ready\",secret:t},\"*\")},!1)))}(window,document);\n\/* ]]> *\/\n<\/script>\n","thumbnail_url":"https:\/\/futbolhoy.co\/wp-content\/uploads\/2025\/06\/IMG_4309.jpeg","thumbnail_width":1179,"thumbnail_height":1015,"description":"Duv\u00e1n Vergara fue presentado este mi\u00e9rcoles como nuevo jugador de Racing de Avellaneda, quien adquiri\u00f3 todo su pase. El futbolista de 28 a\u00f1os firm\u00f3 contrato hasta diciembre de 2028. El extremo de 28 a\u00f1os regresa al f\u00fatbol argentino, luego de tener un breve paso en 2019 por Rosario Central. All\u00ed disput\u00f3 apenas 8 partidos y [&hellip;]"}

Duván Vergara fue presentado en Racing -

<blockquote class="wp-embedded-content" data-secret="g2xBH2ROcD"><a href="https://futbolhoy.co/index.php/2025/06/25/duvan-vergara-fue-presentado-en-racing/">Duván Vergara fue presentado en Racing</a></blockquote><iframe sandbox="allow-scripts" security="restricted" src="https://futbolhoy.co/index.php/2025/06/25/duvan-vergara-fue-presentado-en-racing/embed/#?secret=g2xBH2ROcD" width="600" height="338" title="«Duván Vergara fue presentado en Racing» — " data-secret="g2xBH2ROcD" frameborder="0" marginwidth="0" marginheight="0" scrolling="no" class="wp-embedded-content"></iframe><script type="text/javascript">
/* <![CDATA[ */
/*! This file is auto-generated */
!function(d,l){"use strict";l.querySelector&&d.addEventListener&&"undefined"!=typeof URL&&(d.wp=d.wp||{},d.wp.receiveEmbedMessage||(d.wp.receiveEmbedMessage=function(e){var t=e.data;if((t||t.secret||t.message||t.value)&&!/[^a-zA-Z0-9]/.test(t.secret)){for(var s,r,n,a=l.querySelectorAll('iframe[data-secret="'+t.secret+'"]'),o=l.querySelectorAll('blockquote[data-secret="'+t.secret+'"]'),c=new RegExp("^https?:$","i"),i=0;i<o.length;i++)o[i].style.display="none";for(i=0;i<a.length;i++)s=a[i],e.source===s.contentWindow&&(s.removeAttribute("style"),"height"===t.message?(1e3<(r=parseInt(t.value,10))?r=1e3:~~r<200&&(r=200),s.height=r):"link"===t.message&&(r=new URL(s.getAttribute("src")),n=new URL(t.value),c.test(n.protocol))&&n.host===r.host&&l.activeElement===s&&(d.top.location.href=t.value))}},d.addEventListener("message",d.wp.receiveEmbedMessage,!1),l.addEventListener("DOMContentLoaded",function(){for(var e,t,s=l.querySelectorAll("iframe.wp-embedded-content"),r=0;r<s.length;r++)(t=(e=s[r]).getAttribute("data-secret"))||(t=Math.random().toString(36).substring(2,12),e.src+="#?secret="+t,e.setAttribute("data-secret",t)),e.contentWindow.postMessage({message:"ready",secret:t},"*")},!1)))}(window,document);
/* ]]> */
</script>

Duván Vergara fue presentado este miércoles como nuevo jugador de Racing de Avellaneda, quien adquirió todo su pase. El futbolista de 28 años firmó contrato hasta diciembre de 2028. El extremo de 28 años regresa al fútbol argentino, luego de tener un breve paso en 2019 por Rosario Central. Allí disputó apenas 8 partidos y [&hellip;]
